{"id":34,"date":"2018-02-20T12:22:07","date_gmt":"2018-02-20T12:22:07","guid":{"rendered":"https:\/\/blogsaverroes.juntadeandalucia.es\/educainternet\/?page_id=34"},"modified":"2018-05-04T09:01:35","modified_gmt":"2018-05-04T09:01:35","slug":"macmillan","status":"publish","type":"page","link":"https:\/\/blogsaverroes.juntadeandalucia.es\/educainternet\/macmillan\/","title":{"rendered":"Macmillan Espa\u00f1ol"},"content":{"rendered":"<table style=\"height: 765px;width: 903px\">\n<tbody>\n<tr style=\"height: 1px\">\n<td style=\"width: 307px;height: 1px\" colspan=\"3\">\n<p style=\"text-align: center\">Una iniciativa que busca concienciar a toda la comunidad educativa, sobre los riesgos del uso indebido de internet y las nuevas tecnolog\u00edas entre los j\u00f3venes.<\/p>\n<\/td>\n<td style=\"width: 23px;height: 1px\">&nbsp;<\/td>\n<\/tr>\n<tr style=\"height: 219px\">\n<td style=\"width: 307px;height: 219px\"><img loading=\"lazy\" decoding=\"async\" class=\"alignnone size-full wp-image-210\" src=\"https:\/\/blogsaverroes.juntadeandalucia.es\/educainternet\/files\/2018\/02\/modulo-1-Mcmilan.jpg\" alt=\"\" height=\"88\" width=\"118\" srcset=\"https:\/\/blogsaverroes.juntadeandalucia.es\/educainternet\/files\/2018\/02\/modulo-1-Mcmilan.jpg 118w, https:\/\/blogsaverroes.juntadeandalucia.es\/educainternet\/files\/2018\/02\/modulo-1-Mcmilan-24x18.jpg 24w, https:\/\/blogsaverroes.juntadeandalucia.es\/educainternet\/files\/2018\/02\/modulo-1-Mcmilan-36x27.jpg 36w, https:\/\/blogsaverroes.juntadeandalucia.es\/educainternet\/files\/2018\/02\/modulo-1-Mcmilan-48x36.jpg 48w\" sizes=\"(max-width: 118px) 100vw, 118px\" \/><\/p>\n<p><a href=\"https:\/\/blogsaverroes.juntadeandalucia.es\/educainternet\/files\/2018\/02\/CONCURSO_EDUCAINTERNET_MODULO_01_IMPRESO_ALUMNOS.pdf\" target=\"_blank\" rel=\"noopener\">Alumnos<\/a><\/p>\n<p><a href=\"https:\/\/blogsaverroes.juntadeandalucia.es\/educainternet\/files\/2018\/02\/CONCURSO_EDUCAINTERNET_MODULO_01_IMPRESO_ALUMNOS.pdf\">Profesores<\/a><\/p>\n<p><a href=\"https:\/\/www.youtube.com\/watch?v=3aUxg7PXoFg\" target=\"_blank\" rel=\"noopener\">Video-Divi\u00e9rtete con seguridad jugando online<\/a><\/td>\n<td style=\"width: 209.967px;height: 219px\"><img loading=\"lazy\" decoding=\"async\" class=\"alignnone size-full wp-image-220\" src=\"https:\/\/blogsaverroes.juntadeandalucia.es\/educainternet\/files\/2018\/02\/modulo-2-Mcmilan.jpg\" alt=\"\" height=\"88\" width=\"119\" srcset=\"https:\/\/blogsaverroes.juntadeandalucia.es\/educainternet\/files\/2018\/02\/modulo-2-Mcmilan.jpg 119w, https:\/\/blogsaverroes.juntadeandalucia.es\/educainternet\/files\/2018\/02\/modulo-2-Mcmilan-24x18.jpg 24w, https:\/\/blogsaverroes.juntadeandalucia.es\/educainternet\/files\/2018\/02\/modulo-2-Mcmilan-36x27.jpg 36w, https:\/\/blogsaverroes.juntadeandalucia.es\/educainternet\/files\/2018\/02\/modulo-2-Mcmilan-48x35.jpg 48w\" sizes=\"(max-width: 119px) 100vw, 119px\" \/><\/p>\n<p><a href=\"https:\/\/blogsaverroes.juntadeandalucia.es\/educainternet\/files\/2018\/02\/MODULO_02_CHATEA_CON_EDUCACION_ALUMNOS_IMPRESION.pdf\" target=\"_blank\" rel=\"noopener\">Alumnos<\/a><\/p>\n<p><a href=\"https:\/\/blogsaverroes.juntadeandalucia.es\/educainternet\/files\/2018\/02\/MODULO2_PROFESORES_IMPRIMIR_ESPA\u00d1OL.pdf\" target=\"_blank\" rel=\"noopener\">Profesores<\/a><\/p>\n<p><a href=\"https:\/\/www.youtube.com\/watch?v=AS6TZXJATuE\" target=\"_blank\" rel=\"noopener\">Video-Chatea con educaci\u00f3n<\/a><\/td>\n<td style=\"width: 316.033px;height: 219px\"><img loading=\"lazy\" decoding=\"async\" class=\"alignnone size-full wp-image-234\" src=\"https:\/\/blogsaverroes.juntadeandalucia.es\/educainternet\/files\/2018\/02\/modulo-3-Mcmilan.jpg\" alt=\"\" height=\"88\" width=\"118\" srcset=\"https:\/\/blogsaverroes.juntadeandalucia.es\/educainternet\/files\/2018\/02\/modulo-3-Mcmilan.jpg 118w, https:\/\/blogsaverroes.juntadeandalucia.es\/educainternet\/files\/2018\/02\/modulo-3-Mcmilan-24x18.jpg 24w, https:\/\/blogsaverroes.juntadeandalucia.es\/educainternet\/files\/2018\/02\/modulo-3-Mcmilan-36x27.jpg 36w, https:\/\/blogsaverroes.juntadeandalucia.es\/educainternet\/files\/2018\/02\/modulo-3-Mcmilan-48x36.jpg 48w\" sizes=\"(max-width: 118px) 100vw, 118px\" \/><\/p>\n<p><a href=\"https:\/\/blogsaverroes.juntadeandalucia.es\/educainternet\/files\/2018\/02\/MODULO3_ALUMNOS_IMPRIMIR_ESPA\u00d1OL.pdf\" target=\"_blank\" rel=\"noopener\">Alumnos<\/a><\/p>\n<p><a href=\"https:\/\/blogsaverroes.juntadeandalucia.es\/educainternet\/files\/2018\/02\/MODULO3_PROFESORES_IMPRIMIR_ESPA\u00d1OL.pdf\" target=\"_blank\" rel=\"noopener\">Profesores<\/a><\/p>\n<p><a href=\"https:\/\/www.youtube.com\/watch?v=sgvDAXOcIMQ\" target=\"_blank\" rel=\"noopener\">Video-Usa tu dispositivo con cabeza<\/a><\/td>\n<td style=\"width: 23px;height: 219px\">&nbsp;<\/td>\n<\/tr>\n<tr style=\"height: 223px\">\n<td style=\"width: 307px;height: 223px\"><a href=\"https:\/\/blogsaverroes.juntadeandalucia.es\/educainternet\/files\/2018\/02\/MODULO_4_ABRE_BIEN_LOS_OJOS_EN_LA_RED_ALUMNOS_IMPRESION_ESPA\u00d1OL.pdf\"><img loading=\"lazy\" decoding=\"async\" class=\"alignnone size-full wp-image-235\" src=\"https:\/\/blogsaverroes.juntadeandalucia.es\/educainternet\/files\/2018\/02\/modulo-4-Mcmilan.jpg\" alt=\"\" height=\"88\" width=\"119\" srcset=\"https:\/\/blogsaverroes.juntadeandalucia.es\/educainternet\/files\/2018\/02\/modulo-4-Mcmilan.jpg 119w, https:\/\/blogsaverroes.juntadeandalucia.es\/educainternet\/files\/2018\/02\/modulo-4-Mcmilan-24x18.jpg 24w, https:\/\/blogsaverroes.juntadeandalucia.es\/educainternet\/files\/2018\/02\/modulo-4-Mcmilan-36x27.jpg 36w, https:\/\/blogsaverroes.juntadeandalucia.es\/educainternet\/files\/2018\/02\/modulo-4-Mcmilan-48x35.jpg 48w\" sizes=\"(max-width: 119px) 100vw, 119px\" \/><\/a><\/p>\n<p><a href=\"https:\/\/blogsaverroes.juntadeandalucia.es\/educainternet\/files\/2018\/02\/MODULO_4_ABRE_BIEN_LOS_OJOS_EN_LA_RED_ALUMNOS_IMPRESION_ESPA\u00d1OL.pdf\" target=\"_blank\" rel=\"noopener\">Alumnos<\/a><\/p>\n<p><a href=\"https:\/\/blogsaverroes.juntadeandalucia.es\/educainternet\/files\/2018\/02\/MODULO_4_ABRE_BIEN_LOS_OJOS_EN_LA_RED_PROFESOR_IMPRESION_ESPA\u00d1OL.pdf\" target=\"_blank\" rel=\"noopener\">Profesores<\/a><\/p>\n<p>&nbsp;<\/td>\n<td style=\"width: 209.967px;height: 223px\"><a href=\"https:\/\/blogsaverroes.juntadeandalucia.es\/educainternet\/files\/2018\/02\/MODULO_4_ABRE_BIEN_LOS_OJOS_EN_LA_RED_PROFESOR_IMPRESION_ESPA\u00d1OL.pdf\"><img loading=\"lazy\" decoding=\"async\" class=\"alignnone size-full wp-image-236\" src=\"https:\/\/blogsaverroes.juntadeandalucia.es\/educainternet\/files\/2018\/02\/modulo-5-Mcmilan.jpg\" alt=\"\" height=\"88\" width=\"118\" srcset=\"https:\/\/blogsaverroes.juntadeandalucia.es\/educainternet\/files\/2018\/02\/modulo-5-Mcmilan.jpg 118w, https:\/\/blogsaverroes.juntadeandalucia.es\/educainternet\/files\/2018\/02\/modulo-5-Mcmilan-24x18.jpg 24w, https:\/\/blogsaverroes.juntadeandalucia.es\/educainternet\/files\/2018\/02\/modulo-5-Mcmilan-36x27.jpg 36w, https:\/\/blogsaverroes.juntadeandalucia.es\/educainternet\/files\/2018\/02\/modulo-5-Mcmilan-48x36.jpg 48w\" sizes=\"(max-width: 118px) 100vw, 118px\" \/><\/a><\/p>\n<p><a href=\"https:\/\/blogsaverroes.juntadeandalucia.es\/educainternet\/files\/2018\/02\/MODULO_5_PROFESOR_IMPRIMIR_ESPA\u00d1OL.pdf\" target=\"_blank\" rel=\"noopener\">Alumnos<\/a><\/p>\n<p><a href=\"https:\/\/blogsaverroes.juntadeandalucia.es\/educainternet\/files\/2018\/02\/MODULO_5_PROFESOR_IMPRIMIR_ESPA\u00d1OL.pdf\" target=\"_blank\" rel=\"noopener\">Profesores<\/a><\/p>\n<p><a href=\"https:\/\/www.youtube.com\/watch?v=KWKhWv4pfSk\" target=\"_blank\" rel=\"noopener\">Video-Navega con salvavidas<\/a><\/td>\n<td style=\"width: 316.033px;height: 223px\"><img loading=\"lazy\" decoding=\"async\" class=\"alignnone size-full wp-image-237\" src=\"https:\/\/blogsaverroes.juntadeandalucia.es\/educainternet\/files\/2018\/02\/modulo-6-Mcmilan.jpg\" alt=\"\" height=\"89\" width=\"118\" srcset=\"https:\/\/blogsaverroes.juntadeandalucia.es\/educainternet\/files\/2018\/02\/modulo-6-Mcmilan.jpg 118w, https:\/\/blogsaverroes.juntadeandalucia.es\/educainternet\/files\/2018\/02\/modulo-6-Mcmilan-24x18.jpg 24w, https:\/\/blogsaverroes.juntadeandalucia.es\/educainternet\/files\/2018\/02\/modulo-6-Mcmilan-36x27.jpg 36w, https:\/\/blogsaverroes.juntadeandalucia.es\/educainternet\/files\/2018\/02\/modulo-6-Mcmilan-48x36.jpg 48w\" sizes=\"(max-width: 118px) 100vw, 118px\" \/><\/p>\n<p><a href=\"https:\/\/blogsaverroes.juntadeandalucia.es\/educainternet\/files\/2018\/02\/M\u00d3DULO_06_ALUMNOS_IMPRESI\u00d3N_ESPA\u00d1OL.pdf\" target=\"_blank\" rel=\"noopener\">Alumnos<\/a><\/p>\n<p><a href=\"https:\/\/blogsaverroes.juntadeandalucia.es\/educainternet\/files\/2018\/02\/M\u00d3DULO_06_PROFESOR_IMPRESI\u00d3N_ESPA\u00d1OL.pdf\" target=\"_blank\" rel=\"noopener\">Profesores<\/a><\/p>\n<p><a href=\"http:\/\/www.youtube.com\/watch?v=aflh0CesiH8\" target=\"_blank\" rel=\"noopener\">Video-No te enredes en las redes<\/a><\/td>\n<td style=\"width: 23px;height: 223px\">&nbsp;<\/td>\n<\/tr>\n<\/tbody>\n<\/table>\n<p>&nbsp;<\/p>\n","protected":false},"excerpt":{"rendered":"<p>Una iniciativa que busca concienciar a toda la comunidad educativa, sobre los riesgos del uso indebido de internet y las nuevas tecnolog\u00edas entre los j\u00f3venes. &nbsp; Alumnos Profesores Video-Divi\u00e9rtete con seguridad jugando online Alumnos&#46;&#46;&#46;<\/p>\n","protected":false},"author":5813,"featured_media":0,"parent":0,"menu_order":0,"comment_status":"closed","ping_status":"closed","template":"","meta":{"ngg_post_thumbnail":0,"footnotes":""},"aioseo_notices":[],"_links":{"self":[{"href":"https:\/\/blogsaverroes.juntadeandalucia.es\/educainternet\/wp-json\/wp\/v2\/pages\/34"}],"collection":[{"href":"https:\/\/blogsaverroes.juntadeandalucia.es\/educainternet\/wp-json\/wp\/v2\/pages"}],"about":[{"href":"https:\/\/blogsaverroes.juntadeandalucia.es\/educainternet\/wp-json\/wp\/v2\/types\/page"}],"author":[{"embeddable":true,"href":"https:\/\/blogsaverroes.juntadeandalucia.es\/educainternet\/wp-json\/wp\/v2\/users\/5813"}],"replies":[{"embeddable":true,"href":"https:\/\/blogsaverroes.juntadeandalucia.es\/educainternet\/wp-json\/wp\/v2\/comments?post=34"}],"version-history":[{"count":30,"href":"https:\/\/blogsaverroes.juntadeandalucia.es\/educainternet\/wp-json\/wp\/v2\/pages\/34\/revisions"}],"predecessor-version":[{"id":681,"href":"https:\/\/blogsaverroes.juntadeandalucia.es\/educainternet\/wp-json\/wp\/v2\/pages\/34\/revisions\/681"}],"wp:attachment":[{"href":"https:\/\/blogsaverroes.juntadeandalucia.es\/educainternet\/wp-json\/wp\/v2\/media?parent=34"}],"curies":[{"name":"wp","href":"https:\/\/api.w.org\/{rel}","templated":true}]}}