{"id":406,"date":"2018-03-16T09:32:32","date_gmt":"2018-03-16T09:32:32","guid":{"rendered":"https:\/\/blogsaverroes.juntadeandalucia.es\/educainternet\/?page_id=406"},"modified":"2018-04-25T11:16:10","modified_gmt":"2018-04-25T11:16:10","slug":"fraudes-informaticos","status":"publish","type":"page","link":"https:\/\/blogsaverroes.juntadeandalucia.es\/educainternet\/fraudes-informaticos\/","title":{"rendered":"Fraudes Inform\u00e1ticos"},"content":{"rendered":"<p>&nbsp;<\/p>\n<p>Un fraude inform\u00e1tico o ciberdelito es toda aquella acci\u00f3n antijur\u00eddica y culpable a trav\u00e9s de v\u00edas inform\u00e1ticas o que tiene como objetivo destruir y da\u00f1ar ordenadores, medios electr\u00f3nicos y redes de Internet.<\/p>\n<p>&nbsp;<\/p>\n<p>&nbsp;<\/p>\n<p><img loading=\"lazy\" decoding=\"async\" class=\"alignnone size-full wp-image-443\" src=\"https:\/\/blogsaverroes.juntadeandalucia.es\/educainternet\/files\/2018\/03\/fraude-informatico.jpg\" alt=\"\" height=\"469\" width=\"646\" srcset=\"https:\/\/blogsaverroes.juntadeandalucia.es\/educainternet\/files\/2018\/03\/fraude-informatico.jpg 646w, https:\/\/blogsaverroes.juntadeandalucia.es\/educainternet\/files\/2018\/03\/fraude-informatico-300x218.jpg 300w, https:\/\/blogsaverroes.juntadeandalucia.es\/educainternet\/files\/2018\/03\/fraude-informatico-24x17.jpg 24w, https:\/\/blogsaverroes.juntadeandalucia.es\/educainternet\/files\/2018\/03\/fraude-informatico-36x26.jpg 36w, https:\/\/blogsaverroes.juntadeandalucia.es\/educainternet\/files\/2018\/03\/fraude-informatico-48x35.jpg 48w\" sizes=\"(max-width: 646px) 100vw, 646px\" \/><\/p>\n<p>En los siguientes v\u00eddeos se explicara lo que es un fraude inform\u00e1tico, tipos de fraudes y como se pueden originar.<\/p>\n<p>&nbsp;<\/p>\n<p><iframe loading=\"lazy\" width=\"500\" height=\"281\" src=\"https:\/\/www.youtube.com\/embed\/F-v6Z9ktRX0?feature=oembed&#038;wmode=opaque\" frameborder=\"0\" allow=\"autoplay; encrypted-media\" allowfullscreen><\/iframe><\/p>\n<p>&nbsp;<\/p>\n<p>En este v\u00eddeos ver\u00e9is unos cuantos consejos para prevenir fraudes inform\u00e1ticos.<\/p>\n<p><iframe loading=\"lazy\" width=\"500\" height=\"375\" src=\"https:\/\/www.youtube.com\/embed\/ZQlqKUoc6XM?feature=oembed&#038;wmode=opaque\" frameborder=\"0\" allow=\"autoplay; encrypted-media\" allowfullscreen><\/iframe><\/p>\n<p>&nbsp;<\/p>\n<p>Desde el 2016, la Fiscal\u00eda y la Polic\u00eda vienen reportando el incremento de los delitos perpetrados en la red, incluso por bandas establecidas en otros pa\u00edses.Entre los casos que ya se han denunciado en la \u00faltima semana est\u00e1 el de una empresa del norte de Bogot\u00e1, a la que le encriptaron toda la informaci\u00f3n de su contabilidad y le piden una fuerte suma de dinero para entregar las nuevas claves que permitan acceder a la informaci\u00f3n.<\/p>\n<p>Aunque cada vez es m\u00e1s frecuente el robo de datos a trav\u00e9s de programas maliciosos, muchos incautos siguen entregando datos claves, como cada vez se realizan m\u00e1s operaciones bancarias desde los tel\u00e9fonos m\u00f3viles, los ladrones han encontrado all\u00ed una lucrativa fuente de ingresos.<\/p>\n<p>&nbsp;<\/p>\n<p><strong>Noticia:<\/strong><\/p>\n<h1 class=\"titulo\">15 empresas de la banca y la industria fueron afectadas por nuevo ciberataque<\/h1>\n<p>El director de la empresa de ciberseguridad Digiwere, Andr\u00e9s Galindo. afirm\u00f3 que cerca de 15 empresas son v\u00edctimas del ciberataque, empresas y gobiernos de medio mundo viven con inquietud del nuevo ciberataque mundial, que de acuerdo con la oficina de polic\u00eda europea (Europol) a\u00fan no ha sido detenido.<\/p>\n","protected":false},"excerpt":{"rendered":"<p>&nbsp; Un fraude inform\u00e1tico o ciberdelito es toda aquella acci\u00f3n antijur\u00eddica y culpable a trav\u00e9s de v\u00edas inform\u00e1ticas o que tiene como objetivo destruir y da\u00f1ar ordenadores, medios electr\u00f3nicos y redes de Internet. &nbsp;&#46;&#46;&#46;<\/p>\n","protected":false},"author":5813,"featured_media":0,"parent":0,"menu_order":0,"comment_status":"closed","ping_status":"closed","template":"","meta":{"ngg_post_thumbnail":0,"footnotes":""},"aioseo_notices":[],"_links":{"self":[{"href":"https:\/\/blogsaverroes.juntadeandalucia.es\/educainternet\/wp-json\/wp\/v2\/pages\/406"}],"collection":[{"href":"https:\/\/blogsaverroes.juntadeandalucia.es\/educainternet\/wp-json\/wp\/v2\/pages"}],"about":[{"href":"https:\/\/blogsaverroes.juntadeandalucia.es\/educainternet\/wp-json\/wp\/v2\/types\/page"}],"author":[{"embeddable":true,"href":"https:\/\/blogsaverroes.juntadeandalucia.es\/educainternet\/wp-json\/wp\/v2\/users\/5813"}],"replies":[{"embeddable":true,"href":"https:\/\/blogsaverroes.juntadeandalucia.es\/educainternet\/wp-json\/wp\/v2\/comments?post=406"}],"version-history":[{"count":12,"href":"https:\/\/blogsaverroes.juntadeandalucia.es\/educainternet\/wp-json\/wp\/v2\/pages\/406\/revisions"}],"predecessor-version":[{"id":604,"href":"https:\/\/blogsaverroes.juntadeandalucia.es\/educainternet\/wp-json\/wp\/v2\/pages\/406\/revisions\/604"}],"wp:attachment":[{"href":"https:\/\/blogsaverroes.juntadeandalucia.es\/educainternet\/wp-json\/wp\/v2\/media?parent=406"}],"curies":[{"name":"wp","href":"https:\/\/api.w.org\/{rel}","templated":true}]}}