{"id":705,"date":"2018-05-22T11:36:14","date_gmt":"2018-05-22T11:36:14","guid":{"rendered":"https:\/\/blogsaverroes.juntadeandalucia.es\/educainternet\/?page_id=705"},"modified":"2019-03-20T12:27:09","modified_gmt":"2019-03-20T12:27:09","slug":"catalogo-de-recursos","status":"publish","type":"page","link":"https:\/\/blogsaverroes.juntadeandalucia.es\/educainternet\/catalogo-de-recursos\/","title":{"rendered":"Cat\u00e1logo de recursos"},"content":{"rendered":"<table style=\"height: 216px;width: 800.533px\">\n<tbody>\n<tr style=\"height: 188px\">\n<td style=\"width: 790px;text-align: center;height: 188px\"><a href=\"https:\/\/www.is4k.es\/de-utilidad\/recursos\" target=\"_blank\" rel=\"noopener\"><img loading=\"lazy\" decoding=\"async\" class=\"aligncenter wp-image-713 size-full\" title=\"Cat\u00e1logo de recursos\" src=\"https:\/\/blogsaverroes.juntadeandalucia.es\/educainternet\/files\/2018\/05\/69-1.png\" alt=\"\" width=\"277\" height=\"217\" srcset=\"https:\/\/blogsaverroes.juntadeandalucia.es\/educainternet\/files\/2018\/05\/69-1.png 277w, https:\/\/blogsaverroes.juntadeandalucia.es\/educainternet\/files\/2018\/05\/69-1-24x19.png 24w, https:\/\/blogsaverroes.juntadeandalucia.es\/educainternet\/files\/2018\/05\/69-1-36x28.png 36w, https:\/\/blogsaverroes.juntadeandalucia.es\/educainternet\/files\/2018\/05\/69-1-48x38.png 48w\" sizes=\"(max-width: 277px) 100vw, 277px\" \/><\/a><a href=\"https:\/\/www.is4k.es\/de-utilidad\/recursos\" target=\"_blank\" rel=\"noopener\">Cat\u00e1logo de recursos<\/a><\/td>\n<td style=\"width: 790.533px;text-align: center;height: 188px\"><a href=\"https:\/\/cyberscouts.osi.es\/\" target=\"_blank\" rel=\"noopener\"><img loading=\"lazy\" decoding=\"async\" class=\"alignnone wp-image-726 size-large\" title=\"Juego Cyberscouts\" src=\"https:\/\/blogsaverroes.juntadeandalucia.es\/educainternet\/files\/2018\/05\/99999-1024x481.jpeg\" alt=\"\" width=\"1024\" height=\"481\" srcset=\"https:\/\/blogsaverroes.juntadeandalucia.es\/educainternet\/files\/2018\/05\/99999-1024x481.jpeg 1024w, https:\/\/blogsaverroes.juntadeandalucia.es\/educainternet\/files\/2018\/05\/99999-300x141.jpeg 300w, https:\/\/blogsaverroes.juntadeandalucia.es\/educainternet\/files\/2018\/05\/99999-768x361.jpeg 768w, https:\/\/blogsaverroes.juntadeandalucia.es\/educainternet\/files\/2018\/05\/99999-520x245.jpeg 520w, https:\/\/blogsaverroes.juntadeandalucia.es\/educainternet\/files\/2018\/05\/99999-24x11.jpeg 24w, https:\/\/blogsaverroes.juntadeandalucia.es\/educainternet\/files\/2018\/05\/99999-36x17.jpeg 36w, https:\/\/blogsaverroes.juntadeandalucia.es\/educainternet\/files\/2018\/05\/99999-48x23.jpeg 48w, https:\/\/blogsaverroes.juntadeandalucia.es\/educainternet\/files\/2018\/05\/99999.jpeg 1170w\" sizes=\"(max-width: 1024px) 100vw, 1024px\" \/><\/a><a href=\"https:\/\/cyberscouts.osi.es\/\" target=\"_blank\" rel=\"noopener\">Juego Cyberscouts<\/a><\/td>\n<\/tr>\n<tr style=\"height: 188px\">\n<td style=\"width: 1580.53px;text-align: center;height: 188px\" colspan=\"2\">\n<p style=\"text-align: justify\"><span class=\"ILfuVd yZ8quc\">Internet Segura for Kids (<b>IS4K<\/b>) es el Centro de Seguridad en Internet para menores de edad en Espa\u00f1a y tiene por objetivo la promoci\u00f3n del uso seguro y responsable de Internet y las nuevas tecnolog\u00edas entre los ni\u00f1os y adolescentes. <\/span><\/p>\n<p style=\"text-align: justify\"><span class=\"ILfuVd yZ8quc\">Organiza el D\u00eda de la Internet Segura (Safer Internet Day) en Espa\u00f1a.<\/span><\/p>\n<\/td>\n<\/tr>\n<\/tbody>\n<\/table>\n<p>&nbsp;<\/p>\n","protected":false},"excerpt":{"rendered":"<p>Cat\u00e1logo de recursos Juego Cyberscouts Internet Segura for Kids (IS4K) es el Centro de Seguridad en Internet para menores de edad en Espa\u00f1a y tiene por objetivo la promoci\u00f3n del uso seguro y responsable&#46;&#46;&#46;<\/p>\n","protected":false},"author":5813,"featured_media":0,"parent":0,"menu_order":0,"comment_status":"closed","ping_status":"closed","template":"","meta":{"ngg_post_thumbnail":0,"footnotes":""},"aioseo_notices":[],"_links":{"self":[{"href":"https:\/\/blogsaverroes.juntadeandalucia.es\/educainternet\/wp-json\/wp\/v2\/pages\/705"}],"collection":[{"href":"https:\/\/blogsaverroes.juntadeandalucia.es\/educainternet\/wp-json\/wp\/v2\/pages"}],"about":[{"href":"https:\/\/blogsaverroes.juntadeandalucia.es\/educainternet\/wp-json\/wp\/v2\/types\/page"}],"author":[{"embeddable":true,"href":"https:\/\/blogsaverroes.juntadeandalucia.es\/educainternet\/wp-json\/wp\/v2\/users\/5813"}],"replies":[{"embeddable":true,"href":"https:\/\/blogsaverroes.juntadeandalucia.es\/educainternet\/wp-json\/wp\/v2\/comments?post=705"}],"version-history":[{"count":11,"href":"https:\/\/blogsaverroes.juntadeandalucia.es\/educainternet\/wp-json\/wp\/v2\/pages\/705\/revisions"}],"predecessor-version":[{"id":774,"href":"https:\/\/blogsaverroes.juntadeandalucia.es\/educainternet\/wp-json\/wp\/v2\/pages\/705\/revisions\/774"}],"wp:attachment":[{"href":"https:\/\/blogsaverroes.juntadeandalucia.es\/educainternet\/wp-json\/wp\/v2\/media?parent=705"}],"curies":[{"name":"wp","href":"https:\/\/api.w.org\/{rel}","templated":true}]}}