{"id":72,"date":"2018-02-20T12:30:37","date_gmt":"2018-02-20T12:30:37","guid":{"rendered":"https:\/\/blogsaverroes.juntadeandalucia.es\/educainternet\/?page_id=72"},"modified":"2018-05-07T11:35:49","modified_gmt":"2018-05-07T11:35:49","slug":"inicio","status":"publish","type":"page","link":"https:\/\/blogsaverroes.juntadeandalucia.es\/educainternet\/","title":{"rendered":"Inicio"},"content":{"rendered":"<p style=\"text-align: justify\"><img loading=\"lazy\" decoding=\"async\" class=\" wp-image-626 alignleft\" src=\"https:\/\/blogsaverroes.juntadeandalucia.es\/educainternet\/files\/2018\/02\/privacy.png\" alt=\"\" height=\"137\" width=\"137\" srcset=\"https:\/\/blogsaverroes.juntadeandalucia.es\/educainternet\/files\/2018\/02\/privacy.png 280w, https:\/\/blogsaverroes.juntadeandalucia.es\/educainternet\/files\/2018\/02\/privacy-150x150.png 150w, https:\/\/blogsaverroes.juntadeandalucia.es\/educainternet\/files\/2018\/02\/privacy-100x100.png 100w, https:\/\/blogsaverroes.juntadeandalucia.es\/educainternet\/files\/2018\/02\/privacy-160x160.png 160w, https:\/\/blogsaverroes.juntadeandalucia.es\/educainternet\/files\/2018\/02\/privacy-320x320.png 320w, https:\/\/blogsaverroes.juntadeandalucia.es\/educainternet\/files\/2018\/02\/privacy-24x24.png 24w, https:\/\/blogsaverroes.juntadeandalucia.es\/educainternet\/files\/2018\/02\/privacy-36x36.png 36w, https:\/\/blogsaverroes.juntadeandalucia.es\/educainternet\/files\/2018\/02\/privacy-48x48.png 48w\" sizes=\"(max-width: 137px) 100vw, 137px\" \/><\/p>\n<p style=\"text-align: justify\">La seguridad en internet consiste en <strong>nuestra propia privacidad<\/strong>, en que estemos seguros como usuarios. Un dispositivo conectado y vulnerable es una puerta m\u00e1s para acceder a nosotros.&nbsp;<\/p>\n<p><img loading=\"lazy\" decoding=\"async\" class=\"wp-image-627 alignright\" src=\"https:\/\/blogsaverroes.juntadeandalucia.es\/educainternet\/files\/2018\/02\/internet_sano.gif\" alt=\"\" height=\"131\" width=\"129\"><\/p>\n<p style=\"text-align: justify\">La netiqueta hace referencia a las normas de conducta y cortes\u00eda en el \u00e1mbito digital y a la necesidad de tener un comportamiento c\u00edvico en la red.<\/p>\n<p><img loading=\"lazy\" decoding=\"async\" class=\"wp-image-628 alignleft\" src=\"https:\/\/blogsaverroes.juntadeandalucia.es\/educainternet\/files\/2018\/02\/ciberacoso.png\" alt=\"\" height=\"121\" width=\"216\" srcset=\"https:\/\/blogsaverroes.juntadeandalucia.es\/educainternet\/files\/2018\/02\/ciberacoso.png 610w, https:\/\/blogsaverroes.juntadeandalucia.es\/educainternet\/files\/2018\/02\/ciberacoso-300x168.png 300w, https:\/\/blogsaverroes.juntadeandalucia.es\/educainternet\/files\/2018\/02\/ciberacoso-24x13.png 24w, https:\/\/blogsaverroes.juntadeandalucia.es\/educainternet\/files\/2018\/02\/ciberacoso-36x20.png 36w, https:\/\/blogsaverroes.juntadeandalucia.es\/educainternet\/files\/2018\/02\/ciberacoso-48x27.png 48w\" sizes=\"(max-width: 216px) 100vw, 216px\" \/><\/p>\n<div>&nbsp;<\/div>\n<div style=\"text-align: justify\">&nbsp;Los menores y adolescentes corren el riesgo de ciberacoso. Escondidos tras una pantalla es sencillo utilizar y difundir mensajes para re\u00edrnos de terceras personas.<\/div>\n<div style=\"text-align: left\">\n<p><img loading=\"lazy\" decoding=\"async\" class=\"wp-image-629 alignright\" src=\"https:\/\/blogsaverroes.juntadeandalucia.es\/educainternet\/files\/2018\/02\/monstruo.jpg\" alt=\"\" height=\"187\" width=\"187\" srcset=\"https:\/\/blogsaverroes.juntadeandalucia.es\/educainternet\/files\/2018\/02\/monstruo.jpg 1000w, https:\/\/blogsaverroes.juntadeandalucia.es\/educainternet\/files\/2018\/02\/monstruo-150x150.jpg 150w, https:\/\/blogsaverroes.juntadeandalucia.es\/educainternet\/files\/2018\/02\/monstruo-300x300.jpg 300w, https:\/\/blogsaverroes.juntadeandalucia.es\/educainternet\/files\/2018\/02\/monstruo-768x768.jpg 768w, https:\/\/blogsaverroes.juntadeandalucia.es\/educainternet\/files\/2018\/02\/monstruo-100x100.jpg 100w, https:\/\/blogsaverroes.juntadeandalucia.es\/educainternet\/files\/2018\/02\/monstruo-160x160.jpg 160w, https:\/\/blogsaverroes.juntadeandalucia.es\/educainternet\/files\/2018\/02\/monstruo-320x320.jpg 320w, https:\/\/blogsaverroes.juntadeandalucia.es\/educainternet\/files\/2018\/02\/monstruo-24x24.jpg 24w, https:\/\/blogsaverroes.juntadeandalucia.es\/educainternet\/files\/2018\/02\/monstruo-36x36.jpg 36w, https:\/\/blogsaverroes.juntadeandalucia.es\/educainternet\/files\/2018\/02\/monstruo-48x48.jpg 48w\" sizes=\"(max-width: 187px) 100vw, 187px\" \/><\/p>\n<div style=\"text-align: justify\">&nbsp;A pesar de la aparente familiaridad y destreza de los m\u00e1s j\u00f3venes a la hora de utilizar la tecnolog\u00eda, su uso real no siempre va por el derrotero esperado y son muchos, los menores y adolescentes que enfrentados a situaciones de riesgo como el ciberacoso, carecen de estrategias y pautas para abordar \u00e9stas con \u00e9xito. Escondidos tras una pantalla y la err\u00f3nea sensaci\u00f3n de anonimato, resulta f\u00e1cil jugar a emitir juicios de valor sobre nuestros iguales, es sencillo utilizar y difundir mensajes para re\u00edrnos de terceras personas, insultarlas, amenazarlas y acosarlas, causando con ello da\u00f1o.<\/div>\n<\/div>\n<div>&nbsp;<img loading=\"lazy\" decoding=\"async\" class=\"wp-image-630 alignleft\" src=\"https:\/\/blogsaverroes.juntadeandalucia.es\/educainternet\/files\/2018\/02\/conocimiento-1024x791.jpg\" alt=\"\" height=\"168\" width=\"217\" srcset=\"https:\/\/blogsaverroes.juntadeandalucia.es\/educainternet\/files\/2018\/02\/conocimiento-1024x791.jpg 1024w, https:\/\/blogsaverroes.juntadeandalucia.es\/educainternet\/files\/2018\/02\/conocimiento-300x232.jpg 300w, https:\/\/blogsaverroes.juntadeandalucia.es\/educainternet\/files\/2018\/02\/conocimiento-768x593.jpg 768w, https:\/\/blogsaverroes.juntadeandalucia.es\/educainternet\/files\/2018\/02\/conocimiento-24x19.jpg 24w, https:\/\/blogsaverroes.juntadeandalucia.es\/educainternet\/files\/2018\/02\/conocimiento-36x28.jpg 36w, https:\/\/blogsaverroes.juntadeandalucia.es\/educainternet\/files\/2018\/02\/conocimiento-48x37.jpg 48w, https:\/\/blogsaverroes.juntadeandalucia.es\/educainternet\/files\/2018\/02\/conocimiento.jpg 1100w\" sizes=\"(max-width: 217px) 100vw, 217px\" \/><\/div>\n<div>\n<div style=\"text-align: justify\">Hoy nadie niega las enormes oportunidades que las tecnolog\u00edas nos ofrecen pr\u00e1cticamente en todos los aspectos de la vida.<\/div>\n<div style=\"text-align: justify\">Y son precisamente los j\u00f3venes quienes las han adoptado con mayor naturalidad.<\/div>\n<div style=\"text-align: justify\">Por eso hemos creado esta p\u00e1gina web, donde puedes conocer como protegerse en internet.<\/div>\n<\/div>\n","protected":false},"excerpt":{"rendered":"<p>La seguridad en internet consiste en nuestra propia privacidad, en que estemos seguros como usuarios. Un dispositivo conectado y vulnerable es una puerta m\u00e1s para acceder a nosotros.&nbsp; La netiqueta hace referencia a las&#46;&#46;&#46;<\/p>\n","protected":false},"author":5813,"featured_media":0,"parent":0,"menu_order":0,"comment_status":"closed","ping_status":"closed","template":"","meta":{"ngg_post_thumbnail":0,"footnotes":""},"aioseo_notices":[],"_links":{"self":[{"href":"https:\/\/blogsaverroes.juntadeandalucia.es\/educainternet\/wp-json\/wp\/v2\/pages\/72"}],"collection":[{"href":"https:\/\/blogsaverroes.juntadeandalucia.es\/educainternet\/wp-json\/wp\/v2\/pages"}],"about":[{"href":"https:\/\/blogsaverroes.juntadeandalucia.es\/educainternet\/wp-json\/wp\/v2\/types\/page"}],"author":[{"embeddable":true,"href":"https:\/\/blogsaverroes.juntadeandalucia.es\/educainternet\/wp-json\/wp\/v2\/users\/5813"}],"replies":[{"embeddable":true,"href":"https:\/\/blogsaverroes.juntadeandalucia.es\/educainternet\/wp-json\/wp\/v2\/comments?post=72"}],"version-history":[{"count":47,"href":"https:\/\/blogsaverroes.juntadeandalucia.es\/educainternet\/wp-json\/wp\/v2\/pages\/72\/revisions"}],"predecessor-version":[{"id":685,"href":"https:\/\/blogsaverroes.juntadeandalucia.es\/educainternet\/wp-json\/wp\/v2\/pages\/72\/revisions\/685"}],"wp:attachment":[{"href":"https:\/\/blogsaverroes.juntadeandalucia.es\/educainternet\/wp-json\/wp\/v2\/media?parent=72"}],"curies":[{"name":"wp","href":"https:\/\/api.w.org\/{rel}","templated":true}]}}