{"id":615,"date":"2023-03-15T23:51:26","date_gmt":"2023-03-15T22:51:26","guid":{"rendered":"https:\/\/blogsaverroes.juntadeandalucia.es\/eduk2s\/?page_id=615"},"modified":"2025-11-16T12:47:49","modified_gmt":"2025-11-16T11:47:49","slug":"tutoriales","status":"publish","type":"page","link":"https:\/\/blogsaverroes.juntadeandalucia.es\/eduk2s\/tutoriales\/","title":{"rendered":"Tutoriales"},"content":{"rendered":"<p><span style=\"font-family: georgia, palatino, serif\">Aqu\u00ed se colocar\u00e1n videotutoriales que se consideren importantes para los alumnos\/as.<\/span><\/p>\n<table style=\"border-collapse: collapse;width: 100%\">\n<tbody>\n<tr>\n<td style=\"width: 100%;text-align: center\"><span style=\"font-size: 14pt\"><strong>N\u00daMEROS ENTEROS<\/strong><\/span><\/td>\n<\/tr>\n<tr>\n<td style=\"width: 100%\">\n<p style=\"text-align: center\"><span style=\"text-decoration: underline\">SUMA<\/span><\/p>\n<p><iframe loading=\"lazy\" src=\"https:\/\/www.youtube.com\/embed\/BGxp8DG2HoQ?si=8zIQdNX_AcJ0oYue\" width=\"560\" height=\"315\" frameborder=\"0\"><\/iframe>&nbsp;<\/td>\n<\/tr>\n<tr>\n<td style=\"width: 100%\">\n<p style=\"text-align: center\"><span style=\"text-decoration: underline\">RESTA<\/span><\/p>\n<p><iframe loading=\"lazy\" src=\"https:\/\/www.youtube.com\/embed\/Y-BTcoH7SoQ?si=WW2VlS6CQXcJaT1D\" width=\"560\" height=\"315\" frameborder=\"0\"><\/iframe>&nbsp;<\/td>\n<\/tr>\n<tr>\n<td style=\"width: 100%\">&nbsp;<\/td>\n<\/tr>\n<tr>\n<td style=\"width: 100%\">&nbsp;<\/td>\n<\/tr>\n<\/tbody>\n<\/table>\n<p><span style=\"font-family: 'book antiqua', palatino, serif\"><strong>* Divisi\u00f3n de DOS CIFRAS EN EL DIVISOR<\/strong><\/span><\/p>\n<p><iframe loading=\"lazy\" title=\"Divisio\u0301n de dos cifras en el divisor (explicaci\u00f3n corta y ejemplo largo al final)\" width=\"525\" height=\"295\" src=\"https:\/\/www.youtube.com\/embed\/Yg3vjVGy7rY?feature=oembed\" frameborder=\"0\" allow=\"accelerometer; autoplay; clipboard-write; encrypted-media; gyroscope; picture-in-picture; web-share\" referrerpolicy=\"strict-origin-when-cross-origin\" allowfullscreen><\/iframe><\/p>\n<p><strong><span style=\"font-family: book antiqua, palatino, serif\">* Divisi\u00f3n de n\u00ba naturales&nbsp; (EXPLICACI\u00d3N LARGA)<br \/>\n<\/span><\/strong><\/p>\n<p><iframe loading=\"lazy\" title=\"La divisio\u0301n\" width=\"525\" height=\"295\" src=\"https:\/\/www.youtube.com\/embed\/Yg4iXMMwack?feature=oembed\" frameborder=\"0\" allow=\"accelerometer; autoplay; clipboard-write; encrypted-media; gyroscope; picture-in-picture; web-share\" referrerpolicy=\"strict-origin-when-cross-origin\" allowfullscreen><\/iframe><\/p>\n<p><span style=\"font-family: book antiqua, palatino, serif\"><strong>* Divisi\u00f3n de n\u00ba naturales (EXPLICACI\u00d3N CORTA)<\/strong><\/span><\/p>\n<p><iframe loading=\"lazy\" src=\"https:\/\/www.youtube.com\/embed\/Yg4iXMMwack?si=Dh7NEy_thrxoYrfN&amp;start=121\" width=\"560\" height=\"315\" frameborder=\"0\"><\/iframe>&nbsp;<\/p>\n","protected":false},"excerpt":{"rendered":"<p>Aqu\u00ed se colocar\u00e1n videotutoriales que se consideren importantes para los alumnos\/as. N\u00daMEROS ENTEROS SUMA &nbsp; RESTA &nbsp; &nbsp; &nbsp; * Divisi\u00f3n de DOS CIFRAS EN EL DIVISOR * Divisi\u00f3n de n\u00ba naturales&nbsp; (EXPLICACI\u00d3N LARGA) * Divisi\u00f3n de n\u00ba naturales (EXPLICACI\u00d3N CORTA) &nbsp;<\/p>\n","protected":false},"author":7300,"featured_media":0,"parent":0,"menu_order":0,"comment_status":"closed","ping_status":"closed","template":"","meta":{"ngg_post_thumbnail":0,"footnotes":""},"aioseo_notices":[],"_links":{"self":[{"href":"https:\/\/blogsaverroes.juntadeandalucia.es\/eduk2s\/wp-json\/wp\/v2\/pages\/615"}],"collection":[{"href":"https:\/\/blogsaverroes.juntadeandalucia.es\/eduk2s\/wp-json\/wp\/v2\/pages"}],"about":[{"href":"https:\/\/blogsaverroes.juntadeandalucia.es\/eduk2s\/wp-json\/wp\/v2\/types\/page"}],"author":[{"embeddable":true,"href":"https:\/\/blogsaverroes.juntadeandalucia.es\/eduk2s\/wp-json\/wp\/v2\/users\/7300"}],"replies":[{"embeddable":true,"href":"https:\/\/blogsaverroes.juntadeandalucia.es\/eduk2s\/wp-json\/wp\/v2\/comments?post=615"}],"version-history":[{"count":13,"href":"https:\/\/blogsaverroes.juntadeandalucia.es\/eduk2s\/wp-json\/wp\/v2\/pages\/615\/revisions"}],"predecessor-version":[{"id":720,"href":"https:\/\/blogsaverroes.juntadeandalucia.es\/eduk2s\/wp-json\/wp\/v2\/pages\/615\/revisions\/720"}],"wp:attachment":[{"href":"https:\/\/blogsaverroes.juntadeandalucia.es\/eduk2s\/wp-json\/wp\/v2\/media?parent=615"}],"curies":[{"name":"wp","href":"https:\/\/api.w.org\/{rel}","templated":true}]}}