{"id":2455,"date":"2020-11-30T12:15:13","date_gmt":"2020-11-30T11:15:13","guid":{"rendered":"http:\/\/blogsaverroes.juntadeandalucia.es\/eeifranciscosorianoserrano\/?page_id=2455"},"modified":"2024-11-10T23:38:37","modified_gmt":"2024-11-10T22:38:37","slug":"actividades","status":"publish","type":"page","link":"https:\/\/blogsaverroes.juntadeandalucia.es\/eeifranciscosorianoserrano\/actividades\/","title":{"rendered":"Actividades"},"content":{"rendered":"<p>Nuestro cole, adem\u00e1s de todas las actividades que realiza el profesorado en su <a href=\"https:\/\/blogsaverroes.juntadeandalucia.es\/eeifranciscosorianoserrano\/files\/2021\/02\/kisspng-clip-art-brother-sibling-sister-portable-network-g-5d06580b726312.6620134915606968434685.jpg\"><img loading=\"lazy\" decoding=\"async\" class=\"wp-image-2628 alignright\" src=\"https:\/\/blogsaverroes.juntadeandalucia.es\/eeifranciscosorianoserrano\/files\/2021\/02\/kisspng-clip-art-brother-sibling-sister-portable-network-g-5d06580b726312.6620134915606968434685-150x150.jpg\" alt=\"\" width=\"188\" height=\"191\"><\/a>quehacer diario en las&nbsp; aulas, tambi\u00e9n realiza una serie de<strong><em> actividades conjuntas<\/em> <\/strong>a todo el centro y donde tiene cabida toda la comunidad educativa.&nbsp;<\/p>\n<p>Aunque las hay de diferentes tipo, normalmente giran en torno a <strong>conmemoraciones de d\u00edas especiales<\/strong>. Unas veces estas conmemoraciones vienen marcadas por la Consejer\u00eda de Educaci\u00f3n, pero otras veces son elegidas por el centro, por ser <strong>representativas de los proyectos en los que trabajamos.<\/strong><\/p>\n<h3><strong>PRIMER TRIMESTRE<\/strong><\/h3>\n<ul>\n<li><strong>Reuni\u00f3n general de tutor\u00eda con las familias de nuestro alumnado(Septiembre)<\/strong><\/li>\n<li><strong>Decoraci\u00f3n de los distintos espacios del Cole&nbsp;<\/strong><\/li>\n<li><strong>Actividades de Acogida con el alumnado(Septiembre)<\/strong><\/li>\n<li><strong>Decoraci\u00f3n de los pasillos del centro con ayuda de las familias. Tem\u00e1tica \u00abEl<a href=\"https:\/\/blogsaverroes.juntadeandalucia.es\/eeifranciscosorianoserrano\/files\/2021\/02\/29c54f995222c7d8d470cda18f6f8ce5.jpg\"><img loading=\"lazy\" decoding=\"async\" class=\" wp-image-2634 alignright\" src=\"https:\/\/blogsaverroes.juntadeandalucia.es\/eeifranciscosorianoserrano\/files\/2021\/02\/29c54f995222c7d8d470cda18f6f8ce5-150x150.jpg\" alt=\"\" width=\"238\" height=\"238\" srcset=\"https:\/\/blogsaverroes.juntadeandalucia.es\/eeifranciscosorianoserrano\/files\/2021\/02\/29c54f995222c7d8d470cda18f6f8ce5-150x150.jpg 150w, https:\/\/blogsaverroes.juntadeandalucia.es\/eeifranciscosorianoserrano\/files\/2021\/02\/29c54f995222c7d8d470cda18f6f8ce5-100x100.jpg 100w\" sizes=\"(max-width: 238px) 100vw, 238px\" \/><\/a> Oto\u00f1o\u00bb(Octubre)<\/strong><\/li>\n<li><strong>Celebraci\u00f3n de la Fiesta de Oto\u00f1o( Octubre)<\/strong><\/li>\n<li><strong>Reuni\u00f3n general de Tutor\u00eda primer trimestre<\/strong><\/li>\n<li><strong>Conmemoraci\u00f3n \u00abD\u00cdA DEL FLAMENCO\u00bb(Noviembre)<\/strong><\/li>\n<li><strong>Conmemoraci\u00f3n. \u00abD\u00cdA DE LA DISCAPACIDAD<\/strong><\/li>\n<li><strong>Conmemoraci\u00f3n \u00abD\u00cdA CONTRA EL MALTRATO\u00bb(Noviembre)<\/strong><\/li>\n<li><strong>Conmemoraci\u00f3n \u00abD\u00cdA DE LA CONSTITUCI\u00d3N\u00bb(Diciembre)<\/strong><\/li>\n<li><strong>Participaci\u00f3n en la Campa\u00f1a del juguete no sexista organizada por el ayuntamiento de J\u00f3dar(Diciembre)&nbsp;<\/strong><\/li>\n<li><strong>Decoraci\u00f3n de los pasillos del cole con motivo de la Navidad. Nos ayudan las familias(Diciembre)<\/strong><\/li>\n<li><strong>LA NAVIDAD(Diciembre)<\/strong>\n<ul>\n<li>Pap\u00e1 Noel llega al Cole<\/li>\n<li>Vienen los Reyes Magos&nbsp;<\/li>\n<li>Actuaciones de Navidad por cursos&nbsp;<\/li>\n<li>Entrega de trabajos y boletines<\/li>\n<\/ul>\n<\/li>\n<\/ul>\n<h3><strong>SEGUNDO TRIMESTRE<\/strong><\/h3>\n<ul>\n<li><strong>Decoraci\u00f3n del los pasillos del colegio(Motivos del Invierno) con ayuda de las familias.(Enero)<\/strong><\/li>\n<li><strong>Celebraci\u00f3n del \u00abD\u00cdA DE&nbsp; SAN ANT\u00d3N\u00bb(Enero)<\/strong><\/li>\n<li><strong>Conmemoraci\u00f3n \u00abD\u00cdA DE LA PAZ\u00bb (Enero)<\/strong><\/li>\n<li><strong>Participaci\u00f3n en la reuni\u00f3n del Centro de la Mujer (Febrero)<\/strong><\/li>\n<li><strong>Conmemoraci\u00f3n \u00abD\u00cdA DE LA MUJER EN LA CIENCIA\u00bb(Febrero)<\/strong><\/li>\n<li><strong>Reuni\u00f3n tutor\u00eda general con las familias(Febrero)<\/strong><\/li>\n<li><strong>Carnaval(Febrero)<\/strong><\/li>\n<li><strong>Celebraci\u00f3n \u00abDIA DE ANDALUC\u00cdA\u00bb(Febrero)<\/strong><\/li>\n<li><strong>Programa Creciendo en Salud<\/strong><\/li>\n<li><strong>Conmemoraci\u00f3n \u00abD\u00cdA DE LA MUJER\u00bb(Marzo)<\/strong><\/li>\n<\/ul>\n<h3><strong>TERCER TRIMESTRE<\/strong><\/h3>\n<ul>\n<li><strong>Decoraci\u00f3n de los pasillos del colegio(Tem\u00e1tica la primavera)( Abril)<\/strong><\/li>\n<li><strong>Celebraci\u00f3n \u00abD\u00cdA DEL LIBRO\u00bb<\/strong><\/li>\n<li><strong>REUNI\u00d3N GENERAL DE TUTOR\u00cdA CON LAS FAMILIAS(Abril)<\/strong><\/li>\n<li><strong>Celebraci\u00f3n \u00abD\u00cdA DE LA FAMILIA\u00bb(Mayo)<\/strong><\/li>\n<li><strong>Celebraci\u00f3n \u00abD\u00cdA DEL MEDIO AMBIENTE\u00bb(Junio)<\/strong><\/li>\n<li><strong>FIESTA DE VERANO<\/strong><\/li>\n<li><strong>CELEBRACI\u00d3N FIN DE CURSO&nbsp;<\/strong><\/li>\n<\/ul>\n","protected":false},"excerpt":{"rendered":"<p>Nuestro cole, adem\u00e1s de todas las actividades que realiza el profesorado en su quehacer diario en las&nbsp; aulas, tambi\u00e9n realiza una serie de actividades conjuntas a todo el centro y donde tiene cabida toda la comunidad educativa.&nbsp; Aunque las hay de diferentes tipo, normalmente giran en torno a conmemoraciones de d\u00edas especiales. Unas veces estas &hellip; <a href=\"https:\/\/blogsaverroes.juntadeandalucia.es\/eeifranciscosorianoserrano\/actividades\/\" class=\"more-link\">Sigue leyendo <span class=\"screen-reader-text\">Actividades<\/span><\/a><\/p>\n","protected":false},"author":11628,"featured_media":0,"parent":0,"menu_order":0,"comment_status":"closed","ping_status":"closed","template":"","meta":{"ngg_post_thumbnail":0,"footnotes":"","_mc_calendar":[]},"aioseo_notices":[],"_links":{"self":[{"href":"https:\/\/blogsaverroes.juntadeandalucia.es\/eeifranciscosorianoserrano\/wp-json\/wp\/v2\/pages\/2455"}],"collection":[{"href":"https:\/\/blogsaverroes.juntadeandalucia.es\/eeifranciscosorianoserrano\/wp-json\/wp\/v2\/pages"}],"about":[{"href":"https:\/\/blogsaverroes.juntadeandalucia.es\/eeifranciscosorianoserrano\/wp-json\/wp\/v2\/types\/page"}],"author":[{"embeddable":true,"href":"https:\/\/blogsaverroes.juntadeandalucia.es\/eeifranciscosorianoserrano\/wp-json\/wp\/v2\/users\/11628"}],"replies":[{"embeddable":true,"href":"https:\/\/blogsaverroes.juntadeandalucia.es\/eeifranciscosorianoserrano\/wp-json\/wp\/v2\/comments?post=2455"}],"version-history":[{"count":15,"href":"https:\/\/blogsaverroes.juntadeandalucia.es\/eeifranciscosorianoserrano\/wp-json\/wp\/v2\/pages\/2455\/revisions"}],"predecessor-version":[{"id":2632,"href":"https:\/\/blogsaverroes.juntadeandalucia.es\/eeifranciscosorianoserrano\/wp-json\/wp\/v2\/pages\/2455\/revisions\/2632"}],"wp:attachment":[{"href":"https:\/\/blogsaverroes.juntadeandalucia.es\/eeifranciscosorianoserrano\/wp-json\/wp\/v2\/media?parent=2455"}],"curies":[{"name":"wp","href":"https:\/\/api.w.org\/{rel}","templated":true}]}}