{"id":2875,"date":"2022-03-22T13:40:18","date_gmt":"2022-03-22T12:40:18","guid":{"rendered":"http:\/\/blogsaverroes.juntadeandalucia.es\/eeifranciscosorianoserrano\/?page_id=2875"},"modified":"2023-10-23T13:13:01","modified_gmt":"2023-10-23T12:13:01","slug":"pacto-de-estado-2","status":"publish","type":"page","link":"https:\/\/blogsaverroes.juntadeandalucia.es\/eeifranciscosorianoserrano\/pacto-de-estado-2\/","title":{"rendered":"PACTO DE ESTADO"},"content":{"rendered":"<h1 style=\"text-align: center\">\u00bfQu\u00e9 es el pacto de estado contra la violencia de g\u00e9nero?<\/h1>\n<p>&nbsp;<\/p>\n<p>Cuando no hay respeto, cuando se menosprecia o cuando se ejerce coacci\u00f3n sobre otra persona, el ser humano pierde su esencia porque deja de serlo y la sociedad da un paso atr\u00e1s.<\/p>\n<p>El&nbsp;<strong>pacto de estado contra la violencia de g\u00e9nero<\/strong>&nbsp;es un compromiso para luchar contra estas y otras situaciones. \u00bfSabes en qu\u00e9 consiste? \u00bfSabes c\u00f3mo actuar ante esta realidad? \u00bfSabes c\u00f3mo prevenirla? \u00a1Te ayudamos a salir de dudas!<\/p>\n<h2><span id=\"En_que_consiste_el_pacto_de_estado_contra_la_violencia_de_genero\">\u00bfEn qu\u00e9 consiste el pacto de estado contra la violencia de g\u00e9nero?<\/span><\/h2>\n<p>En 2017 se aprobaba en nuestro pa\u00eds el&nbsp;<a href=\"http:\/\/www.violenciagenero.igualdad.mpr.gob.es\/pactoEstado\/home.htm\" target=\"_blank\" rel=\"noopener noreferrer\">Pacto de Estado contra la Violencia de G\u00e9nero<\/a>. Su objetivo es&nbsp;<strong>eliminar cualquier tipo de violencia contra las mujeres<\/strong>&nbsp;y defender sus derechos y libertades fundamentales. Se organiza en torno a 10 ejes de intervenci\u00f3n, te explicamos los m\u00e1s destacados:<\/p>\n<ul>\n<li>Eje 1. Hay que acabar con el silencio en torno a esta problem\u00e1tica. La&nbsp;<strong>sensibilizaci\u00f3n y prevenci\u00f3n<\/strong>&nbsp;se hacen esenciales. La sociedad debe concienciarse del da\u00f1o y las consecuencias que genera la&nbsp;<a href=\"https:\/\/blog.oxfamintermon.org\/algunas-cifras-sobre-la-desigualdad-de-genero-en-espana\/\" target=\"_blank\" rel=\"noopener noreferrer\">desigualdad de g\u00e9nero<\/a>&nbsp;y la violencia hacia las mujeres, y entender c\u00f3mo su vida y la de sus hijos e hijas se ve afectada.<\/li>\n<li>Eje 2. Hay que&nbsp;<strong>mejorar la respuesta institucional<\/strong>&nbsp;hacia las mujeres y menores v\u00edctimas de este tipo de violencia machista. Sin una adecuada coordinaci\u00f3n entre las partes encargadas de su lucha, as\u00ed como recursos, medidas o protocolos, no se lograr\u00e1 un resultado eficaz.<\/li>\n<li>Eje 3. Hay que desarrollar el apoyo, amparo y seguridad que se brinda a las mujeres y&nbsp; menores v\u00edctimas. Es vital garantizar un atenci\u00f3n personalizada, posibilitar el acceso a los recursos de los colectivos vulnerables (mujeres migrantes, discapacitadas, mayores o rurales) o impulsar los programas de inserci\u00f3n laboral.\n<ul>\n<li>Eje 4. Hay que&nbsp;<strong>fortalecer la ayuda y seguridad<\/strong>&nbsp;de los hijos e hijas. Esto implica que se les reconozca tambi\u00e9n como v\u00edctimas directas de la&nbsp;<a href=\"https:\/\/blog.oxfamintermon.org\/16-frases-contra-la-violencia-de-genero-apuntatelas\/\" target=\"_blank\" rel=\"noopener noreferrer\">violencia de g\u00e9nero<\/a>&nbsp;y desarrollar acciones espec\u00edficas.<\/li>\n<li>Eje 5. Para asegurar la mejor respuesta a las v\u00edctimas hay que&nbsp;<strong>fomentar la formaci\u00f3n&nbsp;<\/strong>de todas las personas profesionales que participan.<\/li>\n<li>Eje 6. Es necesario aumentar el conocimiento y datos sobre la violencia de g\u00e9nero para poder luchar contra ella, y por ello se har\u00e1 un seguimiento estad\u00edstico.<\/li>\n<li>Eje 8. Se reconoce cualquier suceso violento fundamentado en el g\u00e9nero que afecte de forma sexual, f\u00edsica, psicol\u00f3gica o econ\u00f3mica a las mujeres, de modo que se incorporan los principios del&nbsp;<a href=\"https:\/\/www.boe.es\/diario_boe\/txt.php?id=BOE-A-2014-5947\" target=\"_blank\" rel=\"noopener noreferrer\">Convenio de Estambul<\/a>.<\/li>\n<li>Eje 9. Los Presupuestos Generales del Estado se comprometen a designar la cantidad necesaria para la puesta en marcha de las medidas recogidas en el pacto.<\/li>\n<\/ul>\n<p>Esta violencia es un reflejo de la&nbsp;<a href=\"https:\/\/blog.oxfamintermon.org\/5-ejemplos-de-desigualdad-entre-hombres-y-mujeres\/\" target=\"_blank\" rel=\"noopener noreferrer\">desigualdad entre hombres y mujeres<\/a>. Es una&nbsp;<strong>vulneraci\u00f3n&nbsp;<\/strong>de los&nbsp;<a href=\"https:\/\/blog.oxfamintermon.org\/mini-guia-para-conocer-los-derechos-humanos\/\" target=\"_blank\" rel=\"noopener noreferrer\">derechos humanos<\/a>. Sin el trabajo conjunto del \u00e1mbito pol\u00edtico y social no ser\u00e1 posible acabar con esta lacra. \u00a1Impl\u00edcate t\u00fa tambi\u00e9n!<\/p>\n<h2><span id=\"Educa_en_igualdad\">Educa en igualdad<\/span><\/h2>\n<p><strong>Fomentar la igualdad<\/strong>&nbsp;es la mayor inversi\u00f3n que podemos hacer en nuestro entorno para evitar cualquier tipo de violencia.<\/p>\n<p>Es algo vital si queremos garantizar una convivencia donde prime el respeto entre hombres y mujeres. Poner en pr\u00e1ctica este valor permitir\u00e1 que toda la ciudadan\u00eda disfrute de sus derechos, decida libremente sobre su vida o participe de su sociedad. \u00bfTe preguntas c\u00f3mo puedes contribuir t\u00fa a ello?<\/p>\n<p>Puedes empezar conociendo algunas de las herramientas que tienes a tu alcance:<\/p>\n<ul>\n<li>Plataforma educativa&nbsp;<a href=\"http:\/\/www.kaidara.org\/es\/coeducacion\" target=\"_blank\" rel=\"noopener noreferrer\">Kaidara<\/a>. All\u00ed dispones de diversos documentos para profundizar y&nbsp;<a href=\"https:\/\/blog.oxfamintermon.org\/como-fomentar-la-igualdad-de-la-mujer-en-los-mas-pequenos\/\" target=\"_blank\" rel=\"noopener noreferrer\">trabajar en la equidad de g\u00e9nero<\/a>&nbsp;en la etapa infantil y adolescente.<\/li>\n<li><a href=\"http:\/\/www.educarenigualdad.org\/\" target=\"_blank\" rel=\"noopener noreferrer\">Educar en igualdad<\/a>, un sitio web de la Fundaci\u00f3n Mujeres.<\/li>\n<li><a href=\"https:\/\/www.madrid.es\/UnidadesDescentralizadas\/IgualdadDeOportunidades\/Publicaciones\/guiamadresypadresgenero.pdf\" target=\"_blank\" rel=\"noopener noreferrer\">Gu\u00eda para madres y padres que se preocupan por la violencia de g\u00e9nero<\/a>, elaborada por la direcci\u00f3n general de igualdad entre mujeres y hombres del Ayuntamiento de Madrid.<\/li>\n<li>&nbsp;\n<ul>\n<li>\n<h2><span id=\"Material_complementario\">Material complementario<\/span><\/h2>\n<h3><span id=\"Guias\">Gu\u00edas<\/span><\/h3>\n<ul>\n<li><a href=\"https:\/\/recursos.oxfamintermon.org\/guia-gratuita-mujeres-contribuyendo-mundo-mejor\" target=\"_blank\" rel=\"noopener noreferrer\"><em>Mujeres: contribuyendo a un mundo mejor<\/em><\/a><\/li>\n<li><a href=\"https:\/\/recursos.oxfamintermon.org\/guia-lenguaje-no-sexista\" target=\"_blank\" rel=\"noopener noreferrer\"><em>Lenguaje no sexista<\/em><\/a><\/li>\n<li><a href=\"https:\/\/recursos.oxfamintermon.org\/guia-gratuita-derechos-humanos\" target=\"_blank\" rel=\"noopener noreferrer\"><em>\u00bfConoces los derechos humanos?<\/em><\/a><\/li>\n<\/ul>\n<h3><span id=\"Virales\">Virales<\/span><\/h3>\n<ul>\n<li><a href=\"https:\/\/blog.oxfamintermon.org\/mujeres-que-han-cambiado-el-mundo\/\" target=\"_blank\" rel=\"noopener noreferrer\">10 mujeres han cambiado el mundo con sus luchas. \u00bfA\u00fan no las conoces?<\/a><\/li>\n<li><a href=\"https:\/\/blog.oxfamintermon.org\/conoce-a-las-mujeres-mas-influyentes-en-la-lucha-por-los-derechos-de-las-mujeres\/\" target=\"_blank\" rel=\"noopener noreferrer\">Conoce a las mujeres m\u00e1s influyentes en la lucha por los derechos de las mujeres<\/a><\/li>\n<li><a href=\"https:\/\/blog.oxfamintermon.org\/cuanto-sabes-sobre-la-situacion-y-derechos-de-las-mujeres-alrededor-del-mundo\/\" target=\"_blank\" rel=\"noopener noreferrer\">\u00bfCu\u00e1nto sabes sobre la situaci\u00f3n y los derechos de las mujeres alrededor del mundo?<\/a><\/li>\n<\/ul>\n<h3><span id=\"Articulos\">Art\u00edculos<\/span><\/h3>\n<ul>\n<li><a href=\"https:\/\/blog.oxfamintermon.org\/como-educar-en-igualdad-en-la-infancia\/\" target=\"_blank\" rel=\"noopener noreferrer\">C\u00f3mo educar en igualdad en la infancia<\/a><\/li>\n<li><a href=\"https:\/\/blog.oxfamintermon.org\/el-cambio-social-necesario-para-la-igualdad-de-genero\/\" target=\"_blank\" rel=\"noopener noreferrer\">El cambio social necesario para la igualdad de g\u00e9nero<\/a><\/li>\n<li><a href=\"https:\/\/blog.oxfamintermon.org\/frases-de-igualdad-de-genero-que-inspiran\/\" target=\"_blank\" rel=\"noopener noreferrer\">Frases de igualdad de g\u00e9nero que inspiran<\/a><\/li>\n<li><a href=\"https:\/\/blog.oxfamintermon.org\/igualdad-de-genero-hoy-sociedad-justa-manana\/\" target=\"_blank\" rel=\"noopener noreferrer\">Igualdad de g\u00e9nero hoy, sociedad justa ma\u00f1ana<\/a><\/li>\n<li><a href=\"https:\/\/blog.oxfamintermon.org\/plan-igualdad-dejando-atras-la-discriminacion-sexual\/\" target=\"_blank\" rel=\"noopener noreferrer\">Plan igualdad: dejando atr\u00e1s la discriminaci\u00f3n sexual<\/a><\/li>\n<li><a href=\"https:\/\/blog.oxfamintermon.org\/campanas-por-los-derechos-de-la-mujer-en-espana-participa\/\" target=\"_blank\" rel=\"noopener noreferrer\">Campa\u00f1as por los derechos de la mujer en Espa\u00f1a, \u00a1participa!<\/a><\/li>\n<li><a href=\"https:\/\/blog.oxfamintermon.org\/causas-que-explican-la-discriminacion-de-la-mujer\/\" target=\"_blank\" rel=\"noopener noreferrer\">Causas que explican la discriminaci\u00f3n de la mujer<\/a><\/li>\n<li><a href=\"https:\/\/blog.oxfamintermon.org\/sociedad-patriarcal-como-luchar-contra-ella\/\" target=\"_blank\" rel=\"noopener noreferrer\">Sociedad patriarcal: c\u00f3mo luchar contra ella<\/a><\/li>\n<li><a href=\"https:\/\/blog.oxfamintermon.org\/asociaciones-de-mujeres-contra-la-violencia\/\" target=\"_blank\" rel=\"noopener noreferrer\">Asociaciones de mujeres contra la violencia<\/a><\/li>\n<li><a href=\"https:\/\/blog.oxfamintermon.org\/ejemplos-de-micromachismos-en-la-vida-cotidiana\/\" target=\"_blank\" rel=\"noopener noreferrer\">10 ejemplos de micromachismos en la vida cotidiana<\/a><\/li>\n<\/ul>\n<\/li>\n<\/ul>\n<\/li>\n<li>\n<h2><span id=\"Material_complementario\">EL PACTO DE ESTADO EN NUESTRO CENTRO <\/span><\/h2>\n<\/li>\n<li>Nuestro centro durante el curso 2022-23 ha participado en la convocatoria que para educaci\u00f3n propone este programa, habiendo sido seleccionados.&nbsp;<\/li>\n<li>Se nos ha dotado de una subvenci\u00f3n de 800 euros que nuestro centro invertir\u00e1 en en desarrollar los objetivos que este `plan propone.<\/li>\n<\/ul>\n<\/li>\n<\/ul>\n<h1>AMBITOS<\/h1>\n<p>Coeducaci\u00f3n y corresponsabilidad para la prevenci\u00f3n de la violencia de g\u00e9nero.<\/p>\n<p>Gesti\u00f3n de las emociones para el fomento de una convivencia positiva y los buenos tratos como prevenci\u00f3n de la violencia de g\u00e9nero.<\/p>\n<p>Fuera etiquetas, estereotipos y prejuicios para la prevenci\u00f3n de la violencia de g\u00e9nero: Cuentos, juegos y juguetes no sexistas, no violentos&nbsp;<\/p>\n<h1>ACTUACIONES<\/h1>\n<p>Elaboraci\u00f3n de creaciones art\u00edsticas y literarias<\/p>\n<p>charlas y talleres formativos con el alumnado<\/p>\n<p>Charlas y talleres formativos con las familias&nbsp;<\/p>\n<p>Actividades especificas con motivo del 25N, d\u00eda de la mujer etc.<\/p>\n","protected":false},"excerpt":{"rendered":"<p>\u00bfQu\u00e9 es el pacto de estado contra la violencia de g\u00e9nero? &nbsp; Cuando no hay respeto, cuando se menosprecia o cuando se ejerce coacci\u00f3n sobre otra persona, el ser humano pierde su esencia porque deja de serlo y la sociedad da un paso atr\u00e1s. El&nbsp;pacto de estado contra la violencia de g\u00e9nero&nbsp;es un compromiso para &hellip; <a href=\"https:\/\/blogsaverroes.juntadeandalucia.es\/eeifranciscosorianoserrano\/pacto-de-estado-2\/\" class=\"more-link\">Sigue leyendo <span class=\"screen-reader-text\">PACTO DE ESTADO<\/span><\/a><\/p>\n","protected":false},"author":11628,"featured_media":2876,"parent":0,"menu_order":0,"comment_status":"closed","ping_status":"closed","template":"","meta":{"ngg_post_thumbnail":0,"footnotes":"","_mc_calendar":[]},"aioseo_notices":[],"_links":{"self":[{"href":"https:\/\/blogsaverroes.juntadeandalucia.es\/eeifranciscosorianoserrano\/wp-json\/wp\/v2\/pages\/2875"}],"collection":[{"href":"https:\/\/blogsaverroes.juntadeandalucia.es\/eeifranciscosorianoserrano\/wp-json\/wp\/v2\/pages"}],"about":[{"href":"https:\/\/blogsaverroes.juntadeandalucia.es\/eeifranciscosorianoserrano\/wp-json\/wp\/v2\/types\/page"}],"author":[{"embeddable":true,"href":"https:\/\/blogsaverroes.juntadeandalucia.es\/eeifranciscosorianoserrano\/wp-json\/wp\/v2\/users\/11628"}],"replies":[{"embeddable":true,"href":"https:\/\/blogsaverroes.juntadeandalucia.es\/eeifranciscosorianoserrano\/wp-json\/wp\/v2\/comments?post=2875"}],"version-history":[{"count":2,"href":"https:\/\/blogsaverroes.juntadeandalucia.es\/eeifranciscosorianoserrano\/wp-json\/wp\/v2\/pages\/2875\/revisions"}],"predecessor-version":[{"id":4162,"href":"https:\/\/blogsaverroes.juntadeandalucia.es\/eeifranciscosorianoserrano\/wp-json\/wp\/v2\/pages\/2875\/revisions\/4162"}],"wp:featuredmedia":[{"embeddable":true,"href":"https:\/\/blogsaverroes.juntadeandalucia.es\/eeifranciscosorianoserrano\/wp-json\/wp\/v2\/media\/2876"}],"wp:attachment":[{"href":"https:\/\/blogsaverroes.juntadeandalucia.es\/eeifranciscosorianoserrano\/wp-json\/wp\/v2\/media?parent=2875"}],"curies":[{"name":"wp","href":"https:\/\/api.w.org\/{rel}","templated":true}]}}