{"id":35,"date":"2015-03-13T08:21:43","date_gmt":"2015-03-13T08:21:43","guid":{"rendered":"http:\/\/blogsaverroes.juntadeandalucia.es\/pre\/ceip\/?page_id=35"},"modified":"2020-11-18T10:31:27","modified_gmt":"2020-11-18T10:31:27","slug":"el-centro-2","status":"publish","type":"page","link":"https:\/\/blogsaverroes.juntadeandalucia.es\/eeiramblamorales\/el-centro-2\/","title":{"rendered":"Datos del centro"},"content":{"rendered":"<p><iframe loading=\"lazy\" src=\"https:\/\/www.google.com\/maps\/embed?pb=!1m18!1m12!1m3!1d13321794.853534363!2d-15.92886583157773!3d35.39554969592799!2m3!1f0!2f0!3f0!3m2!1i1024!2i768!4f13.1!3m3!1m2!1s0xd7a9162c3068601%3A0x192952eb9249aecb!2sEscuela%20Infantil%20de%20Ruescas!5e0!3m2!1ses!2ses!4v1604168659443!5m2!1ses!2ses\" width=\"400\" height=\"300\" frameborder=\"0\"><\/iframe><\/p>\n<p><strong>-DESCRIPCI\u00d3N- DATOS DEL CENTRO:<\/strong><\/p>\n<p>La Escuela de Educaci\u00f3n Infantil Rambla Morales, est\u00e1 situada en Ruescas, al sureste en&nbsp; el municipio de N\u00edjar en la provincia de Almer\u00eda a unos 25 Km. de la capital, en pleno coraz\u00f3n del Parque Natural Cabo de Gata-N\u00edjar.<\/p>\n<p>Su direcci\u00f3n es Plaza de Ruescas s\/n en Ruescas, N\u00edjar (Almer\u00eda) CP 04151. Es un centro de titularidad p\u00fablica dependiente de la Junta de Andaluc\u00eda. Actualmente acoge a ni\u00f1os de tres, cuatro y cinco a\u00f1os.<\/p>\n<p>Su correo electr\u00f3nico es <a href=\"mailto:04005089.edu@juntadeandalucia.es\">04005089.edu@juntadeandalucia.es<\/a><\/p>\n<p>Tel\u00e9fonos: 637 425 496 &#8211; 637 425 615.<\/p>\n<p>El edificio de la escuela es muy antiguo construido alrededor del a\u00f1o 1950, la \u00faltima remodelaci\u00f3n se hizo en 2004. El acceso al edificio es a trav\u00e9s de dos puertas una principal, en la que hay una cancela que da paso a la puerta de entrada al centro,&nbsp; y otra trasera, que est\u00e1 situada en el patio, y que por dar a una carretera con bastante&nbsp; tr\u00e1fico no solemos utilizar.<\/p>\n<p>El colegio cuenta con las siguientes dependencias:<\/p>\n<p>&#8211; Dos aulas de unos 40 m\u00b2, con ventanas que dan al patio y a la calle, creando un ambiente muy luminoso, que hace innecesario el uso de luz el\u00e9ctrica en muchas ocasiones.<\/p>\n<p>&#8211; Un cuarto de ba\u00f1o que fueron adaptados en parte para el uso de los alumnos\/as de infantil, tiene tres wc y dos lavabos.<\/p>\n<p>&#8211; Una entrada, con apenas 15 m\u00b2, en la que los cursos que tenemos tres unidades la usamos de clase, normalmente para aquel nivel que tiene menos alumnado pues es muy peque\u00f1a y no cumple con las medidas oficiales.<\/p>\n<p>&#8211; Una habitaci\u00f3n min\u00fascula que est\u00e1 dentro de la entrada al centro, y por tanto cuando hay una clase all\u00ed hay que pasar por ella para entrar interrumpiendo de este modo su funcionamiento, que es la que utilizamos como despacho de direcci\u00f3n.<\/p>\n<p>&#8211; Un patio, est\u00e1 hormigonado, con puertas traseras que no son las m\u00e1s adecuadas, y adem\u00e1s es bastante peligroso por su distribuci\u00f3n y peque\u00f1o espacio. Una parte del patio est\u00e1 techado con uralita, aproximadamente la tercera parte del mismo.<\/p>\n<p>&#8211; Una habitaci\u00f3n, en el patio, que hace de almac\u00e9n.<\/p>\n<p>&#8211; Carece de sala de profesores\/as, de sala de usos m\u00faltiples, de comedor, de gimnasio y de&nbsp; biblioteca.<\/p>\n<ul>\n<li><strong>Curso 3 a\u00f1os: <\/strong>Tutora Mar\u00eda Isabel P\u00e9rez S\u00e1nchez.<\/li>\n<li><strong>Curso 4 a\u00f1os:<\/strong> Tutor Francisco Jos\u00e9 L\u00f3pez Ruano.<\/li>\n<li><strong>Curso 5 a\u00f1os:<\/strong> Tutora Sara Mart\u00ednez Mart\u00ednez.<\/li>\n<li><strong>Maestra de Apoyo 1: <\/strong>Mar\u00eda Del Mar Gallardo Garrido.<\/li>\n<li><strong>Profesora de Religi\u00f3n: <\/strong>Josefa Romero S\u00e1nchez.<\/li>\n<li><strong>Directora y Maestra de Apoyo 2:<\/strong> Mar\u00eda Del Mar Moya Vaquero.<\/li>\n<\/ul>\n<p>&nbsp;<\/p>\n<p>&nbsp;<\/p>\n","protected":false},"excerpt":{"rendered":"<p>-DESCRIPCI\u00d3N- DATOS DEL CENTRO: La Escuela de Educaci\u00f3n Infantil Rambla Morales, est\u00e1 situada en Ruescas, al sureste en&nbsp; el municipio de N\u00edjar en la provincia de Almer\u00eda a unos 25 Km. de la capital,&#46;&#46;&#46;<\/p>\n","protected":false},"author":1,"featured_media":0,"parent":0,"menu_order":0,"comment_status":"closed","ping_status":"open","template":"page-cs.php","meta":{"ngg_post_thumbnail":0,"footnotes":"","_mc_calendar":[]},"aioseo_notices":[],"_links":{"self":[{"href":"https:\/\/blogsaverroes.juntadeandalucia.es\/eeiramblamorales\/wp-json\/wp\/v2\/pages\/35"}],"collection":[{"href":"https:\/\/blogsaverroes.juntadeandalucia.es\/eeiramblamorales\/wp-json\/wp\/v2\/pages"}],"about":[{"href":"https:\/\/blogsaverroes.juntadeandalucia.es\/eeiramblamorales\/wp-json\/wp\/v2\/types\/page"}],"author":[{"embeddable":true,"href":"https:\/\/blogsaverroes.juntadeandalucia.es\/eeiramblamorales\/wp-json\/wp\/v2\/users\/1"}],"replies":[{"embeddable":true,"href":"https:\/\/blogsaverroes.juntadeandalucia.es\/eeiramblamorales\/wp-json\/wp\/v2\/comments?post=35"}],"version-history":[{"count":24,"href":"https:\/\/blogsaverroes.juntadeandalucia.es\/eeiramblamorales\/wp-json\/wp\/v2\/pages\/35\/revisions"}],"predecessor-version":[{"id":2279,"href":"https:\/\/blogsaverroes.juntadeandalucia.es\/eeiramblamorales\/wp-json\/wp\/v2\/pages\/35\/revisions\/2279"}],"wp:attachment":[{"href":"https:\/\/blogsaverroes.juntadeandalucia.es\/eeiramblamorales\/wp-json\/wp\/v2\/media?parent=35"}],"curies":[{"name":"wp","href":"https:\/\/api.w.org\/{rel}","templated":true}]}}