{"id":1380,"date":"2023-11-06T16:43:55","date_gmt":"2023-11-06T15:43:55","guid":{"rendered":"https:\/\/blogsaverroes.juntadeandalucia.es\/eeirioebromotril\/?page_id=1380"},"modified":"2026-03-27T11:38:43","modified_gmt":"2026-03-27T10:38:43","slug":"revista-digital","status":"publish","type":"page","link":"https:\/\/blogsaverroes.juntadeandalucia.es\/eeirioebromotril\/revista-digital\/","title":{"rendered":"Peri\u00f3dico digital"},"content":{"rendered":"<p>&nbsp;<\/p>\n<p><img loading=\"lazy\" decoding=\"async\" class=\"aligncenter wp-image-1484 size-large\" src=\"https:\/\/blogsaverroes.juntadeandalucia.es\/eeirioebromotril\/files\/2024\/02\/Portada-peri\u00f3dico-digital-1024x575.png\" alt=\"\" width=\"1024\" height=\"575\" srcset=\"https:\/\/blogsaverroes.juntadeandalucia.es\/eeirioebromotril\/files\/2024\/02\/Portada-peri\u00f3dico-digital-1024x575.png 1024w, https:\/\/blogsaverroes.juntadeandalucia.es\/eeirioebromotril\/files\/2024\/02\/Portada-peri\u00f3dico-digital-300x168.png 300w, https:\/\/blogsaverroes.juntadeandalucia.es\/eeirioebromotril\/files\/2024\/02\/Portada-peri\u00f3dico-digital-768x431.png 768w, https:\/\/blogsaverroes.juntadeandalucia.es\/eeirioebromotril\/files\/2024\/02\/Portada-peri\u00f3dico-digital.png 1215w\" sizes=\"(max-width: 1024px) 100vw, 1024px\" \/><\/p>\n<p>&nbsp;<\/p>\n<p>&nbsp;<\/p>\n<p style=\"text-align: center\"><a href=\"https:\/\/perro-volador-1aentrega.my.canva.site\/2-trimestre\"><span style=\"font-size: 24pt\"><strong>Octava edici\u00f3n<\/strong><\/span><\/a><\/p>\n<p>&nbsp;<\/p>\n<p><img loading=\"lazy\" decoding=\"async\" class=\"aligncenter size-full wp-image-2009\" src=\"https:\/\/blogsaverroes.juntadeandalucia.es\/eeirioebromotril\/files\/2025\/04\/foto-periodico.png\" alt=\"\" width=\"469\" height=\"670\" srcset=\"https:\/\/blogsaverroes.juntadeandalucia.es\/eeirioebromotril\/files\/2025\/04\/foto-periodico.png 469w, https:\/\/blogsaverroes.juntadeandalucia.es\/eeirioebromotril\/files\/2025\/04\/foto-periodico-210x300.png 210w\" sizes=\"(max-width: 469px) 100vw, 469px\" \/><\/p>\n<p>&nbsp;<\/p>\n<p style=\"text-align: center\"><a href=\"https:\/\/perro-volador-1aentrega.my.canva.site\/3a-entrega-perro-volador\"><span style=\"font-size: 24pt\"><strong>S\u00e9ptima edici\u00f3n<\/strong><\/span><\/a><\/p>\n<p>&nbsp;<\/p>\n<p><img loading=\"lazy\" decoding=\"async\" class=\"aligncenter size-full wp-image-2009\" src=\"https:\/\/blogsaverroes.juntadeandalucia.es\/eeirioebromotril\/files\/2025\/04\/foto-periodico.png\" alt=\"\" width=\"469\" height=\"670\" srcset=\"https:\/\/blogsaverroes.juntadeandalucia.es\/eeirioebromotril\/files\/2025\/04\/foto-periodico.png 469w, https:\/\/blogsaverroes.juntadeandalucia.es\/eeirioebromotril\/files\/2025\/04\/foto-periodico-210x300.png 210w\" sizes=\"(max-width: 469px) 100vw, 469px\" \/><\/p>\n<p>&nbsp;<\/p>\n<p style=\"text-align: center\"><a href=\"https:\/\/www.canva.com\/design\/DAGnVCqkkwc\/LoqAyAebqs_0uZiAO9uvwA\/edit\"><span style=\"font-size: 24pt\"><strong>Sexta edici\u00f3n<\/strong><\/span><\/a><\/p>\n<p>&nbsp;<\/p>\n<p><img loading=\"lazy\" decoding=\"async\" class=\"aligncenter size-full wp-image-2009\" src=\"https:\/\/blogsaverroes.juntadeandalucia.es\/eeirioebromotril\/files\/2025\/04\/foto-periodico.png\" alt=\"\" width=\"469\" height=\"670\" srcset=\"https:\/\/blogsaverroes.juntadeandalucia.es\/eeirioebromotril\/files\/2025\/04\/foto-periodico.png 469w, https:\/\/blogsaverroes.juntadeandalucia.es\/eeirioebromotril\/files\/2025\/04\/foto-periodico-210x300.png 210w\" sizes=\"(max-width: 469px) 100vw, 469px\" \/><\/p>\n<p style=\"text-align: center\"><span style=\"font-size: 24pt\"><strong>Quinta edici\u00f3n<\/strong><\/span><\/p>\n<p><a href=\"https:\/\/www.canva.com\/design\/DAGcQ5eFG3U\/g8kD2bGDSoG4DydvgPlDZA\/view?utm_content=DAGcQ5eFG3U&amp;utm_campaign=designshare&amp;utm_medium=embeds&amp;utm_source=link\"><img loading=\"lazy\" decoding=\"async\" class=\"aligncenter wp-image-2009 size-full\" src=\"https:\/\/blogsaverroes.juntadeandalucia.es\/eeirioebromotril\/files\/2025\/04\/foto-periodico.png\" alt=\"\" width=\"469\" height=\"670\" srcset=\"https:\/\/blogsaverroes.juntadeandalucia.es\/eeirioebromotril\/files\/2025\/04\/foto-periodico.png 469w, https:\/\/blogsaverroes.juntadeandalucia.es\/eeirioebromotril\/files\/2025\/04\/foto-periodico-210x300.png 210w\" sizes=\"(max-width: 469px) 100vw, 469px\" \/><\/a><\/p>\n<p>&nbsp;<\/p>\n<p>&nbsp;<\/p>\n<p style=\"text-align: center\"><span style=\"font-size: 24pt\"><strong>Cuarta edici\u00f3n<\/strong><\/span><\/p>\n<p><a href=\"https:\/\/www.canva.com\/design\/DAGTFS7ngbM\/iTSzZH9DqmtvcmSczPEFAg\/watch?utm_content=DAGTFS7ngbM&amp;utm_campaign=designshare&amp;utm_medium=embeds&amp;utm_source=link\"><img loading=\"lazy\" decoding=\"async\" class=\"aligncenter wp-image-2009 size-full\" src=\"https:\/\/blogsaverroes.juntadeandalucia.es\/eeirioebromotril\/files\/2025\/04\/foto-periodico.png\" alt=\"\" width=\"469\" height=\"670\" srcset=\"https:\/\/blogsaverroes.juntadeandalucia.es\/eeirioebromotril\/files\/2025\/04\/foto-periodico.png 469w, https:\/\/blogsaverroes.juntadeandalucia.es\/eeirioebromotril\/files\/2025\/04\/foto-periodico-210x300.png 210w\" sizes=\"(max-width: 469px) 100vw, 469px\" \/><\/a><\/p>\n<p>&nbsp;<\/p>\n<p style=\"text-align: center\"><span style=\"font-size: 24pt\"><strong>Tercera edici\u00f3n<\/strong><\/span><\/p>\n<p><a href=\"https:\/\/www.canva.com\/design\/DAGFxF7Ry8k\/kEOLxCiIxLgwhExsxWCN-A\/view?utm_content=DAGFxF7Ry8k&amp;utm_campaign=designshare&amp;utm_medium=embeds&amp;utm_source=link\"><img loading=\"lazy\" decoding=\"async\" class=\"aligncenter wp-image-2009 size-full\" src=\"https:\/\/blogsaverroes.juntadeandalucia.es\/eeirioebromotril\/files\/2025\/04\/foto-periodico.png\" alt=\"\" width=\"469\" height=\"670\" srcset=\"https:\/\/blogsaverroes.juntadeandalucia.es\/eeirioebromotril\/files\/2025\/04\/foto-periodico.png 469w, https:\/\/blogsaverroes.juntadeandalucia.es\/eeirioebromotril\/files\/2025\/04\/foto-periodico-210x300.png 210w\" sizes=\"(max-width: 469px) 100vw, 469px\" \/><\/a><\/p>\n<p>&nbsp;<\/p>\n<p style=\"text-align: center\"><span style=\"font-size: 24pt\"><strong>Segunda edici\u00f3n<\/strong><\/span><\/p>\n<p style=\"text-align: center\"><a href=\"https:\/\/digi-2023.my.canva.site\/2aentrega\"><img loading=\"lazy\" decoding=\"async\" class=\"aligncenter wp-image-1608 size-full\" src=\"https:\/\/blogsaverroes.juntadeandalucia.es\/eeirioebromotril\/files\/2024\/05\/Portada-segunda-edicion.png\" alt=\"\" width=\"751\" height=\"931\" srcset=\"https:\/\/blogsaverroes.juntadeandalucia.es\/eeirioebromotril\/files\/2024\/05\/Portada-segunda-edicion.png 751w, https:\/\/blogsaverroes.juntadeandalucia.es\/eeirioebromotril\/files\/2024\/05\/Portada-segunda-edicion-242x300.png 242w\" sizes=\"(max-width: 751px) 100vw, 751px\" \/><\/a><\/p>\n<p>&nbsp;<\/p>\n<p style=\"text-align: center\"><span style=\"font-size: 24pt\"><strong>Primera edici\u00f3n<\/strong><\/span><\/p>\n<p><a href=\"https:\/\/digirioebroperiodicodigital.my.canva.site\/\"><img loading=\"lazy\" decoding=\"async\" class=\"aligncenter wp-image-1485 size-full\" src=\"https:\/\/blogsaverroes.juntadeandalucia.es\/eeirioebromotril\/files\/2024\/02\/Primera-tirada.png\" alt=\"\" width=\"603\" height=\"682\" srcset=\"https:\/\/blogsaverroes.juntadeandalucia.es\/eeirioebromotril\/files\/2024\/02\/Primera-tirada.png 603w, https:\/\/blogsaverroes.juntadeandalucia.es\/eeirioebromotril\/files\/2024\/02\/Primera-tirada-265x300.png 265w\" sizes=\"(max-width: 603px) 100vw, 603px\" \/><\/a><\/p>\n<p style=\"text-align: center\">&nbsp;<\/p>\n<div style=\"position: relative;width: 100%;height: 0;padding-top: 141.4286%;padding-bottom: 0;margin-top: 1.6em;margin-bottom: 0.9em;overflow: hidden;border-radius: 8px\"><iframe src=\"https:\/\/www.canva.com\/design\/DAGTFS7ngbM\/iTSzZH9DqmtvcmSczPEFAg\/watch?embed\"><br \/>\n<\/iframe><\/div>\n<p><a href=\"https:\/\/www.canva.com\/design\/DAGTFS7ngbM\/iTSzZH9DqmtvcmSczPEFAg\/watch?utm_content=DAGTFS7ngbM&amp;utm_campaign=designshare&amp;utm_medium=embeds&amp;utm_source=link\" target=\"_blank\" rel=\"noopener\">PERRO VOLADOR 1a entrega<\/a> de IRENE<\/p>\n","protected":false},"excerpt":{"rendered":"<p>&nbsp; &nbsp; &nbsp; Octava edici\u00f3n &nbsp; &nbsp; S\u00e9ptima edici\u00f3n &nbsp; &nbsp; Sexta edici\u00f3n &nbsp; Quinta edici\u00f3n &nbsp; &nbsp; Cuarta edici\u00f3n &nbsp; Tercera edici\u00f3n &nbsp; Segunda edici\u00f3n &nbsp; Primera edici\u00f3n &nbsp; PERRO VOLADOR 1a entrega de IRENE<\/p>\n","protected":false},"author":13777,"featured_media":0,"parent":0,"menu_order":0,"comment_status":"closed","ping_status":"closed","template":"","meta":{"ngg_post_thumbnail":0,"footnotes":""},"aioseo_notices":[],"_links":{"self":[{"href":"https:\/\/blogsaverroes.juntadeandalucia.es\/eeirioebromotril\/wp-json\/wp\/v2\/pages\/1380"}],"collection":[{"href":"https:\/\/blogsaverroes.juntadeandalucia.es\/eeirioebromotril\/wp-json\/wp\/v2\/pages"}],"about":[{"href":"https:\/\/blogsaverroes.juntadeandalucia.es\/eeirioebromotril\/wp-json\/wp\/v2\/types\/page"}],"author":[{"embeddable":true,"href":"https:\/\/blogsaverroes.juntadeandalucia.es\/eeirioebromotril\/wp-json\/wp\/v2\/users\/13777"}],"replies":[{"embeddable":true,"href":"https:\/\/blogsaverroes.juntadeandalucia.es\/eeirioebromotril\/wp-json\/wp\/v2\/comments?post=1380"}],"version-history":[{"count":17,"href":"https:\/\/blogsaverroes.juntadeandalucia.es\/eeirioebromotril\/wp-json\/wp\/v2\/pages\/1380\/revisions"}],"predecessor-version":[{"id":2293,"href":"https:\/\/blogsaverroes.juntadeandalucia.es\/eeirioebromotril\/wp-json\/wp\/v2\/pages\/1380\/revisions\/2293"}],"wp:attachment":[{"href":"https:\/\/blogsaverroes.juntadeandalucia.es\/eeirioebromotril\/wp-json\/wp\/v2\/media?parent=1380"}],"curies":[{"name":"wp","href":"https:\/\/api.w.org\/{rel}","templated":true}]}}