{"id":30,"date":"2020-01-09T12:41:20","date_gmt":"2020-01-09T11:41:20","guid":{"rendered":"http:\/\/blogsaverroes.juntadeandalucia.es\/pre\/nuevoceip2v2\/?page_id=30"},"modified":"2026-02-02T13:23:09","modified_gmt":"2026-02-02T12:23:09","slug":"ampa","status":"publish","type":"page","link":"https:\/\/blogsaverroes.juntadeandalucia.es\/eeirioebromotril\/ampa\/","title":{"rendered":"AMPA"},"content":{"rendered":"<p><span style=\"font-size: 12pt\">El AMPA &#8220;Los Traviesos&#8221; es una asociaci\u00f3n sin \u00e1nimo de lucro que est\u00e1 formada por los padres y madres de todo el alumnado del colegio.<\/span><\/p>\n<p><span style=\"font-size: 12pt\">En el colegio existen espacios de participaci\u00f3n, siendo el AMPA el \u00fanico espacio de participaci\u00f3n aut\u00f3nomo de padres y madres.<\/span><\/p>\n<p><span style=\"font-size: 12pt\"><strong>\u00bfC\u00f3mo se puede participar?<\/strong><\/span><\/p>\n<ul>\n<li><span style=\"font-size: 12pt\">Se puede asociar en cualquier momento (la cuota, 15 \u20ac anuales, se puede pagar, y es por familia, no por ni\u00f1o\/a).<\/span><\/li>\n<li><span style=\"font-size: 12pt\">A trav\u00e9s de las asambleas.<\/span><\/li>\n<li><span style=\"font-size: 12pt\">Colaborando en las diferentes actividades que se organicen a lo largo del curso.<\/span><\/li>\n<li><span style=\"font-size: 12pt\">Proponer iniciativas, actividades, etc.<\/span><\/li>\n<\/ul>\n<p><span style=\"font-size: 12pt\"><strong>Objetivos<\/strong><\/span><\/p>\n<ul>\n<li><span style=\"font-size: 12pt\">Incrementar el n\u00famero de socios\/as.<\/span><\/li>\n<li><span style=\"font-size: 12pt\">Unir a todos los padres y madres para trabajar por el bien de sus hijos\/as.<\/span><\/li>\n<li><span style=\"font-size: 12pt\">Crear una convivencia afable entre profesorado, familia y alumnado.<\/span><\/li>\n<li><span style=\"font-size: 12pt\">Luchar para que la educaci\u00f3n de sus hijos\/as y su centro sea el m\u00e1s adecuado.<\/span><\/li>\n<\/ul>\n<p><strong><span style=\"font-size: 12pt\">\u00bfC\u00f3mo se financia?<\/span><\/strong><\/p>\n<p><span style=\"font-size: 12pt\">El AMPA se financia a trav\u00e9s de las cuotas de los socios\/as (14\u20ac anuales).<\/span><\/p>\n<p><span style=\"font-size: 12pt\">La cuota de socios\/as es el \u00fanico pago que realizan las familias y que gestiona el AMPA para el beneficio exclusivo de la Comunidad Educativa.<\/span><\/p>\n<table style=\"width: 100%;border-collapse: collapse;background-color: #3918c9\">\n<tbody>\n<tr>\n<td style=\"width: 100%\"><span style=\"font-family: 'comic sans ms', sans-serif\"><strong><span style=\"color: #ffffff\">JUNTA DIRECTIVA<\/span><\/strong><\/span><\/td>\n<\/tr>\n<\/tbody>\n<\/table>\n<table style=\"border-collapse: collapse;width: 100%\">\n<tbody>\n<tr>\n<td style=\"width: 50%;text-align: center\"><span style=\"font-family: 'comic sans ms', sans-serif\"><strong>PRESIDENTA <\/strong>Natalia Vinuesa Alonso<\/span><\/td>\n<td style=\"width: 50%;text-align: center\"><strong><span style=\"font-family: 'comic sans ms', sans-serif\">VICEPRESIDENTA<\/span><\/strong><span style=\"font-family: 'comic sans ms', sans-serif\"> Victoria Eugenia Garc\u00eda Mart\u00edn<\/span><\/td>\n<\/tr>\n<tr>\n<td style=\"width: 50%;text-align: center\"><span style=\"font-family: 'comic sans ms', sans-serif\"><strong>TESORERA<\/strong> Silvia L\u00f3pez Carrillo<\/span><\/td>\n<td style=\"width: 50%;text-align: center\"><span style=\"font-family: 'comic sans ms', sans-serif\"><strong>VICETESORERA<\/strong> Marie Claire Richardson<\/span><\/td>\n<\/tr>\n<tr>\n<td style=\"width: 50%;text-align: center\"><strong><span style=\"font-family: 'comic sans ms', sans-serif\">SECRETARIA<\/span><\/strong><span style=\"font-family: 'comic sans ms', sans-serif\"> Elisabeth Mar\u00eda Est\u00e9vez Fern\u00e1ndez<\/span><\/td>\n<td style=\"width: 50%;text-align: center\"><strong><span style=\"font-family: 'comic sans ms', sans-serif\">VICESECRETARIA<\/span><\/strong><span style=\"font-family: 'comic sans ms', sans-serif\"> Patricia Cardona Ruiz<\/span><\/td>\n<\/tr>\n<tr>\n<td style=\"width: 100%;text-align: center\" colspan=\"2\"><span style=\"color: #000000;font-size: 12pt\"><strong><span style=\"font-family: 'comic sans ms', sans-serif\">VOCALES<\/span><\/strong><\/span><\/p>\n<p><span style=\"font-family: 'comic sans ms', sans-serif;font-size: 12pt;color: #000000\">Abigail Venegas Novo<\/span><\/p>\n<p><span style=\"font-family: 'comic sans ms', sans-serif;font-size: 12pt;color: #000000\">Mar\u00eda \u00c1ngeles Marcos Fern\u00e1ndez<\/span><\/p>\n<p><span style=\"font-family: 'comic sans ms', sans-serif;font-size: 12pt;color: #000000\">Eva M. S\u00e1nchez Noguera<\/span><\/p>\n<p><span style=\"font-family: 'comic sans ms', sans-serif;font-size: 12pt;color: #000000\">Noelia Molina L\u00f3pez<\/span><\/td>\n<\/tr>\n<\/tbody>\n<\/table>\n<p style=\"text-align: center\"><a href=\"https:\/\/es-es.facebook.com\/ampa.lostraviesos\/\"><strong>FACEBOOK &#8220;LOS TRAVIESOS&#8221;<\/strong><\/a><\/p>\n<p><img loading=\"lazy\" decoding=\"async\" class=\"size-thumbnail wp-image-544 aligncenter\" src=\"https:\/\/blogsaverroes.juntadeandalucia.es\/eeirioebromotril\/files\/2021\/11\/logo-AMPA-150x150.png\" alt=\"\" width=\"150\" height=\"150\" srcset=\"https:\/\/blogsaverroes.juntadeandalucia.es\/eeirioebromotril\/files\/2021\/11\/logo-AMPA-150x150.png 150w, https:\/\/blogsaverroes.juntadeandalucia.es\/eeirioebromotril\/files\/2021\/11\/logo-AMPA-300x300.png 300w, https:\/\/blogsaverroes.juntadeandalucia.es\/eeirioebromotril\/files\/2021\/11\/logo-AMPA-768x768.png 768w, https:\/\/blogsaverroes.juntadeandalucia.es\/eeirioebromotril\/files\/2021\/11\/logo-AMPA-980x980.png 980w, https:\/\/blogsaverroes.juntadeandalucia.es\/eeirioebromotril\/files\/2021\/11\/logo-AMPA-480x480.png 480w, https:\/\/blogsaverroes.juntadeandalucia.es\/eeirioebromotril\/files\/2021\/11\/logo-AMPA.png 1000w\" sizes=\"(max-width: 150px) 100vw, 150px\" \/><\/p>\n","protected":false},"excerpt":{"rendered":"<p>El AMPA &#8220;Los Traviesos&#8221; es una asociaci\u00f3n sin \u00e1nimo de lucro que est\u00e1 formada por los padres y madres de todo el alumnado del colegio. En el colegio existen espacios de participaci\u00f3n, siendo el AMPA el \u00fanico espacio de participaci\u00f3n aut\u00f3nomo de padres y madres. \u00bfC\u00f3mo se puede participar? Se puede asociar en cualquier momento [&hellip;]<\/p>\n","protected":false},"author":13780,"featured_media":0,"parent":0,"menu_order":0,"comment_status":"closed","ping_status":"closed","template":"","meta":{"ngg_post_thumbnail":0,"footnotes":""},"aioseo_notices":[],"_links":{"self":[{"href":"https:\/\/blogsaverroes.juntadeandalucia.es\/eeirioebromotril\/wp-json\/wp\/v2\/pages\/30"}],"collection":[{"href":"https:\/\/blogsaverroes.juntadeandalucia.es\/eeirioebromotril\/wp-json\/wp\/v2\/pages"}],"about":[{"href":"https:\/\/blogsaverroes.juntadeandalucia.es\/eeirioebromotril\/wp-json\/wp\/v2\/types\/page"}],"author":[{"embeddable":true,"href":"https:\/\/blogsaverroes.juntadeandalucia.es\/eeirioebromotril\/wp-json\/wp\/v2\/users\/13780"}],"replies":[{"embeddable":true,"href":"https:\/\/blogsaverroes.juntadeandalucia.es\/eeirioebromotril\/wp-json\/wp\/v2\/comments?post=30"}],"version-history":[{"count":10,"href":"https:\/\/blogsaverroes.juntadeandalucia.es\/eeirioebromotril\/wp-json\/wp\/v2\/pages\/30\/revisions"}],"predecessor-version":[{"id":2254,"href":"https:\/\/blogsaverroes.juntadeandalucia.es\/eeirioebromotril\/wp-json\/wp\/v2\/pages\/30\/revisions\/2254"}],"wp:attachment":[{"href":"https:\/\/blogsaverroes.juntadeandalucia.es\/eeirioebromotril\/wp-json\/wp\/v2\/media?parent=30"}],"curies":[{"name":"wp","href":"https:\/\/api.w.org\/{rel}","templated":true}]}}