{"id":39,"date":"2020-01-09T12:44:11","date_gmt":"2020-01-09T11:44:11","guid":{"rendered":"http:\/\/blogsaverroes.juntadeandalucia.es\/pre\/nuevoceip2v2\/?page_id=39"},"modified":"2024-09-18T09:01:10","modified_gmt":"2024-09-18T08:01:10","slug":"comedor-escolar","status":"publish","type":"page","link":"https:\/\/blogsaverroes.juntadeandalucia.es\/eeirioebromotril\/comedor-escolar\/","title":{"rendered":"Comedor escolar"},"content":{"rendered":"<p>Los centros docentes p\u00fablicos prestan el servicio de comedor escolar para el alumnado despu\u00e9s de la finalizaci\u00f3n de la jornada lectiva.<\/p>\n<p style=\"text-align: center\"><a href=\"https:\/\/www.juntadeandalucia.es\/organismos\/desarrolloeducativoyformacionprofesional\/areas\/educacion-familias\/servicios-complementarios\/paginas\/servicio-comedor.html\"><img loading=\"lazy\" decoding=\"async\" class=\"aligncenter wp-image-1089 size-medium\" src=\"https:\/\/blogsaverroes.juntadeandalucia.es\/eeirioebromotril\/files\/2023\/01\/Dibujo-de-cubiertos-300x251.png\" alt=\"\" width=\"300\" height=\"251\" srcset=\"https:\/\/blogsaverroes.juntadeandalucia.es\/eeirioebromotril\/files\/2023\/01\/Dibujo-de-cubiertos-300x251.png 300w, https:\/\/blogsaverroes.juntadeandalucia.es\/eeirioebromotril\/files\/2023\/01\/Dibujo-de-cubiertos-768x644.png 768w, https:\/\/blogsaverroes.juntadeandalucia.es\/eeirioebromotril\/files\/2023\/01\/Dibujo-de-cubiertos.png 940w\" sizes=\"(max-width: 300px) 100vw, 300px\" \/><\/a><\/p>\n<p style=\"text-align: center\"><strong>Impresos e inscripciones. <\/strong><\/p>\n<p><strong><a href=\"https:\/\/blogsaverroes.juntadeandalucia.es\/eeirioebromotril\/files\/2024\/09\/ANEXO-II-corregido.pdf\">Anexo II-Solicitud Plan de Apertura<\/a>. <\/strong>Solicitud de Aula matinal, comedor y Actividades Extraescolares. Se solicita con la matr\u00edcula del 1 al 8 de junio. O a lo largo del curso.<\/p>\n<p><strong><a href=\"https:\/\/blogsaverroes.juntadeandalucia.es\/eeirioebromotril\/files\/2023\/01\/002563-A05-V01-00.pdf\">Anexo V-Bonificaci\u00f3n Plan de Apertura<\/a>.<\/strong> Solicitud de subvenci\u00f3n para Aula matinal, Comedor y Actividades Extraescolares.&nbsp;<\/p>\n<p>&nbsp;<\/p>\n<p><strong>Importante:<\/strong> Si al solicitar el servicio de Aula Matinal y\/o Comedor se necesita acreditar la&nbsp;<strong>vida laboral<\/strong> de los dos progenitores y los&nbsp;<strong>certificados de trabajo,&nbsp;<\/strong>estos deben ser v\u00e1lidos con&nbsp;<strong>fecha a partir del 1 de junio.<\/strong><\/p>\n<p>De lunes a viernes de 14:00 a 16:00.<\/p>\n<p>5,54 euros por d\u00eda.<\/p>\n<p><a href=\"https:\/\/www.juntadeandalucia.es\/organismos\/desarrolloeducativoyformacionprofesional\/areas\/educacion-familias\/servicios-complementarios\/paginas\/servicio-comedor.html\"><strong>Informaci\u00f3n del servicio de comedor de la p\u00e1gina de la junta de Andaluc\u00eda<\/strong><\/a><\/p>\n<p><a href=\"https:\/\/blogsaverroes.juntadeandalucia.es\/eeirioebromotril\/files\/2022\/11\/Circular_comedor.pdf\"><strong>Informaci\u00f3n del Katering &#8220;Hermanos Gonz\u00e1lez&#8221;<\/strong><\/a><\/p>\n<p><a href=\"https:\/\/blogsaverroes.juntadeandalucia.es\/eeirioebromotril\/files\/2023\/01\/Infograf\u00edas.pdf\"><strong>Infograf\u00eda del Katering &#8220;Hermanos Gonz\u00e1lez&#8221;<\/strong><\/a><\/p>\n<p><a href=\"https:\/\/blogsaverroes.juntadeandalucia.es\/eeirioebromotril\/files\/2023\/01\/Planilla-FEBRERO.pdf\"><strong>Men\u00fa del mes.<\/strong><\/a><\/p>\n","protected":false},"excerpt":{"rendered":"<p>Los centros docentes p\u00fablicos prestan el servicio de comedor escolar para el alumnado despu\u00e9s de la finalizaci\u00f3n de la jornada lectiva. Impresos e inscripciones. Anexo II-Solicitud Plan de Apertura. Solicitud de Aula matinal, comedor y Actividades Extraescolares. Se solicita con la matr\u00edcula del 1 al 8 de junio. O a lo largo del curso. Anexo [&hellip;]<\/p>\n","protected":false},"author":13780,"featured_media":0,"parent":0,"menu_order":0,"comment_status":"closed","ping_status":"closed","template":"","meta":{"ngg_post_thumbnail":0,"footnotes":""},"aioseo_notices":[],"_links":{"self":[{"href":"https:\/\/blogsaverroes.juntadeandalucia.es\/eeirioebromotril\/wp-json\/wp\/v2\/pages\/39"}],"collection":[{"href":"https:\/\/blogsaverroes.juntadeandalucia.es\/eeirioebromotril\/wp-json\/wp\/v2\/pages"}],"about":[{"href":"https:\/\/blogsaverroes.juntadeandalucia.es\/eeirioebromotril\/wp-json\/wp\/v2\/types\/page"}],"author":[{"embeddable":true,"href":"https:\/\/blogsaverroes.juntadeandalucia.es\/eeirioebromotril\/wp-json\/wp\/v2\/users\/13780"}],"replies":[{"embeddable":true,"href":"https:\/\/blogsaverroes.juntadeandalucia.es\/eeirioebromotril\/wp-json\/wp\/v2\/comments?post=39"}],"version-history":[{"count":11,"href":"https:\/\/blogsaverroes.juntadeandalucia.es\/eeirioebromotril\/wp-json\/wp\/v2\/pages\/39\/revisions"}],"predecessor-version":[{"id":1684,"href":"https:\/\/blogsaverroes.juntadeandalucia.es\/eeirioebromotril\/wp-json\/wp\/v2\/pages\/39\/revisions\/1684"}],"wp:attachment":[{"href":"https:\/\/blogsaverroes.juntadeandalucia.es\/eeirioebromotril\/wp-json\/wp\/v2\/media?parent=39"}],"curies":[{"name":"wp","href":"https:\/\/api.w.org\/{rel}","templated":true}]}}

<p>Los centros docentes públicos prestan el servicio de comedor escolar para el alumnado después de la finalización de la jornada lectiva.</p>
<p style="text-align: center"><a href="https://www.juntadeandalucia.es/organismos/desarrolloeducativoyformacionprofesional/areas/educacion-familias/servicios-complementarios/paginas/servicio-comedor.html"><img loading="lazy" decoding="async" class="aligncenter wp-image-1089 size-medium" src="https://blogsaverroes.juntadeandalucia.es/eeirioebromotril/files/2023/01/Dibujo-de-cubiertos-300x251.png" alt="" width="300" height="251" srcset="https://blogsaverroes.juntadeandalucia.es/eeirioebromotril/files/2023/01/Dibujo-de-cubiertos-300x251.png 300w, https://blogsaverroes.juntadeandalucia.es/eeirioebromotril/files/2023/01/Dibujo-de-cubiertos-768x644.png 768w, https://blogsaverroes.juntadeandalucia.es/eeirioebromotril/files/2023/01/Dibujo-de-cubiertos.png 940w" sizes="(max-width: 300px) 100vw, 300px" /></a></p>
<p style="text-align: center"><strong>Impresos e inscripciones. </strong></p>
<p><strong><a href="https://blogsaverroes.juntadeandalucia.es/eeirioebromotril/files/2024/09/ANEXO-II-corregido.pdf">Anexo II-Solicitud Plan de Apertura</a>. </strong>Solicitud de Aula matinal, comedor y Actividades Extraescolares. Se solicita con la matrícula del 1 al 8 de junio. O a lo largo del curso.</p>
<p><strong><a href="https://blogsaverroes.juntadeandalucia.es/eeirioebromotril/files/2023/01/002563-A05-V01-00.pdf">Anexo V-Bonificación Plan de Apertura</a>.</strong> Solicitud de subvención para Aula matinal, Comedor y Actividades Extraescolares.&nbsp;</p>
<p>&nbsp;</p>
<p><strong>Importante:</strong> Si al solicitar el servicio de Aula Matinal y/o Comedor se necesita acreditar la&nbsp;<strong>vida laboral</strong> de los dos progenitores y los&nbsp;<strong>certificados de trabajo,&nbsp;</strong>estos deben ser válidos con&nbsp;<strong>fecha a partir del 1 de junio.</strong></p>
<p>De lunes a viernes de 14:00 a 16:00.</p>
<p>5,54 euros por día.</p>
<p><a href="https://www.juntadeandalucia.es/organismos/desarrolloeducativoyformacionprofesional/areas/educacion-familias/servicios-complementarios/paginas/servicio-comedor.html"><strong>Información del servicio de comedor de la página de la junta de Andalucía</strong></a></p>
<p><a href="https://blogsaverroes.juntadeandalucia.es/eeirioebromotril/files/2022/11/Circular_comedor.pdf"><strong>Información del Katering &#8220;Hermanos González&#8221;</strong></a></p>
<p><a href="https://blogsaverroes.juntadeandalucia.es/eeirioebromotril/files/2023/01/Infografías.pdf"><strong>Infografía del Katering &#8220;Hermanos González&#8221;</strong></a></p>
<p><a href="https://blogsaverroes.juntadeandalucia.es/eeirioebromotril/files/2023/01/Planilla-FEBRERO.pdf"><strong>Menú del mes.</strong></a></p>

<p>Los centros docentes públicos prestan el servicio de comedor escolar para el alumnado después de la finalización de la jornada lectiva. Impresos e inscripciones. Anexo II-Solicitud Plan de Apertura. Solicitud de Aula matinal, comedor y Actividades Extraescolares. Se solicita con la matrícula del 1 al 8 de junio. O a lo largo del curso. Anexo [&hellip;]</p>
