{"id":41,"date":"2020-01-09T12:45:03","date_gmt":"2020-01-09T11:45:03","guid":{"rendered":"http:\/\/blogsaverroes.juntadeandalucia.es\/pre\/nuevoceip2v2\/?page_id=41"},"modified":"2025-09-15T18:57:10","modified_gmt":"2025-09-15T17:57:10","slug":"el-centro","status":"publish","type":"page","link":"https:\/\/blogsaverroes.juntadeandalucia.es\/eeirioebromotril\/el-centro\/","title":{"rendered":"El centro"},"content":{"rendered":"<p style=\"text-align: justify\"><span style=\"font-size: 10pt\">La Escuela&nbsp;de Educaci\u00f3n Infantil \u201cRio Ebro&#8221;, es un centro de titularidad p\u00fablica, que imparte las ense\u00f1anzas correspondientes al 2\u00ba ciclo de Educaci\u00f3n Infantil, de 3 a 6 a\u00f1os.<\/span><\/p>\n<p style=\"text-align: justify\"><span style=\"font-size: 10pt\">Fue creada por el Ministerio de Educaci\u00f3n&nbsp; hace cuarenta y siete a\u00f1os.&nbsp; Su alumnado se halla adscrito al colegio de Primaria \u201cVirgen de la Cabeza\u201d.<\/span><\/p>\n<p style=\"text-align: justify\"><span style=\"font-size: 10pt\">Esta Escuela consta de 9 unidades de Educaci\u00f3n Infantil, un aula de Educaci\u00f3n especial (aula de apoyo a la integraci\u00f3n), un aula de Audici\u00f3n y lenguaje, un\/a especialista en ingl\u00e9s compartida con el colegio Virgen de la Cabeza y una profesora de religi\u00f3n. Adem\u00e1s contamos con la colaboraci\u00f3n de dos monitoras de educaci\u00f3n especial para atender al alumnado de necesidades educativas especiales.<\/span><\/p>\n<p style=\"text-align: justify\"><span style=\"font-size: 10pt\">Nuestro edifico cuenta con dos plantas. En la planta baja se hallan ubicadas un aula de psicomotricidad, una tutor\u00eda y un despacho para la orientadora del centro y Ampa. En la primera planta hay cuatro clases, los servicios del alumnado y profesorado, el despacho de direcci\u00f3n, secretar\u00eda y el aula de Educaci\u00f3n Especial (PTAI). Y por \u00faltimo en la segunda planta hay otras cuatro clases, los servicios del&nbsp; alumnado y profesorado, la sala de profesorado y una peque\u00f1a clase para audici\u00f3n y lenguaje.<\/span><\/p>\n<p>&nbsp;<\/p>\n<p><img loading=\"lazy\" decoding=\"async\" class=\"alignnone size-full wp-image-748\" src=\"https:\/\/blogsaverroes.juntadeandalucia.es\/eeirioebromotril\/files\/2022\/11\/IMG_20220223_140600-2-scaled.jpg\" alt=\"\" width=\"2560\" height=\"1152\" srcset=\"https:\/\/blogsaverroes.juntadeandalucia.es\/eeirioebromotril\/files\/2022\/11\/IMG_20220223_140600-2-scaled.jpg 2560w, https:\/\/blogsaverroes.juntadeandalucia.es\/eeirioebromotril\/files\/2022\/11\/IMG_20220223_140600-2-300x135.jpg 300w, https:\/\/blogsaverroes.juntadeandalucia.es\/eeirioebromotril\/files\/2022\/11\/IMG_20220223_140600-2-1024x461.jpg 1024w, https:\/\/blogsaverroes.juntadeandalucia.es\/eeirioebromotril\/files\/2022\/11\/IMG_20220223_140600-2-768x346.jpg 768w, https:\/\/blogsaverroes.juntadeandalucia.es\/eeirioebromotril\/files\/2022\/11\/IMG_20220223_140600-2-1536x691.jpg 1536w, https:\/\/blogsaverroes.juntadeandalucia.es\/eeirioebromotril\/files\/2022\/11\/IMG_20220223_140600-2-2048x922.jpg 2048w, https:\/\/blogsaverroes.juntadeandalucia.es\/eeirioebromotril\/files\/2022\/11\/IMG_20220223_140600-2-1080x486.jpg 1080w, https:\/\/blogsaverroes.juntadeandalucia.es\/eeirioebromotril\/files\/2022\/11\/IMG_20220223_140600-2-1280x576.jpg 1280w, https:\/\/blogsaverroes.juntadeandalucia.es\/eeirioebromotril\/files\/2022\/11\/IMG_20220223_140600-2-980x441.jpg 980w, https:\/\/blogsaverroes.juntadeandalucia.es\/eeirioebromotril\/files\/2022\/11\/IMG_20220223_140600-2-480x216.jpg 480w\" sizes=\"(max-width: 2560px) 100vw, 2560px\" \/><\/p>\n<p>&nbsp;<\/p>\n<p style=\"text-align: justify\"><span style=\"font-size: 10pt\">Nuestra Escuela pertenece desde hace ya casi veinte cursos a la red de centros biling\u00fces. Todo el alumnado recibir\u00e1 clases de ingl\u00e9s con una duraci\u00f3n de 90 minutos a la semana.<\/span><\/p>\n<p style=\"text-align: justify\"><span style=\"font-size: 10pt\">Sin embargo, este idioma no s\u00f3lo estar\u00e1 presente en las aulas a la hora de la clase de ingl\u00e9s, sino que cada maestro y maestra del centro incorpora a las rutinas diarias del aula lo que denominamos en el centro \u201ccu\u00f1as biling\u00fces\u201d, es decir, expresiones muy b\u00e1sicas del tipo \u201copen the door\u201d (abre la puerta) as\u00ed como vocabulario en ingl\u00e9s relacionado con&nbsp;los proyectos &nbsp;que se est\u00e9n trabajando en el aula en ese momento. Por ejemplo, si en la clase se est\u00e1 trabajando el color rojo tambi\u00e9n aprender\u00e1n c\u00f3mo se dice este color en ingl\u00e9s (red).<\/span><\/p>\n<p style=\"text-align: justify\"><span style=\"font-size: 10pt\">Adem\u00e1s esta ense\u00f1anza se completar\u00e1 con el aprendizaje de canciones y poes\u00edas cortas tambi\u00e9n en ingl\u00e9s.&nbsp;<\/span><\/p>\n<p style=\"text-align: justify\"><span style=\"font-size: 10pt\">Y por las tardes el ingl\u00e9s sigue presente en las aulas de nuestro cole pues una de las actividades extraescolares del \u201cPlan de apertura\u201d consiste precisamente en clases de ingl\u00e9s para todos aquellos alumnos y alumnas cuyas familias hayan decidido apuntarlos a esta actividad.<\/span><\/p>\n<p>&nbsp;<\/p>\n<p><img loading=\"lazy\" decoding=\"async\" class=\"alignnone size-full wp-image-848\" src=\"https:\/\/blogsaverroes.juntadeandalucia.es\/eeirioebromotril\/files\/2022\/11\/1647127230271-IMG_20211008_095829_1.jpg\" alt=\"\" width=\"2000\" height=\"1500\" srcset=\"https:\/\/blogsaverroes.juntadeandalucia.es\/eeirioebromotril\/files\/2022\/11\/1647127230271-IMG_20211008_095829_1.jpg 2000w, https:\/\/blogsaverroes.juntadeandalucia.es\/eeirioebromotril\/files\/2022\/11\/1647127230271-IMG_20211008_095829_1-300x225.jpg 300w, https:\/\/blogsaverroes.juntadeandalucia.es\/eeirioebromotril\/files\/2022\/11\/1647127230271-IMG_20211008_095829_1-1024x768.jpg 1024w, https:\/\/blogsaverroes.juntadeandalucia.es\/eeirioebromotril\/files\/2022\/11\/1647127230271-IMG_20211008_095829_1-768x576.jpg 768w, https:\/\/blogsaverroes.juntadeandalucia.es\/eeirioebromotril\/files\/2022\/11\/1647127230271-IMG_20211008_095829_1-1536x1152.jpg 1536w\" sizes=\"(max-width: 2000px) 100vw, 2000px\" \/><\/p>\n<p>&nbsp;<\/p>\n<p style=\"font-weight: 400;text-align: justify\"><span style=\"font-size: 10pt\">En Educaci\u00f3n Infantil, utilizamos el&nbsp;<strong>juego<\/strong>&nbsp;como elemento&nbsp;<strong>motivador<\/strong>&nbsp;de inducci\u00f3n al aprendizaje. Por medio de \u00e9l, el ni\u00f1o\/a experimenta, razona y transforma la realidad. Jugando, los ni\u00f1os y ni\u00f1as asimilan conceptos, integran normas, desarrollan capacidades comunicativas y estimulan su creatividad.<\/span><\/p>\n<p style=\"font-weight: 400;text-align: justify\"><span style=\"font-size: 10pt\">Utilizamos el juego para crear situaciones que lleven al ni\u00f1o a descubrir caminos, a ser art\u00edfices de sus propios aprendizajes.<\/span><\/p>\n<p style=\"font-weight: 400;text-align: justify\"><span style=\"font-size: 10pt\">Todo ello a trav\u00e9s de una&nbsp;<strong>Metodolog\u00eda<\/strong>&nbsp;:<\/span><\/p>\n<ul style=\"font-weight: 400;text-align: justify\">\n<li><span style=\"font-size: 10pt\"><em><strong>Activa:<\/strong><\/em>&nbsp;permitiendo que la propia actividad del ni\u00f1o\/a sea el motor de todo el descubrimiento y aprendizaje.<\/span><\/li>\n<li><span style=\"font-size: 10pt\"><em><strong>L\u00fadica:<\/strong><\/em>&nbsp; porque el juego es la actividad fundamental del ni\u00f1o\/a, por medio del cual descubre el mundo que le rodea.<\/span><\/li>\n<li><span style=\"font-size: 10pt\"><em><strong>Participativa:<\/strong><\/em>&nbsp;porque permite al ni\u00f1o\/a, a trav\u00e9s de situaciones propuestas, colaborar con sus compa\u00f1eros, aprender a tomar decisiones, asumir peque\u00f1as responsabilidades, participar en la vida escolar, ser art\u00edfice de su propio aprendizaje.<\/span><\/li>\n<\/ul>\n<p style=\"font-weight: 400;text-align: justify\"><span style=\"font-size: 10pt\">Para llevar a cabo nuestros objetivos utilizamos diversos&nbsp;<strong>Procedimientos:<\/strong><\/span><\/p>\n<ul style=\"font-weight: 400;text-align: justify\">\n<li><span style=\"font-size: 10pt\"><em><strong>Observaci\u00f3n<\/strong>:<\/em>&nbsp;observando y verbalizando las diferentes situaciones derivadas de los momentos puntuales en la actividad del aula.<\/span><\/li>\n<li><span style=\"font-size: 10pt\"><strong><em>Atenci\u00f3n<\/em>:<\/strong>&nbsp;aprendiendo a mantener la atenci\u00f3n en periodos de tiempo cada vez m\u00e1s largas y en situaciones m\u00e1s complicadas.<\/span><\/li>\n<li><span style=\"font-size: 10pt\"><strong><em>Deducci\u00f3n<\/em>:<\/strong>&nbsp;explorando, manipulando y experimentando en cada una de las situaciones propuestas, elaborando respuestas, sacando conclusiones, reconstruyendo situaciones, etc.<\/span><\/li>\n<li><span style=\"font-size: 10pt\"><strong><em>Autodescubrimiento:&nbsp;<\/em><\/strong>consiguiendo que los alumnos\/as encuentren sentido a lo que hacen, integrando normas, desarrollando capacidades comunicativas, estimulando su creatividad, creando situaciones que lleven al alumno a ser art\u00edfice de su propio aprendizaje&nbsp;.<\/span><\/li>\n<\/ul>\n<p style=\"font-weight: 400;text-align: justify\"><span style=\"font-size: 10pt\">Realizamos diferentes&nbsp;<strong>Propuestas de trabajo<\/strong>, en funci\u00f3n de las caracter\u00edsticas de&nbsp;nuestro alumnado&nbsp;<\/span><\/p>\n<ul style=\"font-weight: 400;text-align: justify\">\n<li><span style=\"font-size: 10pt\"><strong><em>Senso-perceptivas<\/em><\/strong>: Observando, percibiendo,..<\/span><\/li>\n<li><span style=\"font-size: 10pt\"><em><strong>Cognitivo-verbales<\/strong><\/em><em>:<\/em>&nbsp;Verbalizando experiencias.<\/span><\/li>\n<li><span style=\"font-size: 10pt\"><strong><em>Psicomotrices<\/em><\/strong>: explorando el espacio que les rodea mediante su cuerpo y los elementos a su alcance.<\/span><\/li>\n<li><span style=\"font-size: 10pt\"><em><strong>Actividades complementarias<\/strong><\/em><em>:<\/em>&nbsp;De refuerzo y ampliaci\u00f3n, en funci\u00f3n de los alumnos o situaciones presentadas.<\/span><\/li>\n<li><span style=\"font-size: 10pt\"><em><strong>Trabajo individual o en grupos<\/strong><\/em><em>,<\/em>&nbsp;dependiendo de la actividad programada.<\/span><\/li>\n<li><span style=\"font-size: 10pt\"><strong><em>Atenci\u00f3n individualizada.<\/em><\/strong><\/span><\/li>\n<\/ul>\n<p style=\"font-weight: 400;text-align: justify\"><span style=\"font-size: 10pt\">Realizamos un seguimiento de nuestros alumnos,&nbsp;<strong>Evaluando<\/strong>&nbsp;de forma:<\/span><\/p>\n<ul style=\"font-weight: 400\">\n<li style=\"text-align: justify\"><span style=\"font-size: 10pt\"><em><strong>Inicial<\/strong><\/em><em>:<\/em>&nbsp;obteniendo informaci\u00f3n personal de alumno; detectando los conocimientos previos; adecuando los objetivos y contenidos a los alumnos, estableciendo unos m\u00ednimos y unos m\u00e1ximos en cada situaci\u00f3n.<\/span><\/li>\n<li style=\"text-align: justify\"><span style=\"font-size: 10pt\"><em><strong>Continua y formativa<\/strong><\/em><em>:<\/em>&nbsp;&nbsp;a realizar durante todo el proceso educativo, adapt\u00e1ndolo a las situaciones de aula y a las caracter\u00edsticas del alumno, conociendo paso a paso como se va desarrollando el proceso de ense\u00f1anza y aprendizaje, valorando las dificultades que van surgiendo durante el mismo.<\/span><\/li>\n<li style=\"text-align: justify\"><span style=\"font-size: 10pt\"><em><strong>Evaluaci\u00f3n final, sumativa<\/strong><\/em><em>:<\/em>&nbsp;a realizar al terminar el proceso, conociendo el grado de consecuci\u00f3n de los objetivos propuestos; determinando lo que no ha sido posible conseguir, por qu\u00e9 y en qu\u00e9 medida; comprobando las repercusiones en el proceso de aprendizaje de los alumnos.<\/span><\/li>\n<\/ul>\n","protected":false},"excerpt":{"rendered":"<p>La Escuela&nbsp;de Educaci\u00f3n Infantil \u201cRio Ebro&#8221;, es un centro de titularidad p\u00fablica, que imparte las ense\u00f1anzas correspondientes al 2\u00ba ciclo de Educaci\u00f3n Infantil, de 3 a 6 a\u00f1os. Fue creada por el Ministerio de Educaci\u00f3n&nbsp; hace cuarenta y siete a\u00f1os.&nbsp; Su alumnado se halla adscrito al colegio de Primaria \u201cVirgen de la Cabeza\u201d. Esta Escuela [&hellip;]<\/p>\n","protected":false},"author":13780,"featured_media":0,"parent":0,"menu_order":0,"comment_status":"closed","ping_status":"closed","template":"","meta":{"ngg_post_thumbnail":0,"footnotes":""},"aioseo_notices":[],"_links":{"self":[{"href":"https:\/\/blogsaverroes.juntadeandalucia.es\/eeirioebromotril\/wp-json\/wp\/v2\/pages\/41"}],"collection":[{"href":"https:\/\/blogsaverroes.juntadeandalucia.es\/eeirioebromotril\/wp-json\/wp\/v2\/pages"}],"about":[{"href":"https:\/\/blogsaverroes.juntadeandalucia.es\/eeirioebromotril\/wp-json\/wp\/v2\/types\/page"}],"author":[{"embeddable":true,"href":"https:\/\/blogsaverroes.juntadeandalucia.es\/eeirioebromotril\/wp-json\/wp\/v2\/users\/13780"}],"replies":[{"embeddable":true,"href":"https:\/\/blogsaverroes.juntadeandalucia.es\/eeirioebromotril\/wp-json\/wp\/v2\/comments?post=41"}],"version-history":[{"count":8,"href":"https:\/\/blogsaverroes.juntadeandalucia.es\/eeirioebromotril\/wp-json\/wp\/v2\/pages\/41\/revisions"}],"predecessor-version":[{"id":2160,"href":"https:\/\/blogsaverroes.juntadeandalucia.es\/eeirioebromotril\/wp-json\/wp\/v2\/pages\/41\/revisions\/2160"}],"wp:attachment":[{"href":"https:\/\/blogsaverroes.juntadeandalucia.es\/eeirioebromotril\/wp-json\/wp\/v2\/media?parent=41"}],"curies":[{"name":"wp","href":"https:\/\/api.w.org\/{rel}","templated":true}]}}