{"id":773,"date":"2022-11-09T19:56:57","date_gmt":"2022-11-09T18:56:57","guid":{"rendered":"https:\/\/blogsaverroes.juntadeandalucia.es\/eeirioebromotril\/?page_id=773"},"modified":"2025-04-09T18:26:35","modified_gmt":"2025-04-09T17:26:35","slug":"escuela-espacio-de-paz","status":"publish","type":"page","link":"https:\/\/blogsaverroes.juntadeandalucia.es\/eeirioebromotril\/escuela-espacio-de-paz\/","title":{"rendered":"Escuela espacio de Paz"},"content":{"rendered":"<p style=\"text-align: justify\">Introducir a los ni\u00f1os y ni\u00f1as en la CULTURA de PAZ Y NO VIOLENCIA, desde edad temprana. Pertenecer a la red escuela espacio de paz nos permite realizar una serie de proyectos y actividades que contribuyen de forma importante en la mejora de las relaciones, la resoluci\u00f3n de conflictos y a la implicaci\u00f3n de las familias. Con propuestas de car\u00e1cter preventivo: resolviendo aquellas situaciones de riesgo que puedan surgir o solucionando las que se est\u00e9n dando.<\/p>\n<p style=\"text-align: center\">V\u00eddeo de actividades de convivencia<\/p>\n<div style=\"width: 1170px;\" class=\"wp-video\"><!--[if lt IE 9]><script>document.createElement('video');<\/script><![endif]-->\n<video class=\"wp-video-shortcode\" id=\"video-773-1\" width=\"1170\" height=\"658\" preload=\"metadata\" controls=\"controls\"><source type=\"video\/mp4\" src=\"https:\/\/blogsaverroes.juntadeandalucia.es\/eeirioebromotril\/files\/2023\/01\/V\u00eddeo-explicativo-convivencia.mp4?_=1\" \/><a href=\"https:\/\/blogsaverroes.juntadeandalucia.es\/eeirioebromotril\/files\/2023\/01\/V\u00eddeo-explicativo-convivencia.mp4\">https:\/\/blogsaverroes.juntadeandalucia.es\/eeirioebromotril\/files\/2023\/01\/V\u00eddeo-explicativo-convivencia.mp4<\/a><\/video><\/div>\n<p>&nbsp;<\/p>\n<p>&nbsp;<\/p>\n<p>&nbsp;<\/p>\n<table style=\"width: 100%;border-collapse: collapse;border-color: #000000;border-style: dotted\" border=\"5\">\n<tbody>\n<tr>\n<td style=\"width: 50%\"><a href=\"https:\/\/blogsaverroes.juntadeandalucia.es\/eeirioebromotril\/files\/2024\/10\/PLAN-DE-CONVIVENCIA-actualizado.pdf\"><img loading=\"lazy\" decoding=\"async\" class=\"aligncenter wp-image-1120 size-medium\" src=\"https:\/\/blogsaverroes.juntadeandalucia.es\/eeirioebromotril\/files\/2023\/01\/Portada-Plan-de-convivencia-300x259.png\" alt=\"\" width=\"300\" height=\"259\" srcset=\"https:\/\/blogsaverroes.juntadeandalucia.es\/eeirioebromotril\/files\/2023\/01\/Portada-Plan-de-convivencia-300x259.png 300w, https:\/\/blogsaverroes.juntadeandalucia.es\/eeirioebromotril\/files\/2023\/01\/Portada-Plan-de-convivencia.png 448w\" sizes=\"(max-width: 300px) 100vw, 300px\" \/><\/a><\/td>\n<td style=\"width: 50%\"><a href=\"https:\/\/blogsaverroes.juntadeandalucia.es\/eeirioebromotril\/files\/2023\/01\/Proyecto.-La-paz-y-las-emociones.-El-motor-de-nuestra-escuela.pdf\"><img loading=\"lazy\" decoding=\"async\" class=\"aligncenter wp-image-1119 size-medium\" src=\"https:\/\/blogsaverroes.juntadeandalucia.es\/eeirioebromotril\/files\/2023\/01\/Portada-Proyecto-de-convivencia-240x300.png\" alt=\"\" width=\"240\" height=\"300\" srcset=\"https:\/\/blogsaverroes.juntadeandalucia.es\/eeirioebromotril\/files\/2023\/01\/Portada-Proyecto-de-convivencia-240x300.png 240w, https:\/\/blogsaverroes.juntadeandalucia.es\/eeirioebromotril\/files\/2023\/01\/Portada-Proyecto-de-convivencia.png 383w\" sizes=\"(max-width: 240px) 100vw, 240px\" \/><\/a><\/td>\n<\/tr>\n<\/tbody>\n<\/table>\n<p><a href=\"https:\/\/www.juntadeandalucia.es\/educacion\/portals\/web\/convivencia-escolar\/red-escuela-espacio-de-paz\" target=\"_blank\" rel=\"noopener noreferrer\"><img loading=\"lazy\" decoding=\"async\" class=\"aligncenter wp-image-857 size-medium\" src=\"https:\/\/blogsaverroes.juntadeandalucia.es\/eeirioebromotril\/files\/2022\/11\/Logo-RAEEP-color-590x423-copia-300x215.jpg\" alt=\"\" width=\"300\" height=\"215\" srcset=\"https:\/\/blogsaverroes.juntadeandalucia.es\/eeirioebromotril\/files\/2022\/11\/Logo-RAEEP-color-590x423-copia-300x215.jpg 300w, https:\/\/blogsaverroes.juntadeandalucia.es\/eeirioebromotril\/files\/2022\/11\/Logo-RAEEP-color-590x423-copia.jpg 400w\" sizes=\"(max-width: 300px) 100vw, 300px\" \/><\/a><\/p>\n<p><a href=\"https:\/\/www.juntadeandalucia.es\/educacion\/portals\/web\/convivencia-escolar\/red-escuela-espacio-de-paz\/reconocimiento-convivencia-positiva\"><img loading=\"lazy\" decoding=\"async\" class=\"aligncenter wp-image-856 size-thumbnail\" src=\"https:\/\/blogsaverroes.juntadeandalucia.es\/eeirioebromotril\/files\/2022\/11\/Logo-Convivencia-150x150.png\" alt=\"\" width=\"150\" height=\"150\"><\/a><\/p>\n<p><a href=\"https:\/\/blogsaverroes.juntadeandalucia.es\/eeirioebromotril\/protocolo-de-acoso-escolar\/\"><img loading=\"lazy\" decoding=\"async\" class=\"size-medium wp-image-1573 alignleft\" src=\"https:\/\/blogsaverroes.juntadeandalucia.es\/eeirioebromotril\/files\/2024\/04\/2018-03_insp_protocolo-acoso-color_700x350-300x150.png\" alt=\"\" width=\"300\" height=\"150\" srcset=\"https:\/\/blogsaverroes.juntadeandalucia.es\/eeirioebromotril\/files\/2024\/04\/2018-03_insp_protocolo-acoso-color_700x350-300x150.png 300w, https:\/\/blogsaverroes.juntadeandalucia.es\/eeirioebromotril\/files\/2024\/04\/2018-03_insp_protocolo-acoso-color_700x350.png 700w\" sizes=\"(max-width: 300px) 100vw, 300px\" \/><\/a>&nbsp; &nbsp; &nbsp; &nbsp; &nbsp; &nbsp; &nbsp;<\/p>\n","protected":false},"excerpt":{"rendered":"<p>Introducir a los ni\u00f1os y ni\u00f1as en la CULTURA de PAZ Y NO VIOLENCIA, desde edad temprana. Pertenecer a la red escuela espacio de paz nos permite realizar una serie de proyectos y actividades que contribuyen de forma importante en la mejora de las relaciones, la resoluci\u00f3n de conflictos y a la implicaci\u00f3n de las [&hellip;]<\/p>\n","protected":false},"author":13777,"featured_media":0,"parent":0,"menu_order":0,"comment_status":"closed","ping_status":"closed","template":"","meta":{"ngg_post_thumbnail":0,"footnotes":""},"aioseo_notices":[],"_links":{"self":[{"href":"https:\/\/blogsaverroes.juntadeandalucia.es\/eeirioebromotril\/wp-json\/wp\/v2\/pages\/773"}],"collection":[{"href":"https:\/\/blogsaverroes.juntadeandalucia.es\/eeirioebromotril\/wp-json\/wp\/v2\/pages"}],"about":[{"href":"https:\/\/blogsaverroes.juntadeandalucia.es\/eeirioebromotril\/wp-json\/wp\/v2\/types\/page"}],"author":[{"embeddable":true,"href":"https:\/\/blogsaverroes.juntadeandalucia.es\/eeirioebromotril\/wp-json\/wp\/v2\/users\/13777"}],"replies":[{"embeddable":true,"href":"https:\/\/blogsaverroes.juntadeandalucia.es\/eeirioebromotril\/wp-json\/wp\/v2\/comments?post=773"}],"version-history":[{"count":14,"href":"https:\/\/blogsaverroes.juntadeandalucia.es\/eeirioebromotril\/wp-json\/wp\/v2\/pages\/773\/revisions"}],"predecessor-version":[{"id":2046,"href":"https:\/\/blogsaverroes.juntadeandalucia.es\/eeirioebromotril\/wp-json\/wp\/v2\/pages\/773\/revisions\/2046"}],"wp:attachment":[{"href":"https:\/\/blogsaverroes.juntadeandalucia.es\/eeirioebromotril\/wp-json\/wp\/v2\/media?parent=773"}],"curies":[{"name":"wp","href":"https:\/\/api.w.org\/{rel}","templated":true}]}}

<p style="text-align: justify">Introducir a los niños y niñas en la CULTURA de PAZ Y NO VIOLENCIA, desde edad temprana. Pertenecer a la red escuela espacio de paz nos permite realizar una serie de proyectos y actividades que contribuyen de forma importante en la mejora de las relaciones, la resolución de conflictos y a la implicación de las familias. Con propuestas de carácter preventivo: resolviendo aquellas situaciones de riesgo que puedan surgir o solucionando las que se estén dando.</p>
<p style="text-align: center">Vídeo de actividades de convivencia</p>
<div style="width: 1170px;" class="wp-video"><!--[if lt IE 9]><script>document.createElement('video');</script><![endif]-->
<video class="wp-video-shortcode" id="video-773-1" width="1170" height="658" preload="metadata" controls="controls"><source type="video/mp4" src="https://blogsaverroes.juntadeandalucia.es/eeirioebromotril/files/2023/01/Vídeo-explicativo-convivencia.mp4?_=1" /><a href="https://blogsaverroes.juntadeandalucia.es/eeirioebromotril/files/2023/01/Vídeo-explicativo-convivencia.mp4">https://blogsaverroes.juntadeandalucia.es/eeirioebromotril/files/2023/01/Vídeo-explicativo-convivencia.mp4</a></video></div>
<p>&nbsp;</p>
<p>&nbsp;</p>
<p>&nbsp;</p>
<table style="width: 100%;border-collapse: collapse;border-color: #000000;border-style: dotted" border="5">
<tbody>
<tr>
<td style="width: 50%"><a href="https://blogsaverroes.juntadeandalucia.es/eeirioebromotril/files/2024/10/PLAN-DE-CONVIVENCIA-actualizado.pdf"><img loading="lazy" decoding="async" class="aligncenter wp-image-1120 size-medium" src="https://blogsaverroes.juntadeandalucia.es/eeirioebromotril/files/2023/01/Portada-Plan-de-convivencia-300x259.png" alt="" width="300" height="259" srcset="https://blogsaverroes.juntadeandalucia.es/eeirioebromotril/files/2023/01/Portada-Plan-de-convivencia-300x259.png 300w, https://blogsaverroes.juntadeandalucia.es/eeirioebromotril/files/2023/01/Portada-Plan-de-convivencia.png 448w" sizes="(max-width: 300px) 100vw, 300px" /></a></td>
<td style="width: 50%"><a href="https://blogsaverroes.juntadeandalucia.es/eeirioebromotril/files/2023/01/Proyecto.-La-paz-y-las-emociones.-El-motor-de-nuestra-escuela.pdf"><img loading="lazy" decoding="async" class="aligncenter wp-image-1119 size-medium" src="https://blogsaverroes.juntadeandalucia.es/eeirioebromotril/files/2023/01/Portada-Proyecto-de-convivencia-240x300.png" alt="" width="240" height="300" srcset="https://blogsaverroes.juntadeandalucia.es/eeirioebromotril/files/2023/01/Portada-Proyecto-de-convivencia-240x300.png 240w, https://blogsaverroes.juntadeandalucia.es/eeirioebromotril/files/2023/01/Portada-Proyecto-de-convivencia.png 383w" sizes="(max-width: 240px) 100vw, 240px" /></a></td>
</tr>
</tbody>
</table>
<p><a href="https://www.juntadeandalucia.es/educacion/portals/web/convivencia-escolar/red-escuela-espacio-de-paz" target="_blank" rel="noopener noreferrer"><img loading="lazy" decoding="async" class="aligncenter wp-image-857 size-medium" src="https://blogsaverroes.juntadeandalucia.es/eeirioebromotril/files/2022/11/Logo-RAEEP-color-590x423-copia-300x215.jpg" alt="" width="300" height="215" srcset="https://blogsaverroes.juntadeandalucia.es/eeirioebromotril/files/2022/11/Logo-RAEEP-color-590x423-copia-300x215.jpg 300w, https://blogsaverroes.juntadeandalucia.es/eeirioebromotril/files/2022/11/Logo-RAEEP-color-590x423-copia.jpg 400w" sizes="(max-width: 300px) 100vw, 300px" /></a></p>
<p><a href="https://www.juntadeandalucia.es/educacion/portals/web/convivencia-escolar/red-escuela-espacio-de-paz/reconocimiento-convivencia-positiva"><img loading="lazy" decoding="async" class="aligncenter wp-image-856 size-thumbnail" src="https://blogsaverroes.juntadeandalucia.es/eeirioebromotril/files/2022/11/Logo-Convivencia-150x150.png" alt="" width="150" height="150"></a></p>
<p><a href="https://blogsaverroes.juntadeandalucia.es/eeirioebromotril/protocolo-de-acoso-escolar/"><img loading="lazy" decoding="async" class="size-medium wp-image-1573 alignleft" src="https://blogsaverroes.juntadeandalucia.es/eeirioebromotril/files/2024/04/2018-03_insp_protocolo-acoso-color_700x350-300x150.png" alt="" width="300" height="150" srcset="https://blogsaverroes.juntadeandalucia.es/eeirioebromotril/files/2024/04/2018-03_insp_protocolo-acoso-color_700x350-300x150.png 300w, https://blogsaverroes.juntadeandalucia.es/eeirioebromotril/files/2024/04/2018-03_insp_protocolo-acoso-color_700x350.png 700w" sizes="(max-width: 300px) 100vw, 300px" /></a>&nbsp; &nbsp; &nbsp; &nbsp; &nbsp; &nbsp; &nbsp;</p>

<p>Introducir a los niños y niñas en la CULTURA de PAZ Y NO VIOLENCIA, desde edad temprana. Pertenecer a la red escuela espacio de paz nos permite realizar una serie de proyectos y actividades que contribuyen de forma importante en la mejora de las relaciones, la resolución de conflictos y a la implicación de las [&hellip;]</p>
