{"id":3731,"date":"2024-02-11T22:10:06","date_gmt":"2024-02-11T22:10:06","guid":{"rendered":"https:\/\/blogsaverroes.juntadeandalucia.es\/eiadelfa\/?page_id=3731"},"modified":"2024-02-11T23:13:21","modified_gmt":"2024-02-11T23:13:21","slug":"i-congreso-internacional-sobre-transiciones-educativas","status":"publish","type":"page","link":"https:\/\/blogsaverroes.juntadeandalucia.es\/eiadelfa\/i-congreso-internacional-sobre-transiciones-educativas\/","title":{"rendered":"I CONGRESO INTERNACIONAL SOBRE TRANSICIONES EDUCATIVAS"},"content":{"rendered":"<p>&nbsp;<\/p>\n<p>&nbsp;<\/p>\n<p><a href=\"https:\/\/blogsaverroes.juntadeandalucia.es\/eiadelfa\/files\/2024\/02\/Screenshot_20240211-174339_Chrome-2.jpg\"><img loading=\"lazy\" decoding=\"async\" class=\"size-medium wp-image-3763 aligncenter\" src=\"https:\/\/blogsaverroes.juntadeandalucia.es\/eiadelfa\/files\/2024\/02\/Screenshot_20240211-174339_Chrome-2-300x99.jpg\" alt=\"\" width=\"300\" height=\"99\" srcset=\"https:\/\/blogsaverroes.juntadeandalucia.es\/eiadelfa\/files\/2024\/02\/Screenshot_20240211-174339_Chrome-2-300x99.jpg 300w, https:\/\/blogsaverroes.juntadeandalucia.es\/eiadelfa\/files\/2024\/02\/Screenshot_20240211-174339_Chrome-2-768x254.jpg 768w, https:\/\/blogsaverroes.juntadeandalucia.es\/eiadelfa\/files\/2024\/02\/Screenshot_20240211-174339_Chrome-2.jpg 1003w\" sizes=\"(max-width: 300px) 100vw, 300px\" \/><\/a><\/p>\n<p>&nbsp;<\/p>\n<p><strong>La directora de la escuela Adelfa participar\u00e1 el d\u00eda 15 de febrero en el I Congreso Internacional sobre Transiciones Educativas. En la Facultad de Ciencias de la Educaci\u00f3n de M\u00e1laga.<\/strong><\/p>\n<p>&nbsp;<\/p>\n<p>&nbsp;<\/p>\n<p>&nbsp;<\/p>\n","protected":false},"excerpt":{"rendered":"<p>&nbsp; &nbsp; &nbsp; La directora de la escuela Adelfa participar\u00e1 el d\u00eda 15 de febrero en el I Congreso Internacional sobre Transiciones Educativas. En la&hellip;<\/p>\n","protected":false},"author":10395,"featured_media":3736,"parent":0,"menu_order":0,"comment_status":"closed","ping_status":"closed","template":"","meta":{"ngg_post_thumbnail":0,"footnotes":"","_mc_calendar":[]},"aioseo_notices":[],"_links":{"self":[{"href":"https:\/\/blogsaverroes.juntadeandalucia.es\/eiadelfa\/wp-json\/wp\/v2\/pages\/3731"}],"collection":[{"href":"https:\/\/blogsaverroes.juntadeandalucia.es\/eiadelfa\/wp-json\/wp\/v2\/pages"}],"about":[{"href":"https:\/\/blogsaverroes.juntadeandalucia.es\/eiadelfa\/wp-json\/wp\/v2\/types\/page"}],"author":[{"embeddable":true,"href":"https:\/\/blogsaverroes.juntadeandalucia.es\/eiadelfa\/wp-json\/wp\/v2\/users\/10395"}],"replies":[{"embeddable":true,"href":"https:\/\/blogsaverroes.juntadeandalucia.es\/eiadelfa\/wp-json\/wp\/v2\/comments?post=3731"}],"version-history":[{"count":8,"href":"https:\/\/blogsaverroes.juntadeandalucia.es\/eiadelfa\/wp-json\/wp\/v2\/pages\/3731\/revisions"}],"predecessor-version":[{"id":3772,"href":"https:\/\/blogsaverroes.juntadeandalucia.es\/eiadelfa\/wp-json\/wp\/v2\/pages\/3731\/revisions\/3772"}],"wp:featuredmedia":[{"embeddable":true,"href":"https:\/\/blogsaverroes.juntadeandalucia.es\/eiadelfa\/wp-json\/wp\/v2\/media\/3736"}],"wp:attachment":[{"href":"https:\/\/blogsaverroes.juntadeandalucia.es\/eiadelfa\/wp-json\/wp\/v2\/media?parent=3731"}],"curies":[{"name":"wp","href":"https:\/\/api.w.org\/{rel}","templated":true}]}}