{"id":2375,"date":"2020-11-08T17:42:38","date_gmt":"2020-11-08T17:42:38","guid":{"rendered":"https:\/\/blogsaverroes.juntadeandalucia.es\/eibarajas\/?page_id=2375"},"modified":"2021-12-01T21:45:50","modified_gmt":"2021-12-01T21:45:50","slug":"documentos-del-centro","status":"publish","type":"page","link":"https:\/\/blogsaverroes.juntadeandalucia.es\/eibarajas\/documentos-del-centro\/","title":{"rendered":"DOCUMENTOS DEL CENTRO"},"content":{"rendered":"<p><a href=\"https:\/\/blogsaverroes.juntadeandalucia.es\/eibarajas\/files\/2020\/12\/Documento-1-.Indice-general-plan-de-centr.pdf\">INDICE GENERAL DEL PLAN DE CENTRO<\/a><\/p>\n<p><a href=\"https:\/\/blogsaverroes.juntadeandalucia.es\/eibarajas\/files\/2020\/12\/Documento-2-Proyecto-Educativo-modificado.pdf\">PROYECTO EDUCATIVO <\/a><\/p>\n<p><a href=\"https:\/\/blogsaverroes.juntadeandalucia.es\/eibarajas\/files\/2021\/12\/PFP-Plan-de-formaci\u00f3n-del-profesorado.pdf\"><span style=\"color: #3366ff\">PFP, Plan de formaci\u00f3n del profesorado<\/span><\/a><\/p>\n<p><a href=\"https:\/\/blogsaverroes.juntadeandalucia.es\/eibarajas\/files\/2021\/12\/PAD.pdf\">PAD Plan de atenci\u00f3n a la diversidad<\/a><\/p>\n<p><a href=\"https:\/\/blogsaverroes.juntadeandalucia.es\/eibarajas\/files\/2020\/12\/Documento-5-POAT.pdf\">POAT.&nbsp;&nbsp;&nbsp; Plan de orientaci\u00f3n y acci\u00f3n tutorial.<\/a><\/p>\n<p><a href=\"https:\/\/blogsaverroes.juntadeandalucia.es\/eibarajas\/files\/2021\/12\/Punto-12-POAT.pdf\">Punto 12 POAT<\/a><\/p>\n<p><a href=\"https:\/\/blogsaverroes.juntadeandalucia.es\/eibarajas\/files\/2021\/12\/Plan-de-convivencia.pdf\">PLAN DE CONVIVENCIA<\/a><\/p>\n<p><a href=\"https:\/\/blogsaverroes.juntadeandalucia.es\/eibarajas\/files\/2021\/12\/PLAN-DE-IGUALDAD.pdf\">PLAN DE IGUALDAD<\/a><\/p>\n<p><a href=\"https:\/\/blogsaverroes.juntadeandalucia.es\/eibarajas\/files\/2020\/12\/Documento-8-ROF.pdf\"> ROF.&nbsp; Reglamento de organizaci\u00f3n y funcionamiento<\/a><\/p>\n<p><a href=\"https:\/\/blogsaverroes.juntadeandalucia.es\/eibarajas\/files\/2020\/12\/Documento-9-Proyecto-de-Gesti\u00f3n.pdf\">PROYECTO DE GESTI\u00d3N<\/a><\/p>\n","protected":false},"excerpt":{"rendered":"<p>INDICE GENERAL DEL PLAN DE CENTRO PROYECTO EDUCATIVO PFP, Plan de formaci\u00f3n del profesorado PAD Plan de atenci\u00f3n a la diversidad POAT.&nbsp;&nbsp;&nbsp; Plan de orientaci\u00f3n y acci\u00f3n tutorial. Punto 12 POAT PLAN DE CONVIVENCIA&#46;&#46;&#46;<\/p>\n","protected":false},"author":3593,"featured_media":0,"parent":0,"menu_order":0,"comment_status":"closed","ping_status":"closed","template":"","meta":{"ngg_post_thumbnail":0,"footnotes":"","_mc_calendar":[]},"aioseo_notices":[],"_links":{"self":[{"href":"https:\/\/blogsaverroes.juntadeandalucia.es\/eibarajas\/wp-json\/wp\/v2\/pages\/2375"}],"collection":[{"href":"https:\/\/blogsaverroes.juntadeandalucia.es\/eibarajas\/wp-json\/wp\/v2\/pages"}],"about":[{"href":"https:\/\/blogsaverroes.juntadeandalucia.es\/eibarajas\/wp-json\/wp\/v2\/types\/page"}],"author":[{"embeddable":true,"href":"https:\/\/blogsaverroes.juntadeandalucia.es\/eibarajas\/wp-json\/wp\/v2\/users\/3593"}],"replies":[{"embeddable":true,"href":"https:\/\/blogsaverroes.juntadeandalucia.es\/eibarajas\/wp-json\/wp\/v2\/comments?post=2375"}],"version-history":[{"count":9,"href":"https:\/\/blogsaverroes.juntadeandalucia.es\/eibarajas\/wp-json\/wp\/v2\/pages\/2375\/revisions"}],"predecessor-version":[{"id":3025,"href":"https:\/\/blogsaverroes.juntadeandalucia.es\/eibarajas\/wp-json\/wp\/v2\/pages\/2375\/revisions\/3025"}],"wp:attachment":[{"href":"https:\/\/blogsaverroes.juntadeandalucia.es\/eibarajas\/wp-json\/wp\/v2\/media?parent=2375"}],"curies":[{"name":"wp","href":"https:\/\/api.w.org\/{rel}","templated":true}]}}