{"id":2412,"date":"2020-11-19T11:31:20","date_gmt":"2020-11-19T11:31:20","guid":{"rendered":"https:\/\/blogsaverroes.juntadeandalucia.es\/eibarajas\/?page_id=2412"},"modified":"2021-09-24T14:39:20","modified_gmt":"2021-09-24T14:39:20","slug":"profesorado","status":"publish","type":"page","link":"https:\/\/blogsaverroes.juntadeandalucia.es\/eibarajas\/profesorado\/","title":{"rendered":"PERSONAL DOCENTE Y NO DOCENTE DEL CENTRO"},"content":{"rendered":"<p data-original-attrs=\"{&quot;style&quot;:&quot;mso-layout-grid-align: none; mso-pagination: none; text-autospace: none;&quot;}\">La Comunidad Educativa de la E.I. \u201cBarajas\u201d est\u00e1 formada por los siguientes sectores:<\/p>\n<p data-original-attrs=\"{&quot;style&quot;:&quot;mso-layout-grid-align: none; mso-pagination: none; text-autospace: none;&quot;}\">&nbsp;&nbsp; &nbsp;&nbsp;&nbsp;&nbsp;&nbsp;&nbsp;&nbsp;&nbsp;&nbsp;&nbsp; A.- PERSONAL DOCENTE Y NO DOCENTE.<\/p>\n<p data-original-attrs=\"{&quot;style&quot;:&quot;&quot;}\">1.-Personal docente:<\/p>\n<p data-original-attrs=\"{&quot;style&quot;:&quot;&quot;}\">El centro cuenta con 5 maestras. Una de ellas hace la funci\u00f3n de Directora del centro , las otras&nbsp; ejercen como tutoras de 3, 4 y 5 a\u00f1os respectivamente&nbsp; y maestra de apoyo. Tambi\u00e9n contamos con un maestro de religi\u00f3n que viene un d\u00eda a la semana.<\/p>\n<p data-original-attrs=\"{&quot;style&quot;:&quot;mso-layout-grid-align: none; mso-pagination: none; text-autospace: none;&quot;}\">2.-Personal laboral no docente:<\/p>\n<p data-original-attrs=\"{&quot;style&quot;:&quot;mso-layout-grid-align: none; mso-pagination: none; text-autospace: none;&quot;}\">&#8211; Una T\u00e9cnico Superior en Educaci\u00f3n Infantil.<\/p>\n<p data-original-attrs=\"{&quot;style&quot;:&quot;&quot;}\">&nbsp;&nbsp;&nbsp;&nbsp; &nbsp;&nbsp;&nbsp;&nbsp;&nbsp;&nbsp;&nbsp;&#8211; Dos monitoras en el aula matinal, Una auxiliar de cocina, un monitor y una monitora de comedor.<\/p>\n<p data-original-attrs=\"{&quot;style&quot;:&quot;&quot;}\">&nbsp;&nbsp;&nbsp;&nbsp; &nbsp;&nbsp;&nbsp;&nbsp;&nbsp;&nbsp;&nbsp;&nbsp;&nbsp;&nbsp;&nbsp; &#8211; La limpiadora del centro es personal del Ayuntamiento.<\/p>\n<p data-original-attrs=\"{&quot;style&quot;:&quot;&quot;}\">&nbsp;&nbsp;&nbsp;&nbsp;&nbsp;&nbsp;&nbsp;&nbsp;&nbsp;&nbsp;&nbsp;&nbsp;&nbsp; El centro no dispone de conserje.<\/p>\n<p>El claustro del centro est\u00e1 formado por :<br \/>\nDirectora:Mari Angeles Bonilla Bonilla.<\/p>\n<p>Tutora de 3 a\u00f1os<br \/>\nTutora de 4 a\u00f1os<br \/>\nTutora de 5 a\u00f1os<\/p>\n<p>Maestra de apoyo<br \/>\nT\u00e9cnico Superior de Educaci\u00f3n infantil: Ana Archilla Bonilla<br \/>\nProfesor de Religi\u00f3n: Marcelo Armando Olima Medina.<\/p>\n","protected":false},"excerpt":{"rendered":"<p>La Comunidad Educativa de la E.I. \u201cBarajas\u201d est\u00e1 formada por los siguientes sectores: &nbsp;&nbsp; &nbsp;&nbsp;&nbsp;&nbsp;&nbsp;&nbsp;&nbsp;&nbsp;&nbsp;&nbsp; A.- PERSONAL DOCENTE Y NO DOCENTE. 1.-Personal docente: El centro cuenta con 5 maestras. Una de ellas hace la&#46;&#46;&#46;<\/p>\n","protected":false},"author":3593,"featured_media":0,"parent":0,"menu_order":0,"comment_status":"closed","ping_status":"closed","template":"","meta":{"ngg_post_thumbnail":0,"footnotes":"","_mc_calendar":[]},"aioseo_notices":[],"_links":{"self":[{"href":"https:\/\/blogsaverroes.juntadeandalucia.es\/eibarajas\/wp-json\/wp\/v2\/pages\/2412"}],"collection":[{"href":"https:\/\/blogsaverroes.juntadeandalucia.es\/eibarajas\/wp-json\/wp\/v2\/pages"}],"about":[{"href":"https:\/\/blogsaverroes.juntadeandalucia.es\/eibarajas\/wp-json\/wp\/v2\/types\/page"}],"author":[{"embeddable":true,"href":"https:\/\/blogsaverroes.juntadeandalucia.es\/eibarajas\/wp-json\/wp\/v2\/users\/3593"}],"replies":[{"embeddable":true,"href":"https:\/\/blogsaverroes.juntadeandalucia.es\/eibarajas\/wp-json\/wp\/v2\/comments?post=2412"}],"version-history":[{"count":4,"href":"https:\/\/blogsaverroes.juntadeandalucia.es\/eibarajas\/wp-json\/wp\/v2\/pages\/2412\/revisions"}],"predecessor-version":[{"id":2723,"href":"https:\/\/blogsaverroes.juntadeandalucia.es\/eibarajas\/wp-json\/wp\/v2\/pages\/2412\/revisions\/2723"}],"wp:attachment":[{"href":"https:\/\/blogsaverroes.juntadeandalucia.es\/eibarajas\/wp-json\/wp\/v2\/media?parent=2412"}],"curies":[{"name":"wp","href":"https:\/\/api.w.org\/{rel}","templated":true}]}}