{"id":17,"date":"2019-02-18T12:09:02","date_gmt":"2019-02-18T12:09:02","guid":{"rendered":"https:\/\/blogsaverroes.juntadeandalucia.es\/eicruzdejuarez\/?page_id=17"},"modified":"2025-09-15T12:44:19","modified_gmt":"2025-09-15T12:44:19","slug":"ampa","status":"publish","type":"page","link":"https:\/\/blogsaverroes.juntadeandalucia.es\/eicruzdejuarez\/ampa\/","title":{"rendered":"AFA"},"content":{"rendered":"<p><span style=\"font-family: 'courier new', courier, monospace;font-size: 14pt\">Puedes contactar con nuestra AFA #elcruzdeju\u00e1rezmola a trav\u00e9s de sus perfiles sociales:<\/span><\/p>\n<ul>\n<li><span style=\"font-family: 'courier new', courier, monospace;font-size: 14pt\"><strong><a href=\"https:\/\/www.facebook.com\/ampacruzdejuarez\/\" target=\"_blank\" rel=\"noopener noreferrer\">FACEBOOK<\/a><\/strong><\/span><\/li>\n<li><span style=\"font-family: 'courier new', courier, monospace;font-size: 14pt\"><a href=\"https:\/\/www.instagram.com\/ampagloriafuertes\/\" target=\"_blank\" rel=\"noopener noreferrer\"><strong>INSTAGRAM<\/strong><\/a><\/span><\/li>\n<\/ul>\n<p><span style=\"font-family: 'courier new', courier, monospace;font-size: 14pt\">Aqu\u00ed puedes ver m\u00e1s informaci\u00f3n sobre su funcionamiento:<\/span><\/p>\n<div class=\"embed-container\"><iframe class=\"wp-embedded-content\" sandbox=\"allow-scripts\" security=\"restricted\" title=\"AFA CRUZ DE JU\u00c1REZ\" frameborder='0' width='1200' height='675' src='https:\/\/view.genially.com\/6538d439d94b0e00108d8d16#?secret=vID3TDGTzr' data-secret='vID3TDGTzr' scrolling='yes'><\/iframe><\/div>\n","protected":false},"excerpt":{"rendered":"<p>Puedes contactar con nuestra AFA #elcruzdeju\u00e1rezmola a trav\u00e9s de sus perfiles sociales: FACEBOOK INSTAGRAM Aqu\u00ed puedes ver m\u00e1s informaci\u00f3n sobre su funcionamiento:<\/p>\n","protected":false},"author":7188,"featured_media":0,"parent":0,"menu_order":0,"comment_status":"closed","ping_status":"closed","template":"","meta":{"ngg_post_thumbnail":0,"footnotes":""},"aioseo_notices":[],"_links":{"self":[{"href":"https:\/\/blogsaverroes.juntadeandalucia.es\/eicruzdejuarez\/wp-json\/wp\/v2\/pages\/17"}],"collection":[{"href":"https:\/\/blogsaverroes.juntadeandalucia.es\/eicruzdejuarez\/wp-json\/wp\/v2\/pages"}],"about":[{"href":"https:\/\/blogsaverroes.juntadeandalucia.es\/eicruzdejuarez\/wp-json\/wp\/v2\/types\/page"}],"author":[{"embeddable":true,"href":"https:\/\/blogsaverroes.juntadeandalucia.es\/eicruzdejuarez\/wp-json\/wp\/v2\/users\/7188"}],"replies":[{"embeddable":true,"href":"https:\/\/blogsaverroes.juntadeandalucia.es\/eicruzdejuarez\/wp-json\/wp\/v2\/comments?post=17"}],"version-history":[{"count":12,"href":"https:\/\/blogsaverroes.juntadeandalucia.es\/eicruzdejuarez\/wp-json\/wp\/v2\/pages\/17\/revisions"}],"predecessor-version":[{"id":2352,"href":"https:\/\/blogsaverroes.juntadeandalucia.es\/eicruzdejuarez\/wp-json\/wp\/v2\/pages\/17\/revisions\/2352"}],"wp:attachment":[{"href":"https:\/\/blogsaverroes.juntadeandalucia.es\/eicruzdejuarez\/wp-json\/wp\/v2\/media?parent=17"}],"curies":[{"name":"wp","href":"https:\/\/api.w.org\/{rel}","templated":true}]}}