{"id":10259,"date":"2020-11-10T10:55:20","date_gmt":"2020-11-10T09:55:20","guid":{"rendered":"https:\/\/blogsaverroes.juntadeandalucia.es\/eielcastillo\/?page_id=10259"},"modified":"2022-07-26T19:57:11","modified_gmt":"2022-07-26T18:57:11","slug":"actividades-noviembre-2020","status":"publish","type":"page","link":"https:\/\/blogsaverroes.juntadeandalucia.es\/eielcastillo\/?page_id=10259","title":{"rendered":"Actividades noviembre 2020"},"content":{"rendered":"<div class=\"entry-content cf\">\n<h5 style=\"text-align: justify\">El centro, una vez aprobado por los \u00f3rganos de coordinaci\u00f3n docente,&nbsp; publicar\u00e1 cada mes&nbsp; unos carteles informativos donde se har\u00e1 referencia a las actividades complementarias que se prevean. Esa informaci\u00f3n la comparte primero el jefe de estudios con las madres delegadas, despu\u00e9s se suele trasladar a las familias, lo haremos a trav\u00e9s de Pasen\/iPasen.<\/h5>\n<h5 style=\"text-align: justify\">&nbsp;&nbsp; En esta p\u00e1gina web tendr\u00e1n oportunidad de acceder a los referidos carteles y a algunas im\u00e1genes tomadas a t\u00edtulo informativo para la comunidad educativa, siempre en los t\u00e9rminos establecidos en el Plan de Centro.<\/h5>\n<p>&nbsp; <a href=\"https:\/\/blogsaverroes.juntadeandalucia.es\/eielcastillo\/?page_id=3201\"><img loading=\"lazy\" decoding=\"async\" class=\" wp-image-5513 alignleft\" src=\"https:\/\/blogsaverroes.juntadeandalucia.es\/eielcastillo\/files\/2018\/08\/Boton-acceso-albumdeimagenes.jpg\" alt=\"\" width=\"141\" height=\"71\" srcset=\"https:\/\/blogsaverroes.juntadeandalucia.es\/eielcastillo\/files\/2018\/08\/Boton-acceso-albumdeimagenes.jpg 283w, https:\/\/blogsaverroes.juntadeandalucia.es\/eielcastillo\/files\/2018\/08\/Boton-acceso-albumdeimagenes-280x142.jpg 280w, https:\/\/blogsaverroes.juntadeandalucia.es\/eielcastillo\/files\/2018\/08\/Boton-acceso-albumdeimagenes-24x12.jpg 24w, https:\/\/blogsaverroes.juntadeandalucia.es\/eielcastillo\/files\/2018\/08\/Boton-acceso-albumdeimagenes-36x18.jpg 36w, https:\/\/blogsaverroes.juntadeandalucia.es\/eielcastillo\/files\/2018\/08\/Boton-acceso-albumdeimagenes-48x24.jpg 48w\" sizes=\"(max-width: 141px) 100vw, 141px\" \/><\/a> Con la finalizaci\u00f3n del curso, todas las im\u00e1genes recopiladas pasar\u00e1n a formar parte del <strong><a href=\"https:\/\/blogsaverroes.juntadeandalucia.es\/eielcastillo\/?page_id=8062\">\u00c1LBUM DE IM\u00c1GENES.<\/a><\/strong><\/p>\n<p>&nbsp;<\/p>\n<\/div>\n<h3><span style=\"color: #ff0000\"><strong>ACTIVIDADES COMPLEMENTARIAS&nbsp; NOVIEMBRE 2020<\/strong><\/span><\/h3>\n<p><a href=\"https:\/\/blogsaverroes.juntadeandalucia.es\/eielcastillo\/files\/2020\/11\/Cartel_noviembre2020.pdf\">Ver Cartel noviembre 2020<\/a><em><br \/>\n<\/em><\/p>\n<h5><span style=\"color: #800000\">Video Cuentacuentos &#8220;Arturo y Clementina&#8221;, un cuento de igualdad interpretado por personal del centro:<\/span><\/h5>\n<p><iframe loading=\"lazy\" width=\"640\" height=\"362\" src=\"https:\/\/www.youtube.com\/embed\/UMcVAlpqJqQ\" frameborder=\"0\"><\/iframe>&nbsp;<\/p>\n","protected":false},"excerpt":{"rendered":"<p>El centro, una vez aprobado por los \u00f3rganos de coordinaci\u00f3n docente,&nbsp; publicar\u00e1 cada mes&nbsp; unos carteles informativos donde se har\u00e1 referencia a las actividades complementarias&hellip;<\/p>\n","protected":false},"author":3249,"featured_media":0,"parent":10213,"menu_order":2,"comment_status":"closed","ping_status":"closed","template":"","meta":{"ngg_post_thumbnail":0,"footnotes":"","_mc_calendar":[]},"aioseo_notices":[],"_links":{"self":[{"href":"https:\/\/blogsaverroes.juntadeandalucia.es\/eielcastillo\/index.php?rest_route=\/wp\/v2\/pages\/10259"}],"collection":[{"href":"https:\/\/blogsaverroes.juntadeandalucia.es\/eielcastillo\/index.php?rest_route=\/wp\/v2\/pages"}],"about":[{"href":"https:\/\/blogsaverroes.juntadeandalucia.es\/eielcastillo\/index.php?rest_route=\/wp\/v2\/types\/page"}],"author":[{"embeddable":true,"href":"https:\/\/blogsaverroes.juntadeandalucia.es\/eielcastillo\/index.php?rest_route=\/wp\/v2\/users\/3249"}],"replies":[{"embeddable":true,"href":"https:\/\/blogsaverroes.juntadeandalucia.es\/eielcastillo\/index.php?rest_route=%2Fwp%2Fv2%2Fcomments&post=10259"}],"version-history":[{"count":7,"href":"https:\/\/blogsaverroes.juntadeandalucia.es\/eielcastillo\/index.php?rest_route=\/wp\/v2\/pages\/10259\/revisions"}],"predecessor-version":[{"id":13385,"href":"https:\/\/blogsaverroes.juntadeandalucia.es\/eielcastillo\/index.php?rest_route=\/wp\/v2\/pages\/10259\/revisions\/13385"}],"up":[{"embeddable":true,"href":"https:\/\/blogsaverroes.juntadeandalucia.es\/eielcastillo\/index.php?rest_route=\/wp\/v2\/pages\/10213"}],"wp:attachment":[{"href":"https:\/\/blogsaverroes.juntadeandalucia.es\/eielcastillo\/index.php?rest_route=%2Fwp%2Fv2%2Fmedia&parent=10259"}],"curies":[{"name":"wp","href":"https:\/\/api.w.org\/{rel}","templated":true}]}}

<div class="entry-content cf">
<h5 style="text-align: justify">El centro, una vez aprobado por los órganos de coordinación docente,&nbsp; publicará cada mes&nbsp; unos carteles informativos donde se hará referencia a las actividades complementarias que se prevean. Esa información la comparte primero el jefe de estudios con las madres delegadas, después se suele trasladar a las familias, lo haremos a través de Pasen/iPasen.</h5>
<h5 style="text-align: justify">&nbsp;&nbsp; En esta página web tendrán oportunidad de acceder a los referidos carteles y a algunas imágenes tomadas a título informativo para la comunidad educativa, siempre en los términos establecidos en el Plan de Centro.</h5>
<p>&nbsp; <a href="https://blogsaverroes.juntadeandalucia.es/eielcastillo/?page_id=3201"><img loading="lazy" decoding="async" class=" wp-image-5513 alignleft" src="https://blogsaverroes.juntadeandalucia.es/eielcastillo/files/2018/08/Boton-acceso-albumdeimagenes.jpg" alt="" width="141" height="71" srcset="https://blogsaverroes.juntadeandalucia.es/eielcastillo/files/2018/08/Boton-acceso-albumdeimagenes.jpg 283w, https://blogsaverroes.juntadeandalucia.es/eielcastillo/files/2018/08/Boton-acceso-albumdeimagenes-280x142.jpg 280w, https://blogsaverroes.juntadeandalucia.es/eielcastillo/files/2018/08/Boton-acceso-albumdeimagenes-24x12.jpg 24w, https://blogsaverroes.juntadeandalucia.es/eielcastillo/files/2018/08/Boton-acceso-albumdeimagenes-36x18.jpg 36w, https://blogsaverroes.juntadeandalucia.es/eielcastillo/files/2018/08/Boton-acceso-albumdeimagenes-48x24.jpg 48w" sizes="(max-width: 141px) 100vw, 141px" /></a> Con la finalización del curso, todas las imágenes recopiladas pasarán a formar parte del <strong><a href="https://blogsaverroes.juntadeandalucia.es/eielcastillo/?page_id=8062">ÁLBUM DE IMÁGENES.</a></strong></p>
<p>&nbsp;</p>
</div>
<h3><span style="color: #ff0000"><strong>ACTIVIDADES COMPLEMENTARIAS&nbsp; NOVIEMBRE 2020</strong></span></h3>
<p><a href="https://blogsaverroes.juntadeandalucia.es/eielcastillo/files/2020/11/Cartel_noviembre2020.pdf">Ver Cartel noviembre 2020</a><em><br />
</em></p>
<h5><span style="color: #800000">Video Cuentacuentos &#8220;Arturo y Clementina&#8221;, un cuento de igualdad interpretado por personal del centro:</span></h5>
<p><iframe loading="lazy" width="640" height="362" src="https://www.youtube.com/embed/UMcVAlpqJqQ" frameborder="0"></iframe>&nbsp;</p>

<p>El centro, una vez aprobado por los órganos de coordinación docente,&nbsp; publicará cada mes&nbsp; unos carteles informativos donde se hará referencia a las actividades complementarias&hellip;</p>
