{"id":10354,"date":"2020-11-30T10:17:23","date_gmt":"2020-11-30T09:17:23","guid":{"rendered":"https:\/\/blogsaverroes.juntadeandalucia.es\/eielcastillo\/?page_id=10354"},"modified":"2022-07-26T19:55:10","modified_gmt":"2022-07-26T18:55:10","slug":"actividades-diciembre-2020","status":"publish","type":"page","link":"https:\/\/blogsaverroes.juntadeandalucia.es\/eielcastillo\/?page_id=10354","title":{"rendered":"Actividades diciembre 2020"},"content":{"rendered":"<div class=\"entry-content cf\">\n<h5 style=\"text-align: justify\">El centro, una vez aprobado por los \u00f3rganos de coordinaci\u00f3n docente,&nbsp; publicar\u00e1 cada mes&nbsp; unos carteles informativos donde se har\u00e1 referencia a las actividades complementarias que se prevean. Esa informaci\u00f3n la comparte primero el jefe de estudios con las madres delegadas, despu\u00e9s se suele trasladar a las familias, lo haremos a trav\u00e9s de Pasen\/iPasen.<\/h5>\n<h5 style=\"text-align: justify\">&nbsp;&nbsp; En esta p\u00e1gina web tendr\u00e1n oportunidad de acceder a los referidos carteles y a algunas im\u00e1genes tomadas a t\u00edtulo informativo para la comunidad educativa, siempre en los t\u00e9rminos establecidos en el Plan de Centro.<\/h5>\n<p style=\"text-align: justify\">&nbsp; <a href=\"https:\/\/blogsaverroes.juntadeandalucia.es\/eielcastillo\/?page_id=3201\"><img loading=\"lazy\" decoding=\"async\" class=\" wp-image-5513 alignleft\" src=\"https:\/\/blogsaverroes.juntadeandalucia.es\/eielcastillo\/files\/2018\/08\/Boton-acceso-albumdeimagenes.jpg\" alt=\"\" width=\"141\" height=\"71\" srcset=\"https:\/\/blogsaverroes.juntadeandalucia.es\/eielcastillo\/files\/2018\/08\/Boton-acceso-albumdeimagenes.jpg 283w, https:\/\/blogsaverroes.juntadeandalucia.es\/eielcastillo\/files\/2018\/08\/Boton-acceso-albumdeimagenes-280x142.jpg 280w, https:\/\/blogsaverroes.juntadeandalucia.es\/eielcastillo\/files\/2018\/08\/Boton-acceso-albumdeimagenes-24x12.jpg 24w, https:\/\/blogsaverroes.juntadeandalucia.es\/eielcastillo\/files\/2018\/08\/Boton-acceso-albumdeimagenes-36x18.jpg 36w, https:\/\/blogsaverroes.juntadeandalucia.es\/eielcastillo\/files\/2018\/08\/Boton-acceso-albumdeimagenes-48x24.jpg 48w\" sizes=\"(max-width: 141px) 100vw, 141px\" \/><\/a> Con la finalizaci\u00f3n del curso, todas las im\u00e1genes recopiladas pasar\u00e1n a formar parte del <strong><a href=\"https:\/\/blogsaverroes.juntadeandalucia.es\/eielcastillo\/?page_id=8062\">\u00c1LBUM DE IM\u00c1GENES.<\/a><\/strong><\/p>\n<p style=\"text-align: justify\">&nbsp;<\/p>\n<\/div>\n<h3 style=\"text-align: justify\"><span style=\"color: #ff0000\"><strong>ACTIVIDADES COMPLEMENTARIAS&nbsp; DICIEMBRE 2020<\/strong><\/span><\/h3>\n<p style=\"text-align: justify\"><a href=\"https:\/\/blogsaverroes.juntadeandalucia.es\/eielcastillo\/files\/2020\/11\/Cartel_diciembre2020.pdf\">Ver Cartel diciembre 2020<\/a><\/p>\n<hr>\n<ul>\n<li>El d\u00eda 3 de diciembre se celebraba el D\u00eda de la Discapacidad. Se proyect\u00f3 en cada una de las aulas el corto &#8220;Superni\u00f1os&#8221;.<\/li>\n<\/ul>\n<p>[youtube https:\/\/www.youtube.com\/watch?v=yQW6Lwfuznk]&nbsp;<\/p>\n<ul style=\"list-style-type: disc\">\n<li>Dentro del programa de Valores y Educaci\u00f3n Emocional se present\u00f3 el cuento &#8220;Oso Cazamariposas&#8221;.<\/li>\n<\/ul>\n<p>[youtube https:\/\/www.youtube.com\/watch?v=2i4yDQaOeww&amp;w=640&amp;h=360]&nbsp;<\/p>\n<ul>\n<li>A lo largo de la \u00faltima semana completa de clase se desarroll\u00f3 la gymkana de Navidad.<\/li>\n<\/ul>\n<p>&nbsp;&nbsp;&nbsp;&nbsp;&nbsp;&nbsp;&nbsp;&nbsp;&nbsp;&nbsp;&nbsp; <span style=\"color: #808080\">(pendiente subir im\u00e1genes)<\/span><\/p>\n<ul>\n<li>AMPA &#8220;El Reloj&#8221; present\u00f3 &#8220;PAP\u00c1 NOEL EST\u00c1 DESAPARECIDO&#8221;, realizando la grabaci\u00f3n fueran del centro.<\/li>\n<\/ul>\n<p>[youtube https:\/\/www.youtube.com\/watch?v=k4iBiUAqDGU&amp;w=640&amp;h=360]&nbsp;<\/p>\n<ul>\n<li>El alumnado particip\u00f3 de las tradiciones navide\u00f1as cantando un villancico y ofreci\u00e9ndolo a sus familias.<\/li>\n<\/ul>\n<p>[youtube https:\/\/www.youtube.com\/watch?v=cuCMjtDVa3U&amp;w=640&amp;h=360]&nbsp;<\/p>\n<ul>\n<li>El \u00faltimo d\u00eda de clase nos visitaron SSMM los Reyes Magos.<\/li>\n<\/ul>\n<p>&nbsp;&nbsp;&nbsp;&nbsp;&nbsp;&nbsp;&nbsp;&nbsp;<span style=\"color: #808080\">&nbsp;&nbsp;&nbsp; (pendiente subir im\u00e1genes)<\/span><\/p>\n<ul style=\"list-style-type: disc\">\n<li>Se decor\u00f3 el centro con motivos navide\u00f1os y las familias participaron como es habitual desarrollando sus habilidades pl\u00e1sticas, aportaron diversos motivos navide\u00f1os que estuvieron expuestos en el porche del patio.<\/li>\n<\/ul>\n<p>[youtube https:\/\/www.youtube.com\/watch?v=0dQQtHvXfxI]&nbsp;<\/p>\n<p>[youtube https:\/\/www.youtube.com\/watch?v=pWl5iDOZ-3s&amp;w=640&amp;h=360]&nbsp;<\/p>\n<ul style=\"list-style-type: disc\">\n<li>El centro particip\u00f3 en el certamen de Villancicos organizado por las concejal\u00edas de Cultura y Educaci\u00f3n. Ver acutaci\u00f3n centro:<\/li>\n<\/ul>\n<p>[youtube https:\/\/www.youtube.com\/watch?v=sQwhpUPzbU4&amp;w=640&amp;h=360]&nbsp;<\/p>\n<p><a href=\"https:\/\/youtu.be\/xmvy5waYcEE\">Ver video completo con la actuaci\u00f3n de todos los centros participantes<\/a><\/p>\n","protected":false},"excerpt":{"rendered":"<p>El centro, una vez aprobado por los \u00f3rganos de coordinaci\u00f3n docente,&nbsp; publicar\u00e1 cada mes&nbsp; unos carteles informativos donde se har\u00e1 referencia a las actividades complementarias&hellip;<\/p>\n","protected":false},"author":3249,"featured_media":0,"parent":10213,"menu_order":3,"comment_status":"closed","ping_status":"closed","template":"","meta":{"ngg_post_thumbnail":0,"footnotes":"","_mc_calendar":[]},"aioseo_notices":[],"_links":{"self":[{"href":"https:\/\/blogsaverroes.juntadeandalucia.es\/eielcastillo\/index.php?rest_route=\/wp\/v2\/pages\/10354"}],"collection":[{"href":"https:\/\/blogsaverroes.juntadeandalucia.es\/eielcastillo\/index.php?rest_route=\/wp\/v2\/pages"}],"about":[{"href":"https:\/\/blogsaverroes.juntadeandalucia.es\/eielcastillo\/index.php?rest_route=\/wp\/v2\/types\/page"}],"author":[{"embeddable":true,"href":"https:\/\/blogsaverroes.juntadeandalucia.es\/eielcastillo\/index.php?rest_route=\/wp\/v2\/users\/3249"}],"replies":[{"embeddable":true,"href":"https:\/\/blogsaverroes.juntadeandalucia.es\/eielcastillo\/index.php?rest_route=%2Fwp%2Fv2%2Fcomments&post=10354"}],"version-history":[{"count":15,"href":"https:\/\/blogsaverroes.juntadeandalucia.es\/eielcastillo\/index.php?rest_route=\/wp\/v2\/pages\/10354\/revisions"}],"predecessor-version":[{"id":13383,"href":"https:\/\/blogsaverroes.juntadeandalucia.es\/eielcastillo\/index.php?rest_route=\/wp\/v2\/pages\/10354\/revisions\/13383"}],"up":[{"embeddable":true,"href":"https:\/\/blogsaverroes.juntadeandalucia.es\/eielcastillo\/index.php?rest_route=\/wp\/v2\/pages\/10213"}],"wp:attachment":[{"href":"https:\/\/blogsaverroes.juntadeandalucia.es\/eielcastillo\/index.php?rest_route=%2Fwp%2Fv2%2Fmedia&parent=10354"}],"curies":[{"name":"wp","href":"https:\/\/api.w.org\/{rel}","templated":true}]}}

<div class="entry-content cf">
<h5 style="text-align: justify">El centro, una vez aprobado por los órganos de coordinación docente,&nbsp; publicará cada mes&nbsp; unos carteles informativos donde se hará referencia a las actividades complementarias que se prevean. Esa información la comparte primero el jefe de estudios con las madres delegadas, después se suele trasladar a las familias, lo haremos a través de Pasen/iPasen.</h5>
<h5 style="text-align: justify">&nbsp;&nbsp; En esta página web tendrán oportunidad de acceder a los referidos carteles y a algunas imágenes tomadas a título informativo para la comunidad educativa, siempre en los términos establecidos en el Plan de Centro.</h5>
<p style="text-align: justify">&nbsp; <a href="https://blogsaverroes.juntadeandalucia.es/eielcastillo/?page_id=3201"><img loading="lazy" decoding="async" class=" wp-image-5513 alignleft" src="https://blogsaverroes.juntadeandalucia.es/eielcastillo/files/2018/08/Boton-acceso-albumdeimagenes.jpg" alt="" width="141" height="71" srcset="https://blogsaverroes.juntadeandalucia.es/eielcastillo/files/2018/08/Boton-acceso-albumdeimagenes.jpg 283w, https://blogsaverroes.juntadeandalucia.es/eielcastillo/files/2018/08/Boton-acceso-albumdeimagenes-280x142.jpg 280w, https://blogsaverroes.juntadeandalucia.es/eielcastillo/files/2018/08/Boton-acceso-albumdeimagenes-24x12.jpg 24w, https://blogsaverroes.juntadeandalucia.es/eielcastillo/files/2018/08/Boton-acceso-albumdeimagenes-36x18.jpg 36w, https://blogsaverroes.juntadeandalucia.es/eielcastillo/files/2018/08/Boton-acceso-albumdeimagenes-48x24.jpg 48w" sizes="(max-width: 141px) 100vw, 141px" /></a> Con la finalización del curso, todas las imágenes recopiladas pasarán a formar parte del <strong><a href="https://blogsaverroes.juntadeandalucia.es/eielcastillo/?page_id=8062">ÁLBUM DE IMÁGENES.</a></strong></p>
<p style="text-align: justify">&nbsp;</p>
</div>
<h3 style="text-align: justify"><span style="color: #ff0000"><strong>ACTIVIDADES COMPLEMENTARIAS&nbsp; DICIEMBRE 2020</strong></span></h3>
<p style="text-align: justify"><a href="https://blogsaverroes.juntadeandalucia.es/eielcastillo/files/2020/11/Cartel_diciembre2020.pdf">Ver Cartel diciembre 2020</a></p>
<hr>
<ul>
<li>El día 3 de diciembre se celebraba el Día de la Discapacidad. Se proyectó en cada una de las aulas el corto &#8220;Superniños&#8221;.</li>
</ul>
<p>[youtube https://www.youtube.com/watch?v=yQW6Lwfuznk]&nbsp;</p>
<ul style="list-style-type: disc">
<li>Dentro del programa de Valores y Educación Emocional se presentó el cuento &#8220;Oso Cazamariposas&#8221;.</li>
</ul>
<p>[youtube https://www.youtube.com/watch?v=2i4yDQaOeww&amp;w=640&amp;h=360]&nbsp;</p>
<ul>
<li>A lo largo de la última semana completa de clase se desarrolló la gymkana de Navidad.</li>
</ul>
<p>&nbsp;&nbsp;&nbsp;&nbsp;&nbsp;&nbsp;&nbsp;&nbsp;&nbsp;&nbsp;&nbsp; <span style="color: #808080">(pendiente subir imágenes)</span></p>
<ul>
<li>AMPA &#8220;El Reloj&#8221; presentó &#8220;PAPÁ NOEL ESTÁ DESAPARECIDO&#8221;, realizando la grabación fueran del centro.</li>
</ul>
<p>[youtube https://www.youtube.com/watch?v=k4iBiUAqDGU&amp;w=640&amp;h=360]&nbsp;</p>
<ul>
<li>El alumnado participó de las tradiciones navideñas cantando un villancico y ofreciéndolo a sus familias.</li>
</ul>
<p>[youtube https://www.youtube.com/watch?v=cuCMjtDVa3U&amp;w=640&amp;h=360]&nbsp;</p>
<ul>
<li>El último día de clase nos visitaron SSMM los Reyes Magos.</li>
</ul>
<p>&nbsp;&nbsp;&nbsp;&nbsp;&nbsp;&nbsp;&nbsp;&nbsp;<span style="color: #808080">&nbsp;&nbsp;&nbsp; (pendiente subir imágenes)</span></p>
<ul style="list-style-type: disc">
<li>Se decoró el centro con motivos navideños y las familias participaron como es habitual desarrollando sus habilidades plásticas, aportaron diversos motivos navideños que estuvieron expuestos en el porche del patio.</li>
</ul>
<p>[youtube https://www.youtube.com/watch?v=0dQQtHvXfxI]&nbsp;</p>
<p>[youtube https://www.youtube.com/watch?v=pWl5iDOZ-3s&amp;w=640&amp;h=360]&nbsp;</p>
<ul style="list-style-type: disc">
<li>El centro participó en el certamen de Villancicos organizado por las concejalías de Cultura y Educación. Ver acutación centro:</li>
</ul>
<p>[youtube https://www.youtube.com/watch?v=sQwhpUPzbU4&amp;w=640&amp;h=360]&nbsp;</p>
<p><a href="https://youtu.be/xmvy5waYcEE">Ver video completo con la actuación de todos los centros participantes</a></p>

<p>El centro, una vez aprobado por los órganos de coordinación docente,&nbsp; publicará cada mes&nbsp; unos carteles informativos donde se hará referencia a las actividades complementarias&hellip;</p>
