{"id":10678,"date":"2021-02-21T14:55:14","date_gmt":"2021-02-21T13:55:14","guid":{"rendered":"https:\/\/blogsaverroes.juntadeandalucia.es\/eielcastillo\/?page_id=10678"},"modified":"2022-12-10T16:06:08","modified_gmt":"2022-12-10T15:06:08","slug":"moodle-el-castillo","status":"publish","type":"page","link":"https:\/\/blogsaverroes.juntadeandalucia.es\/eielcastillo\/?page_id=10678","title":{"rendered":"Moodle EL CASTILLO"},"content":{"rendered":"<h3><span style=\"text-decoration: underline\"><span style=\"color: #ff0000;text-decoration: underline\"><a href=\"https:\/\/blogsaverroes.juntadeandalucia.es\/eielcastillo\/files\/2022\/12\/Boton_moodleCentros_22-23.jpg\"><img loading=\"lazy\" decoding=\"async\" class=\"size-medium wp-image-14512 alignleft\" src=\"https:\/\/blogsaverroes.juntadeandalucia.es\/eielcastillo\/files\/2022\/12\/Boton_moodleCentros_22-23-300x77.jpg\" alt=\"\" width=\"300\" height=\"77\" srcset=\"https:\/\/blogsaverroes.juntadeandalucia.es\/eielcastillo\/files\/2022\/12\/Boton_moodleCentros_22-23-300x77.jpg 300w, https:\/\/blogsaverroes.juntadeandalucia.es\/eielcastillo\/files\/2022\/12\/Boton_moodleCentros_22-23.jpg 460w\" sizes=\"(max-width: 300px) 100vw, 300px\" \/><\/a><\/span><\/span><span style=\"color: #ff0000\"><span style=\"color: #0000ff\">\u00bfQUE ES MOODLE CENTROS?<\/span><\/span><\/h3>\n<p style=\"text-align: justify\"><span class=\"ILfuVd NA6bn\"><span class=\"hgKElc\"><b>Moodle<\/b> es una plataforma que pone a disposici\u00f3n de los centros educativos la Consejer\u00eda de Educaci\u00f3n de la Junta de Andalucia; a trav\u00e9s de ella el profesorado puede crear una serie de AULAS VIRTUALES para una mejora de la comunicaci\u00f3n con su alumnado, permite el env\u00edo de tareas, incluso la devoluci\u00f3n de \u00e9stas, una vez finalizadas, aunque puede que el tutor\/a de su hijo\/a no le pida esto \u00faltimo.<br \/>\n<\/span><\/span><\/p>\n<p style=\"text-align: justify\">Evidentemente el uso que de ella se haga, ser\u00e1 muy diferente si hablamos de alumnado de Infantil como es nuestro caso o de alumnado de secundaria o incluso bachillerato.<\/p>\n<p style=\"text-align: justify\">En EL CASTILLO cada docente (tutores y no tutores) dispone de un aula virtual, ha participado en actividades de formaci\u00f3n para iniciarse en su uso, es responsabilidad de cada maestro o maestro su gesti\u00f3n as\u00ed como los contenidos que sube a la plataforma.<\/p>\n<h3><span style=\"color: #0000ff\">\u00bfC\u00d3MO ACCEDER A MOODLE CENTROS?<\/span><\/h3>\n<p style=\"text-align: justify\">Se puede acceder a la plataforma a trav\u00e9s de cualquier sistema operativo, desde el ordenador o desde una tablet o desde el m\u00f3vil. No es necesario descargarse ninguna aplicaci\u00f3n ni programa.<\/p>\n<p style=\"text-align: justify\">Esta es la direcci\u00f3n que debe escribir en cualquier navegador para acceder a nuestra moodle:<\/p>\n<p style=\"text-align: justify\"><a href=\"https:\/\/educacionadistancia.juntadeandalucia.es\/centros\/jaen\">https:\/\/educacionadistancia.juntadeandalucia.es\/centros\/jaen<\/a><\/p>\n<p><a href=\"https:\/\/blogsaverroes.juntadeandalucia.es\/eielcastillo\/files\/2022\/12\/Imagen_accesoMoodle.jpg\"><img loading=\"lazy\" decoding=\"async\" class=\"wp-image-14510 alignleft\" src=\"https:\/\/blogsaverroes.juntadeandalucia.es\/eielcastillo\/files\/2022\/12\/Imagen_accesoMoodle-300x237.jpg\" alt=\"\" width=\"111\" height=\"88\" srcset=\"https:\/\/blogsaverroes.juntadeandalucia.es\/eielcastillo\/files\/2022\/12\/Imagen_accesoMoodle-300x237.jpg 300w, https:\/\/blogsaverroes.juntadeandalucia.es\/eielcastillo\/files\/2022\/12\/Imagen_accesoMoodle.jpg 374w\" sizes=\"(max-width: 111px) 100vw, 111px\" \/><\/a>Pero al entrar me pide usuario y contrase\u00f1a<\/p>\n<h3>&nbsp;<\/h3>\n<h3>&nbsp;<\/h3>\n<h3><span style=\"color: #0000ff\">\u00bfD\u00d3NDE EST\u00c1N MIS DATOS DE &#8220;USUARIO&#8221; Y &#8220;CONTRASE\u00d1A&#8221;?<\/span><\/h3>\n<p style=\"text-align: justify\">Vaya a iPasen y mire las comunicaciones que le han entrado, busque una con el t\u00edtulo &#8220;Usuarios y contrase\u00f1as del alumnado&#8221;, debe aparecerle el usuario y podr\u00e1 restablecer contrase\u00f1a.<\/p>\n<p style=\"text-align: justify\">&nbsp;<\/p>\n<p style=\"text-align: justify\">&nbsp;<\/p>\n<hr>\n","protected":false},"excerpt":{"rendered":"<p>\u00bfQUE ES MOODLE CENTROS? Moodle es una plataforma que pone a disposici\u00f3n de los centros educativos la Consejer\u00eda de Educaci\u00f3n de la Junta de Andalucia;&hellip;<\/p>\n","protected":false},"author":3249,"featured_media":0,"parent":0,"menu_order":0,"comment_status":"closed","ping_status":"closed","template":"","meta":{"ngg_post_thumbnail":0,"footnotes":"","_mc_calendar":[]},"aioseo_notices":[],"_links":{"self":[{"href":"https:\/\/blogsaverroes.juntadeandalucia.es\/eielcastillo\/index.php?rest_route=\/wp\/v2\/pages\/10678"}],"collection":[{"href":"https:\/\/blogsaverroes.juntadeandalucia.es\/eielcastillo\/index.php?rest_route=\/wp\/v2\/pages"}],"about":[{"href":"https:\/\/blogsaverroes.juntadeandalucia.es\/eielcastillo\/index.php?rest_route=\/wp\/v2\/types\/page"}],"author":[{"embeddable":true,"href":"https:\/\/blogsaverroes.juntadeandalucia.es\/eielcastillo\/index.php?rest_route=\/wp\/v2\/users\/3249"}],"replies":[{"embeddable":true,"href":"https:\/\/blogsaverroes.juntadeandalucia.es\/eielcastillo\/index.php?rest_route=%2Fwp%2Fv2%2Fcomments&post=10678"}],"version-history":[{"count":17,"href":"https:\/\/blogsaverroes.juntadeandalucia.es\/eielcastillo\/index.php?rest_route=\/wp\/v2\/pages\/10678\/revisions"}],"predecessor-version":[{"id":14513,"href":"https:\/\/blogsaverroes.juntadeandalucia.es\/eielcastillo\/index.php?rest_route=\/wp\/v2\/pages\/10678\/revisions\/14513"}],"wp:attachment":[{"href":"https:\/\/blogsaverroes.juntadeandalucia.es\/eielcastillo\/index.php?rest_route=%2Fwp%2Fv2%2Fmedia&parent=10678"}],"curies":[{"name":"wp","href":"https:\/\/api.w.org\/{rel}","templated":true}]}}