{"id":11624,"date":"2021-10-12T14:04:51","date_gmt":"2021-10-12T13:04:51","guid":{"rendered":"https:\/\/blogsaverroes.juntadeandalucia.es\/eielcastillo\/?page_id=11624"},"modified":"2022-07-26T19:47:11","modified_gmt":"2022-07-26T18:47:11","slug":"actividades-abril-2022","status":"publish","type":"page","link":"https:\/\/blogsaverroes.juntadeandalucia.es\/eielcastillo\/?page_id=11624","title":{"rendered":"Actividades ABRIL 2022"},"content":{"rendered":"<div class=\"entry-content cf\">\n<p style=\"text-align: justify\">El centro, una vez aprobado por los \u00f3rganos de coordinaci\u00f3n docente,&nbsp; publicar\u00e1 cada mes&nbsp; unos carteles informativos donde se har\u00e1 referencia a las actividades complementarias que se prevean. Esa informaci\u00f3n la comparte primero el jefe de estudios con las madres delegadas, despu\u00e9s se suele trasladar a las familias.<\/p>\n<p style=\"text-align: justify\">&nbsp;&nbsp; En esta p\u00e1gina web tendr\u00e1n oportunidad de acceder a los referidos carteles y a algunas im\u00e1genes tomadas a t\u00edtulo informativo para la comunidad educativa, siempre en los t\u00e9rminos establecidos en el Plan de Centro.<\/p>\n<p style=\"text-align: justify\">&nbsp;&nbsp;<a href=\"https:\/\/blogsaverroes.juntadeandalucia.es\/eielcastillo\/?page_id=3201\"><img loading=\"lazy\" decoding=\"async\" class=\" wp-image-5513 alignleft\" src=\"https:\/\/i2.wp.com\/blogsaverroes.juntadeandalucia.es\/eielcastillo\/files\/2018\/08\/Boton-acceso-albumdeimagenes.jpg?resize=141%2C71&amp;ssl=1\" alt=\"\" width=\"141\" height=\"72\" srcset=\"https:\/\/blogsaverroes.juntadeandalucia.es\/eielcastillo\/files\/2018\/08\/Boton-acceso-albumdeimagenes.jpg 283w, https:\/\/blogsaverroes.juntadeandalucia.es\/eielcastillo\/files\/2018\/08\/Boton-acceso-albumdeimagenes-280x142.jpg 280w, https:\/\/blogsaverroes.juntadeandalucia.es\/eielcastillo\/files\/2018\/08\/Boton-acceso-albumdeimagenes-24x12.jpg 24w, https:\/\/blogsaverroes.juntadeandalucia.es\/eielcastillo\/files\/2018\/08\/Boton-acceso-albumdeimagenes-36x18.jpg 36w, https:\/\/blogsaverroes.juntadeandalucia.es\/eielcastillo\/files\/2018\/08\/Boton-acceso-albumdeimagenes-48x24.jpg 48w\" sizes=\"(max-width: 141px) 100vw, 141px\" \/><\/a>Con la finalizaci\u00f3n del curso, todas las im\u00e1genes recopiladas pasar\u00e1n a formar parte del&nbsp;<strong><a href=\"https:\/\/blogsaverroes.juntadeandalucia.es\/eielcastillo\/?page_id=8062\">\u00c1LBUM DE IM\u00c1GENES.<\/a><\/strong><\/p>\n<p style=\"text-align: justify\">&nbsp;<\/p>\n<\/div>\n<h3 style=\"text-align: justify\"><strong><span style=\"color: #ff0000\">ACTIVIDADES COMPLEMENTARIAS&nbsp; ABRIL 2022<\/span><br \/>\n<\/strong><\/h3>\n<p style=\"text-align: justify\"><a href=\"https:\/\/blogsaverroes.juntadeandalucia.es\/eielcastillo\/files\/2022\/04\/Cartel_abril2022.pdf\">Ver cartel abril 2022<\/a><\/p>\n<hr>\n<p><span style=\"color: #800000\">Cuentacuentos en el que personajes de cuentos se escapan y visitan las clases\u00a8:<\/span><\/p>\nngg_shortcode_0_placeholder\n<p><strong><span style=\"color: #800000\">D\u00eda del libro. Book Face<\/span><\/strong><\/p>\n<p><iframe loading=\"lazy\" src=\"https:\/\/www.youtube.com\/embed\/EC00Ke_Kd-c\" width=\"640\" height=\"362\" frameborder=\"0\"><span style=\"width: 0px;overflow: hidden;line-height: 0\" data-mce-type=\"bookmark\" class=\"mce_SELRES_start\">\ufeff<\/span><\/iframe>&nbsp;<\/p>\n<p><strong><span style=\"color: #800000\">Cuentacuentos &#8220;Vaya Rabieta&#8221;<\/span><\/strong><\/p>\n<p>(Im\u00e1genes y video se exponen en la secci\u00f3n del mes de mayo)<\/p>\n","protected":false},"excerpt":{"rendered":"<p>El centro, una vez aprobado por los \u00f3rganos de coordinaci\u00f3n docente,&nbsp; publicar\u00e1 cada mes&nbsp; unos carteles informativos donde se har\u00e1 referencia a las actividades complementarias&hellip;<\/p>\n","protected":false},"author":3249,"featured_media":0,"parent":11337,"menu_order":8,"comment_status":"closed","ping_status":"closed","template":"","meta":{"ngg_post_thumbnail":0,"footnotes":"","_mc_calendar":[]},"aioseo_notices":[],"_links":{"self":[{"href":"https:\/\/blogsaverroes.juntadeandalucia.es\/eielcastillo\/index.php?rest_route=\/wp\/v2\/pages\/11624"}],"collection":[{"href":"https:\/\/blogsaverroes.juntadeandalucia.es\/eielcastillo\/index.php?rest_route=\/wp\/v2\/pages"}],"about":[{"href":"https:\/\/blogsaverroes.juntadeandalucia.es\/eielcastillo\/index.php?rest_route=\/wp\/v2\/types\/page"}],"author":[{"embeddable":true,"href":"https:\/\/blogsaverroes.juntadeandalucia.es\/eielcastillo\/index.php?rest_route=\/wp\/v2\/users\/3249"}],"replies":[{"embeddable":true,"href":"https:\/\/blogsaverroes.juntadeandalucia.es\/eielcastillo\/index.php?rest_route=%2Fwp%2Fv2%2Fcomments&post=11624"}],"version-history":[{"count":7,"href":"https:\/\/blogsaverroes.juntadeandalucia.es\/eielcastillo\/index.php?rest_route=\/wp\/v2\/pages\/11624\/revisions"}],"predecessor-version":[{"id":13374,"href":"https:\/\/blogsaverroes.juntadeandalucia.es\/eielcastillo\/index.php?rest_route=\/wp\/v2\/pages\/11624\/revisions\/13374"}],"up":[{"embeddable":true,"href":"https:\/\/blogsaverroes.juntadeandalucia.es\/eielcastillo\/index.php?rest_route=\/wp\/v2\/pages\/11337"}],"wp:attachment":[{"href":"https:\/\/blogsaverroes.juntadeandalucia.es\/eielcastillo\/index.php?rest_route=%2Fwp%2Fv2%2Fmedia&parent=11624"}],"curies":[{"name":"wp","href":"https:\/\/api.w.org\/{rel}","templated":true}]}}

<div class="entry-content cf">
<p style="text-align: justify">El centro, una vez aprobado por los órganos de coordinación docente,&nbsp; publicará cada mes&nbsp; unos carteles informativos donde se hará referencia a las actividades complementarias que se prevean. Esa información la comparte primero el jefe de estudios con las madres delegadas, después se suele trasladar a las familias.</p>
<p style="text-align: justify">&nbsp;&nbsp; En esta página web tendrán oportunidad de acceder a los referidos carteles y a algunas imágenes tomadas a título informativo para la comunidad educativa, siempre en los términos establecidos en el Plan de Centro.</p>
<p style="text-align: justify">&nbsp;&nbsp;<a href="https://blogsaverroes.juntadeandalucia.es/eielcastillo/?page_id=3201"><img loading="lazy" decoding="async" class=" wp-image-5513 alignleft" src="https://i2.wp.com/blogsaverroes.juntadeandalucia.es/eielcastillo/files/2018/08/Boton-acceso-albumdeimagenes.jpg?resize=141%2C71&amp;ssl=1" alt="" width="141" height="72" srcset="https://blogsaverroes.juntadeandalucia.es/eielcastillo/files/2018/08/Boton-acceso-albumdeimagenes.jpg 283w, https://blogsaverroes.juntadeandalucia.es/eielcastillo/files/2018/08/Boton-acceso-albumdeimagenes-280x142.jpg 280w, https://blogsaverroes.juntadeandalucia.es/eielcastillo/files/2018/08/Boton-acceso-albumdeimagenes-24x12.jpg 24w, https://blogsaverroes.juntadeandalucia.es/eielcastillo/files/2018/08/Boton-acceso-albumdeimagenes-36x18.jpg 36w, https://blogsaverroes.juntadeandalucia.es/eielcastillo/files/2018/08/Boton-acceso-albumdeimagenes-48x24.jpg 48w" sizes="(max-width: 141px) 100vw, 141px" /></a>Con la finalización del curso, todas las imágenes recopiladas pasarán a formar parte del&nbsp;<strong><a href="https://blogsaverroes.juntadeandalucia.es/eielcastillo/?page_id=8062">ÁLBUM DE IMÁGENES.</a></strong></p>
<p style="text-align: justify">&nbsp;</p>
</div>
<h3 style="text-align: justify"><strong><span style="color: #ff0000">ACTIVIDADES COMPLEMENTARIAS&nbsp; ABRIL 2022</span><br />
</strong></h3>
<p style="text-align: justify"><a href="https://blogsaverroes.juntadeandalucia.es/eielcastillo/files/2022/04/Cartel_abril2022.pdf">Ver cartel abril 2022</a></p>
<hr>
<p><span style="color: #800000">Cuentacuentos en el que personajes de cuentos se escapan y visitan las clases¨:</span></p>
ngg_shortcode_0_placeholder
<p><strong><span style="color: #800000">Día del libro. Book Face</span></strong></p>
<p><iframe loading="lazy" src="https://www.youtube.com/embed/EC00Ke_Kd-c" width="640" height="362" frameborder="0"><span style="width: 0px;overflow: hidden;line-height: 0" data-mce-type="bookmark" class="mce_SELRES_start">﻿</span></iframe>&nbsp;</p>
<p><strong><span style="color: #800000">Cuentacuentos &#8220;Vaya Rabieta&#8221;</span></strong></p>
<p>(Imágenes y video se exponen en la sección del mes de mayo)</p>

<p>El centro, una vez aprobado por los órganos de coordinación docente,&nbsp; publicará cada mes&nbsp; unos carteles informativos donde se hará referencia a las actividades complementarias&hellip;</p>
