{"id":15422,"date":"2023-04-06T20:24:45","date_gmt":"2023-04-06T19:24:45","guid":{"rendered":"https:\/\/blogsaverroes.juntadeandalucia.es\/eielcastillo\/?page_id=15422"},"modified":"2023-08-11T17:14:04","modified_gmt":"2023-08-11T16:14:04","slug":"actividades-abril-2023","status":"publish","type":"page","link":"https:\/\/blogsaverroes.juntadeandalucia.es\/eielcastillo\/?page_id=15422","title":{"rendered":"Actividades abril 2022-23"},"content":{"rendered":"<div class=\"entry-content cf\">\n<p style=\"text-align: justify\"><strong><a href=\"https:\/\/blogsaverroes.juntadeandalucia.es\/eielcastillo\/files\/2023\/04\/Imagen_pagActCom_abr2023.jpg\"><img loading=\"lazy\" decoding=\"async\" class=\"alignleft wp-image-15436\" src=\"https:\/\/blogsaverroes.juntadeandalucia.es\/eielcastillo\/files\/2023\/04\/Imagen_pagActCom_abr2023.jpg\" alt=\"\" width=\"200\" height=\"142\" srcset=\"https:\/\/blogsaverroes.juntadeandalucia.es\/eielcastillo\/files\/2023\/04\/Imagen_pagActCom_abr2023.jpg 504w, https:\/\/blogsaverroes.juntadeandalucia.es\/eielcastillo\/files\/2023\/04\/Imagen_pagActCom_abr2023-300x213.jpg 300w\" sizes=\"(max-width: 200px) 100vw, 200px\" \/><\/a>E<\/strong>l centro, una vez aprobado por los \u00f3rganos de coordinaci\u00f3n docente,&nbsp; publicar\u00e1 cada mes&nbsp;&nbsp;unos carteles informativos donde se har\u00e1 referencia a las actividades complementarias que se prevean. El coordinador del Equipo de Ciclo es quien las organiza, planifica y supervisa.<\/p>\n<p style=\"text-align: justify\">&nbsp;&nbsp; En esta p\u00e1gina web tendr\u00e1n oportunidad de acceder a los referidos carteles y a algunas im\u00e1genes tomadas a t\u00edtulo informativo para la comunidad educativa, siempre en los t\u00e9rminos establecidos en el Plan de Centro.<\/p>\n<p style=\"text-align: justify\">&nbsp;&nbsp;<a href=\"https:\/\/blogsaverroes.juntadeandalucia.es\/eielcastillo\/?page_id=3201\"><img loading=\"lazy\" decoding=\"async\" class=\" wp-image-5513 alignleft\" src=\"https:\/\/i2.wp.com\/blogsaverroes.juntadeandalucia.es\/eielcastillo\/files\/2018\/08\/Boton-acceso-albumdeimagenes.jpg?resize=141%2C71&amp;ssl=1\" alt=\"\" data-recalc-dims=\"1\" width=\"141\" height=\"71\" srcset=\"https:\/\/blogsaverroes.juntadeandalucia.es\/eielcastillo\/files\/2018\/08\/Boton-acceso-albumdeimagenes.jpg 283w, https:\/\/blogsaverroes.juntadeandalucia.es\/eielcastillo\/files\/2018\/08\/Boton-acceso-albumdeimagenes-280x142.jpg 280w, https:\/\/blogsaverroes.juntadeandalucia.es\/eielcastillo\/files\/2018\/08\/Boton-acceso-albumdeimagenes-24x12.jpg 24w, https:\/\/blogsaverroes.juntadeandalucia.es\/eielcastillo\/files\/2018\/08\/Boton-acceso-albumdeimagenes-36x18.jpg 36w, https:\/\/blogsaverroes.juntadeandalucia.es\/eielcastillo\/files\/2018\/08\/Boton-acceso-albumdeimagenes-48x24.jpg 48w\" sizes=\"(max-width: 141px) 100vw, 141px\" \/><\/a>Con la finalizaci\u00f3n del curso, todas las im\u00e1genes recopiladas pasar\u00e1n a formar parte del&nbsp;<a href=\"https:\/\/blogsaverroes.juntadeandalucia.es\/eielcastillo\/?page_id=8062\"><strong>\u00c1LBUM DE IM\u00c1GENES.<\/strong><\/a><\/p>\n<p style=\"text-align: justify\">&nbsp;<\/p>\n<\/div>\n<h3 style=\"text-align: justify\"><strong><a href=\"https:\/\/blogsaverroes.juntadeandalucia.es\/eielcastillo\/files\/2023\/04\/Cartel_abril2023.jpg\"><img loading=\"lazy\" decoding=\"async\" class=\"wp-image-15426 alignleft\" src=\"https:\/\/blogsaverroes.juntadeandalucia.es\/eielcastillo\/files\/2023\/04\/Cartel_abril2023.jpg\" alt=\"\" width=\"79\" height=\"112\" srcset=\"https:\/\/blogsaverroes.juntadeandalucia.es\/eielcastillo\/files\/2023\/04\/Cartel_abril2023.jpg 1240w, https:\/\/blogsaverroes.juntadeandalucia.es\/eielcastillo\/files\/2023\/04\/Cartel_abril2023-212x300.jpg 212w, https:\/\/blogsaverroes.juntadeandalucia.es\/eielcastillo\/files\/2023\/04\/Cartel_abril2023-724x1024.jpg 724w, https:\/\/blogsaverroes.juntadeandalucia.es\/eielcastillo\/files\/2023\/04\/Cartel_abril2023-768x1086.jpg 768w, https:\/\/blogsaverroes.juntadeandalucia.es\/eielcastillo\/files\/2023\/04\/Cartel_abril2023-1086x1536.jpg 1086w\" sizes=\"(max-width: 79px) 100vw, 79px\" \/><\/a>ACTIVIDADES COMPLEMENTARIAS&nbsp; ABRIL 2023<\/strong><\/h3>\n<p><a href=\"https:\/\/blogsaverroes.juntadeandalucia.es\/eielcastillo\/files\/2023\/04\/Cartel_abril2023.pdf\"><strong>Ver Cartel abril 2023<\/strong><\/a><\/p>\n<p><a href=\"https:\/\/blogsaverroes.juntadeandalucia.es\/eielcastillo\/files\/2023\/02\/Imagen_filaceituna-e1677341309250.jpg\"><img loading=\"lazy\" decoding=\"async\" class=\"size-full wp-image-15161 aligncenter\" src=\"https:\/\/blogsaverroes.juntadeandalucia.es\/eielcastillo\/files\/2023\/02\/Imagen_filaceituna-e1677341309250.jpg\" alt=\"\" width=\"619\" height=\"14\"><\/a><\/p>\n<p><strong>A continuaci\u00f3n dejamos los enlaces a una serie de post publicados en esta web, hacen referencia a las actividades desarrolladas en abril.<\/strong><\/p>\n<p><span style=\"color: #0000ff\">&#8211;<a style=\"color: #0000ff\" href=\"https:\/\/blogsaverroes.juntadeandalucia.es\/eielcastillo\/?p=15501\"><strong>&#8220;Bookface&#8221;, D\u00eda del Libro.<\/strong><\/a><\/span><\/p>\n<p><span style=\"color: #0000ff\">&#8211; <a style=\"color: #0000ff\" href=\"https:\/\/blogsaverroes.juntadeandalucia.es\/eielcastillo\/?p=15510\"><strong>Cada abril recordamos el D\u00eda del Libro.<\/strong><\/a><\/span><\/p>\n<p><span style=\"color: #0000ff\">&#8211; <a style=\"color: #0000ff\" href=\"https:\/\/blogsaverroes.juntadeandalucia.es\/eielcastillo\/?p=15473\"><strong>&#8220;El le\u00f3n que no sab\u00eda escribir&#8221;.<\/strong><\/a><\/span><\/p>\n<p><span style=\"color: #0000ff\">&#8211; <a style=\"color: #0000ff\" href=\"https:\/\/blogsaverroes.juntadeandalucia.es\/eielcastillo\/?p=15554\"><strong>D\u00eda Mundial de la Salud.<\/strong><\/a><\/span><\/p>\n<p><span style=\"color: #0000ff\">&#8211; <\/span><a href=\"https:\/\/blogsaverroes.juntadeandalucia.es\/eielcastillo\/?p=15620\"><strong><span style=\"color: #0000ff\">Visita a la Escuela de la Naturaleza &#8220;Las Nogueras&#8221; en Santa Elena.<\/span><\/strong><\/a><\/p>\n<p>&nbsp;<\/p>\n","protected":false},"excerpt":{"rendered":"<p>El centro, una vez aprobado por los \u00f3rganos de coordinaci\u00f3n docente,&nbsp; publicar\u00e1 cada mes&nbsp;&nbsp;unos carteles informativos donde se har\u00e1 referencia a las actividades complementarias que&hellip;<\/p>\n","protected":false},"author":3249,"featured_media":0,"parent":13399,"menu_order":7,"comment_status":"closed","ping_status":"closed","template":"","meta":{"ngg_post_thumbnail":0,"footnotes":"","_mc_calendar":[]},"aioseo_notices":[],"_links":{"self":[{"href":"https:\/\/blogsaverroes.juntadeandalucia.es\/eielcastillo\/index.php?rest_route=\/wp\/v2\/pages\/15422"}],"collection":[{"href":"https:\/\/blogsaverroes.juntadeandalucia.es\/eielcastillo\/index.php?rest_route=\/wp\/v2\/pages"}],"about":[{"href":"https:\/\/blogsaverroes.juntadeandalucia.es\/eielcastillo\/index.php?rest_route=\/wp\/v2\/types\/page"}],"author":[{"embeddable":true,"href":"https:\/\/blogsaverroes.juntadeandalucia.es\/eielcastillo\/index.php?rest_route=\/wp\/v2\/users\/3249"}],"replies":[{"embeddable":true,"href":"https:\/\/blogsaverroes.juntadeandalucia.es\/eielcastillo\/index.php?rest_route=%2Fwp%2Fv2%2Fcomments&post=15422"}],"version-history":[{"count":8,"href":"https:\/\/blogsaverroes.juntadeandalucia.es\/eielcastillo\/index.php?rest_route=\/wp\/v2\/pages\/15422\/revisions"}],"predecessor-version":[{"id":16078,"href":"https:\/\/blogsaverroes.juntadeandalucia.es\/eielcastillo\/index.php?rest_route=\/wp\/v2\/pages\/15422\/revisions\/16078"}],"up":[{"embeddable":true,"href":"https:\/\/blogsaverroes.juntadeandalucia.es\/eielcastillo\/index.php?rest_route=\/wp\/v2\/pages\/13399"}],"wp:attachment":[{"href":"https:\/\/blogsaverroes.juntadeandalucia.es\/eielcastillo\/index.php?rest_route=%2Fwp%2Fv2%2Fmedia&parent=15422"}],"curies":[{"name":"wp","href":"https:\/\/api.w.org\/{rel}","templated":true}]}}

<div class="entry-content cf">
<p style="text-align: justify"><strong><a href="https://blogsaverroes.juntadeandalucia.es/eielcastillo/files/2023/04/Imagen_pagActCom_abr2023.jpg"><img loading="lazy" decoding="async" class="alignleft wp-image-15436" src="https://blogsaverroes.juntadeandalucia.es/eielcastillo/files/2023/04/Imagen_pagActCom_abr2023.jpg" alt="" width="200" height="142" srcset="https://blogsaverroes.juntadeandalucia.es/eielcastillo/files/2023/04/Imagen_pagActCom_abr2023.jpg 504w, https://blogsaverroes.juntadeandalucia.es/eielcastillo/files/2023/04/Imagen_pagActCom_abr2023-300x213.jpg 300w" sizes="(max-width: 200px) 100vw, 200px" /></a>E</strong>l centro, una vez aprobado por los órganos de coordinación docente,&nbsp; publicará cada mes&nbsp;&nbsp;unos carteles informativos donde se hará referencia a las actividades complementarias que se prevean. El coordinador del Equipo de Ciclo es quien las organiza, planifica y supervisa.</p>
<p style="text-align: justify">&nbsp;&nbsp; En esta página web tendrán oportunidad de acceder a los referidos carteles y a algunas imágenes tomadas a título informativo para la comunidad educativa, siempre en los términos establecidos en el Plan de Centro.</p>
<p style="text-align: justify">&nbsp;&nbsp;<a href="https://blogsaverroes.juntadeandalucia.es/eielcastillo/?page_id=3201"><img loading="lazy" decoding="async" class=" wp-image-5513 alignleft" src="https://i2.wp.com/blogsaverroes.juntadeandalucia.es/eielcastillo/files/2018/08/Boton-acceso-albumdeimagenes.jpg?resize=141%2C71&amp;ssl=1" alt="" data-recalc-dims="1" width="141" height="71" srcset="https://blogsaverroes.juntadeandalucia.es/eielcastillo/files/2018/08/Boton-acceso-albumdeimagenes.jpg 283w, https://blogsaverroes.juntadeandalucia.es/eielcastillo/files/2018/08/Boton-acceso-albumdeimagenes-280x142.jpg 280w, https://blogsaverroes.juntadeandalucia.es/eielcastillo/files/2018/08/Boton-acceso-albumdeimagenes-24x12.jpg 24w, https://blogsaverroes.juntadeandalucia.es/eielcastillo/files/2018/08/Boton-acceso-albumdeimagenes-36x18.jpg 36w, https://blogsaverroes.juntadeandalucia.es/eielcastillo/files/2018/08/Boton-acceso-albumdeimagenes-48x24.jpg 48w" sizes="(max-width: 141px) 100vw, 141px" /></a>Con la finalización del curso, todas las imágenes recopiladas pasarán a formar parte del&nbsp;<a href="https://blogsaverroes.juntadeandalucia.es/eielcastillo/?page_id=8062"><strong>ÁLBUM DE IMÁGENES.</strong></a></p>
<p style="text-align: justify">&nbsp;</p>
</div>
<h3 style="text-align: justify"><strong><a href="https://blogsaverroes.juntadeandalucia.es/eielcastillo/files/2023/04/Cartel_abril2023.jpg"><img loading="lazy" decoding="async" class="wp-image-15426 alignleft" src="https://blogsaverroes.juntadeandalucia.es/eielcastillo/files/2023/04/Cartel_abril2023.jpg" alt="" width="79" height="112" srcset="https://blogsaverroes.juntadeandalucia.es/eielcastillo/files/2023/04/Cartel_abril2023.jpg 1240w, https://blogsaverroes.juntadeandalucia.es/eielcastillo/files/2023/04/Cartel_abril2023-212x300.jpg 212w, https://blogsaverroes.juntadeandalucia.es/eielcastillo/files/2023/04/Cartel_abril2023-724x1024.jpg 724w, https://blogsaverroes.juntadeandalucia.es/eielcastillo/files/2023/04/Cartel_abril2023-768x1086.jpg 768w, https://blogsaverroes.juntadeandalucia.es/eielcastillo/files/2023/04/Cartel_abril2023-1086x1536.jpg 1086w" sizes="(max-width: 79px) 100vw, 79px" /></a>ACTIVIDADES COMPLEMENTARIAS&nbsp; ABRIL 2023</strong></h3>
<p><a href="https://blogsaverroes.juntadeandalucia.es/eielcastillo/files/2023/04/Cartel_abril2023.pdf"><strong>Ver Cartel abril 2023</strong></a></p>
<p><a href="https://blogsaverroes.juntadeandalucia.es/eielcastillo/files/2023/02/Imagen_filaceituna-e1677341309250.jpg"><img loading="lazy" decoding="async" class="size-full wp-image-15161 aligncenter" src="https://blogsaverroes.juntadeandalucia.es/eielcastillo/files/2023/02/Imagen_filaceituna-e1677341309250.jpg" alt="" width="619" height="14"></a></p>
<p><strong>A continuación dejamos los enlaces a una serie de post publicados en esta web, hacen referencia a las actividades desarrolladas en abril.</strong></p>
<p><span style="color: #0000ff">&#8211;<a style="color: #0000ff" href="https://blogsaverroes.juntadeandalucia.es/eielcastillo/?p=15501"><strong>&#8220;Bookface&#8221;, Día del Libro.</strong></a></span></p>
<p><span style="color: #0000ff">&#8211; <a style="color: #0000ff" href="https://blogsaverroes.juntadeandalucia.es/eielcastillo/?p=15510"><strong>Cada abril recordamos el Día del Libro.</strong></a></span></p>
<p><span style="color: #0000ff">&#8211; <a style="color: #0000ff" href="https://blogsaverroes.juntadeandalucia.es/eielcastillo/?p=15473"><strong>&#8220;El león que no sabía escribir&#8221;.</strong></a></span></p>
<p><span style="color: #0000ff">&#8211; <a style="color: #0000ff" href="https://blogsaverroes.juntadeandalucia.es/eielcastillo/?p=15554"><strong>Día Mundial de la Salud.</strong></a></span></p>
<p><span style="color: #0000ff">&#8211; </span><a href="https://blogsaverroes.juntadeandalucia.es/eielcastillo/?p=15620"><strong><span style="color: #0000ff">Visita a la Escuela de la Naturaleza &#8220;Las Nogueras&#8221; en Santa Elena.</span></strong></a></p>
<p>&nbsp;</p>

<p>El centro, una vez aprobado por los órganos de coordinación docente,&nbsp; publicará cada mes&nbsp;&nbsp;unos carteles informativos donde se hará referencia a las actividades complementarias que&hellip;</p>
