{"id":15833,"date":"2023-06-07T18:32:09","date_gmt":"2023-06-07T17:32:09","guid":{"rendered":"https:\/\/blogsaverroes.juntadeandalucia.es\/eielcastillo\/?page_id=15833"},"modified":"2023-08-11T16:48:49","modified_gmt":"2023-08-11T15:48:49","slug":"15833-2","status":"publish","type":"page","link":"https:\/\/blogsaverroes.juntadeandalucia.es\/eielcastillo\/?page_id=15833","title":{"rendered":"Actividades junio 2022-23"},"content":{"rendered":"<div class=\"entry-content cf\">\n<div class=\"entry-content cf\">\n<p style=\"text-align: justify\"><strong><a href=\"https:\/\/blogsaverroes.juntadeandalucia.es\/eielcastillo\/files\/2023\/06\/Imagen_pagActCom_jun2023.jpg\"><img loading=\"lazy\" decoding=\"async\" class=\"wp-image-15863 alignleft\" src=\"https:\/\/blogsaverroes.juntadeandalucia.es\/eielcastillo\/files\/2023\/06\/Imagen_pagActCom_jun2023-300x212.jpg\" alt=\"\" width=\"217\" height=\"153\" srcset=\"https:\/\/blogsaverroes.juntadeandalucia.es\/eielcastillo\/files\/2023\/06\/Imagen_pagActCom_jun2023-300x212.jpg 300w, https:\/\/blogsaverroes.juntadeandalucia.es\/eielcastillo\/files\/2023\/06\/Imagen_pagActCom_jun2023.jpg 486w\" sizes=\"(max-width: 217px) 100vw, 217px\" \/><\/a>E<\/strong>l centro, una vez aprobado por los \u00f3rganos de coordinaci\u00f3n docente,&nbsp; publicar\u00e1 cada mes&nbsp;&nbsp;unos carteles informativos donde se har\u00e1 referencia a las actividades complementarias que se prevean. El coordinador del Equipo de Ciclo es quien las organiza, planifica y supervisa.<\/p>\n<p style=\"text-align: justify\">&nbsp;&nbsp; En esta p\u00e1gina web tendr\u00e1n oportunidad de acceder a los referidos carteles y a algunas im\u00e1genes tomadas a t\u00edtulo informativo para la comunidad educativa, siempre en los t\u00e9rminos establecidos en el Plan de Centro.<\/p>\n<p>&nbsp;&nbsp;<a href=\"https:\/\/blogsaverroes.juntadeandalucia.es\/eielcastillo\/?page_id=3201\"><img loading=\"lazy\" decoding=\"async\" class=\" wp-image-5513 alignleft\" src=\"https:\/\/i2.wp.com\/blogsaverroes.juntadeandalucia.es\/eielcastillo\/files\/2018\/08\/Boton-acceso-albumdeimagenes.jpg?resize=141%2C71&amp;ssl=1\" alt=\"\" data-recalc-dims=\"1\" width=\"141\" height=\"71\" srcset=\"https:\/\/blogsaverroes.juntadeandalucia.es\/eielcastillo\/files\/2018\/08\/Boton-acceso-albumdeimagenes.jpg 283w, https:\/\/blogsaverroes.juntadeandalucia.es\/eielcastillo\/files\/2018\/08\/Boton-acceso-albumdeimagenes-280x142.jpg 280w, https:\/\/blogsaverroes.juntadeandalucia.es\/eielcastillo\/files\/2018\/08\/Boton-acceso-albumdeimagenes-24x12.jpg 24w, https:\/\/blogsaverroes.juntadeandalucia.es\/eielcastillo\/files\/2018\/08\/Boton-acceso-albumdeimagenes-36x18.jpg 36w, https:\/\/blogsaverroes.juntadeandalucia.es\/eielcastillo\/files\/2018\/08\/Boton-acceso-albumdeimagenes-48x24.jpg 48w\" sizes=\"(max-width: 141px) 100vw, 141px\" \/><\/a>Con la finalizaci\u00f3n del curso, todas las im\u00e1genes recopiladas pasar\u00e1n a formar parte del&nbsp;<a href=\"https:\/\/blogsaverroes.juntadeandalucia.es\/eielcastillo\/?page_id=8062\"><strong>\u00c1LBUM DE IM\u00c1GENES.<\/strong><\/a><\/p>\n<p>&nbsp;<\/p>\n<\/div>\n<h3 style=\"text-align: center\"><span style=\"text-decoration: underline\"><span style=\"color: #ff0000;text-decoration: underline\"><strong>ACTIVIDADES COMPLEMENTARIAS&nbsp; JUNIO 2023<\/strong><\/span><\/span><\/h3>\n<p><strong><a href=\"https:\/\/blogsaverroes.juntadeandalucia.es\/eielcastillo\/files\/2023\/06\/Cartel_junio2023.jpg\"><img loading=\"lazy\" decoding=\"async\" class=\"wp-image-15838 alignleft\" src=\"https:\/\/blogsaverroes.juntadeandalucia.es\/eielcastillo\/files\/2023\/06\/Cartel_junio2023-212x300.jpg\" alt=\"\" width=\"111\" height=\"157\" srcset=\"https:\/\/blogsaverroes.juntadeandalucia.es\/eielcastillo\/files\/2023\/06\/Cartel_junio2023-212x300.jpg 212w, https:\/\/blogsaverroes.juntadeandalucia.es\/eielcastillo\/files\/2023\/06\/Cartel_junio2023-724x1024.jpg 724w, https:\/\/blogsaverroes.juntadeandalucia.es\/eielcastillo\/files\/2023\/06\/Cartel_junio2023-768x1086.jpg 768w, https:\/\/blogsaverroes.juntadeandalucia.es\/eielcastillo\/files\/2023\/06\/Cartel_junio2023-1086x1536.jpg 1086w, https:\/\/blogsaverroes.juntadeandalucia.es\/eielcastillo\/files\/2023\/06\/Cartel_junio2023.jpg 1240w\" sizes=\"(max-width: 111px) 100vw, 111px\" \/><\/a><a href=\"https:\/\/blogsaverroes.juntadeandalucia.es\/eielcastillo\/files\/2023\/06\/Cartel_junio2023.pdf\">Ver Cartel junio 2023<\/a><\/strong><\/p>\n<p><a href=\"https:\/\/blogsaverroes.juntadeandalucia.es\/eielcastillo\/files\/2023\/02\/Imagen_filaceituna-e1677341309250.jpg\"><img loading=\"lazy\" decoding=\"async\" class=\"size-full wp-image-15161 aligncenter\" src=\"https:\/\/blogsaverroes.juntadeandalucia.es\/eielcastillo\/files\/2023\/02\/Imagen_filaceituna-e1677341309250.jpg\" alt=\"\" width=\"619\" height=\"14\"><\/a><\/p>\n<p><strong><span style=\"color: #800000\">A continuaci\u00f3n dejamos los enlaces a una serie de post publicados en esta web, hacen referencia a las actividades desarrolladas en junio.<\/span><\/strong><\/p>\n<\/div>\n<footer class=\"entry-footer cf\">\n<p class=\"entry-updated updated\"><a href=\"https:\/\/blogsaverroes.juntadeandalucia.es\/eielcastillo\/?p=15825\"><span style=\"color: #800000\"><strong><span style=\"color: #0000ff\">Consumiendo frutas y verduras en la escuela<\/span><\/strong><\/span><\/a><\/p>\n<\/footer>\n<p><span style=\"color: #0000ff\"><a style=\"color: #0000ff\" href=\"https:\/\/blogsaverroes.juntadeandalucia.es\/eielcastillo\/?p=15917\"><strong>&nbsp;Ya casi en Primaria, visitamos el colegio &#8220;General Casta\u00f1os&#8221;<\/strong><\/a><\/span><\/p>\n<p><span style=\"color: #0000ff\"><a style=\"color: #0000ff\" href=\"https:\/\/blogsaverroes.juntadeandalucia.es\/eielcastillo\/?p=15966\"><strong>Despedida de la promoci\u00f3n 2020\/23<\/strong><\/a><\/span><\/p>\n<p><a href=\"https:\/\/blogsaverroes.juntadeandalucia.es\/eielcastillo\/?p=15981\"><strong><span style=\"color: #0000ff\">Acto de despedida del curso 2022\/23<\/span><\/strong><\/a><\/p>\n<div>&nbsp;<\/div>\n","protected":false},"excerpt":{"rendered":"<p>El centro, una vez aprobado por los \u00f3rganos de coordinaci\u00f3n docente,&nbsp; publicar\u00e1 cada mes&nbsp;&nbsp;unos carteles informativos donde se har\u00e1 referencia a las actividades complementarias que&hellip;<\/p>\n","protected":false},"author":3249,"featured_media":0,"parent":13399,"menu_order":9,"comment_status":"closed","ping_status":"closed","template":"","meta":{"ngg_post_thumbnail":0,"footnotes":"","_mc_calendar":[]},"aioseo_notices":[],"_links":{"self":[{"href":"https:\/\/blogsaverroes.juntadeandalucia.es\/eielcastillo\/index.php?rest_route=\/wp\/v2\/pages\/15833"}],"collection":[{"href":"https:\/\/blogsaverroes.juntadeandalucia.es\/eielcastillo\/index.php?rest_route=\/wp\/v2\/pages"}],"about":[{"href":"https:\/\/blogsaverroes.juntadeandalucia.es\/eielcastillo\/index.php?rest_route=\/wp\/v2\/types\/page"}],"author":[{"embeddable":true,"href":"https:\/\/blogsaverroes.juntadeandalucia.es\/eielcastillo\/index.php?rest_route=\/wp\/v2\/users\/3249"}],"replies":[{"embeddable":true,"href":"https:\/\/blogsaverroes.juntadeandalucia.es\/eielcastillo\/index.php?rest_route=%2Fwp%2Fv2%2Fcomments&post=15833"}],"version-history":[{"count":11,"href":"https:\/\/blogsaverroes.juntadeandalucia.es\/eielcastillo\/index.php?rest_route=\/wp\/v2\/pages\/15833\/revisions"}],"predecessor-version":[{"id":16075,"href":"https:\/\/blogsaverroes.juntadeandalucia.es\/eielcastillo\/index.php?rest_route=\/wp\/v2\/pages\/15833\/revisions\/16075"}],"up":[{"embeddable":true,"href":"https:\/\/blogsaverroes.juntadeandalucia.es\/eielcastillo\/index.php?rest_route=\/wp\/v2\/pages\/13399"}],"wp:attachment":[{"href":"https:\/\/blogsaverroes.juntadeandalucia.es\/eielcastillo\/index.php?rest_route=%2Fwp%2Fv2%2Fmedia&parent=15833"}],"curies":[{"name":"wp","href":"https:\/\/api.w.org\/{rel}","templated":true}]}}

<div class="entry-content cf">
<div class="entry-content cf">
<p style="text-align: justify"><strong><a href="https://blogsaverroes.juntadeandalucia.es/eielcastillo/files/2023/06/Imagen_pagActCom_jun2023.jpg"><img loading="lazy" decoding="async" class="wp-image-15863 alignleft" src="https://blogsaverroes.juntadeandalucia.es/eielcastillo/files/2023/06/Imagen_pagActCom_jun2023-300x212.jpg" alt="" width="217" height="153" srcset="https://blogsaverroes.juntadeandalucia.es/eielcastillo/files/2023/06/Imagen_pagActCom_jun2023-300x212.jpg 300w, https://blogsaverroes.juntadeandalucia.es/eielcastillo/files/2023/06/Imagen_pagActCom_jun2023.jpg 486w" sizes="(max-width: 217px) 100vw, 217px" /></a>E</strong>l centro, una vez aprobado por los órganos de coordinación docente,&nbsp; publicará cada mes&nbsp;&nbsp;unos carteles informativos donde se hará referencia a las actividades complementarias que se prevean. El coordinador del Equipo de Ciclo es quien las organiza, planifica y supervisa.</p>
<p style="text-align: justify">&nbsp;&nbsp; En esta página web tendrán oportunidad de acceder a los referidos carteles y a algunas imágenes tomadas a título informativo para la comunidad educativa, siempre en los términos establecidos en el Plan de Centro.</p>
<p>&nbsp;&nbsp;<a href="https://blogsaverroes.juntadeandalucia.es/eielcastillo/?page_id=3201"><img loading="lazy" decoding="async" class=" wp-image-5513 alignleft" src="https://i2.wp.com/blogsaverroes.juntadeandalucia.es/eielcastillo/files/2018/08/Boton-acceso-albumdeimagenes.jpg?resize=141%2C71&amp;ssl=1" alt="" data-recalc-dims="1" width="141" height="71" srcset="https://blogsaverroes.juntadeandalucia.es/eielcastillo/files/2018/08/Boton-acceso-albumdeimagenes.jpg 283w, https://blogsaverroes.juntadeandalucia.es/eielcastillo/files/2018/08/Boton-acceso-albumdeimagenes-280x142.jpg 280w, https://blogsaverroes.juntadeandalucia.es/eielcastillo/files/2018/08/Boton-acceso-albumdeimagenes-24x12.jpg 24w, https://blogsaverroes.juntadeandalucia.es/eielcastillo/files/2018/08/Boton-acceso-albumdeimagenes-36x18.jpg 36w, https://blogsaverroes.juntadeandalucia.es/eielcastillo/files/2018/08/Boton-acceso-albumdeimagenes-48x24.jpg 48w" sizes="(max-width: 141px) 100vw, 141px" /></a>Con la finalización del curso, todas las imágenes recopiladas pasarán a formar parte del&nbsp;<a href="https://blogsaverroes.juntadeandalucia.es/eielcastillo/?page_id=8062"><strong>ÁLBUM DE IMÁGENES.</strong></a></p>
<p>&nbsp;</p>
</div>
<h3 style="text-align: center"><span style="text-decoration: underline"><span style="color: #ff0000;text-decoration: underline"><strong>ACTIVIDADES COMPLEMENTARIAS&nbsp; JUNIO 2023</strong></span></span></h3>
<p><strong><a href="https://blogsaverroes.juntadeandalucia.es/eielcastillo/files/2023/06/Cartel_junio2023.jpg"><img loading="lazy" decoding="async" class="wp-image-15838 alignleft" src="https://blogsaverroes.juntadeandalucia.es/eielcastillo/files/2023/06/Cartel_junio2023-212x300.jpg" alt="" width="111" height="157" srcset="https://blogsaverroes.juntadeandalucia.es/eielcastillo/files/2023/06/Cartel_junio2023-212x300.jpg 212w, https://blogsaverroes.juntadeandalucia.es/eielcastillo/files/2023/06/Cartel_junio2023-724x1024.jpg 724w, https://blogsaverroes.juntadeandalucia.es/eielcastillo/files/2023/06/Cartel_junio2023-768x1086.jpg 768w, https://blogsaverroes.juntadeandalucia.es/eielcastillo/files/2023/06/Cartel_junio2023-1086x1536.jpg 1086w, https://blogsaverroes.juntadeandalucia.es/eielcastillo/files/2023/06/Cartel_junio2023.jpg 1240w" sizes="(max-width: 111px) 100vw, 111px" /></a><a href="https://blogsaverroes.juntadeandalucia.es/eielcastillo/files/2023/06/Cartel_junio2023.pdf">Ver Cartel junio 2023</a></strong></p>
<p><a href="https://blogsaverroes.juntadeandalucia.es/eielcastillo/files/2023/02/Imagen_filaceituna-e1677341309250.jpg"><img loading="lazy" decoding="async" class="size-full wp-image-15161 aligncenter" src="https://blogsaverroes.juntadeandalucia.es/eielcastillo/files/2023/02/Imagen_filaceituna-e1677341309250.jpg" alt="" width="619" height="14"></a></p>
<p><strong><span style="color: #800000">A continuación dejamos los enlaces a una serie de post publicados en esta web, hacen referencia a las actividades desarrolladas en junio.</span></strong></p>
</div>
<footer class="entry-footer cf">
<p class="entry-updated updated"><a href="https://blogsaverroes.juntadeandalucia.es/eielcastillo/?p=15825"><span style="color: #800000"><strong><span style="color: #0000ff">Consumiendo frutas y verduras en la escuela</span></strong></span></a></p>
</footer>
<p><span style="color: #0000ff"><a style="color: #0000ff" href="https://blogsaverroes.juntadeandalucia.es/eielcastillo/?p=15917"><strong>&nbsp;Ya casi en Primaria, visitamos el colegio &#8220;General Castaños&#8221;</strong></a></span></p>
<p><span style="color: #0000ff"><a style="color: #0000ff" href="https://blogsaverroes.juntadeandalucia.es/eielcastillo/?p=15966"><strong>Despedida de la promoción 2020/23</strong></a></span></p>
<p><a href="https://blogsaverroes.juntadeandalucia.es/eielcastillo/?p=15981"><strong><span style="color: #0000ff">Acto de despedida del curso 2022/23</span></strong></a></p>
<div>&nbsp;</div>

<p>El centro, una vez aprobado por los órganos de coordinación docente,&nbsp; publicará cada mes&nbsp;&nbsp;unos carteles informativos donde se hará referencia a las actividades complementarias que&hellip;</p>
