{"id":8064,"date":"2019-07-24T18:12:44","date_gmt":"2019-07-24T17:12:44","guid":{"rendered":"https:\/\/blogsaverroes.juntadeandalucia.es\/eielcastillo\/?page_id=8064"},"modified":"2019-07-24T18:47:18","modified_gmt":"2019-07-24T17:47:18","slug":"galeria-fotos-junio-2019","status":"publish","type":"page","link":"https:\/\/blogsaverroes.juntadeandalucia.es\/eielcastillo\/?page_id=8064","title":{"rendered":"Galeria im\u00e1genes JUNIO 2019"},"content":{"rendered":"<h3><span style=\"text-decoration: underline\"><span style=\"color: #333300;text-decoration: underline\">Galeria im\u00e1genes JUNIO 2019<\/span><\/span><\/h3>\n<p>Contiene im\u00e1genes de las siguiente actividades:<\/p>\n<h6><span style=\"color: #800080\">-D\u00eda del Medio Ambiente. Teatro \u00abPocococo y el pirata Barbarrosa, viaje al fondo del mar\u00bb.<\/span><\/h6>\n<h6><span style=\"color: #800080\">-Taller de las Ciencias.<\/span><\/h6>\n<h6><span style=\"color: #800080\">-Graducaci\u00f3n del alumnado de 5 a\u00f1os. Despedida promoci\u00f3n 2016-19<\/span><\/h6>\n<h6><span style=\"color: #800080\">-Acto Fin de Curso 2018-19<\/span><\/h6>\nngg_shortcode_0_placeholder\n","protected":false},"excerpt":{"rendered":"<p>Galeria im\u00e1genes JUNIO 2019 Contiene im\u00e1genes de las siguiente actividades: -D\u00eda del Medio Ambiente. Teatro \u00abPocococo y el pirata Barbarrosa, viaje al fondo del mar\u00bb.&hellip;<\/p>\n","protected":false},"author":3249,"featured_media":0,"parent":8062,"menu_order":18,"comment_status":"closed","ping_status":"closed","template":"","meta":{"ngg_post_thumbnail":0,"footnotes":"","_mc_calendar":[]},"aioseo_notices":[],"_links":{"self":[{"href":"https:\/\/blogsaverroes.juntadeandalucia.es\/eielcastillo\/index.php?rest_route=\/wp\/v2\/pages\/8064"}],"collection":[{"href":"https:\/\/blogsaverroes.juntadeandalucia.es\/eielcastillo\/index.php?rest_route=\/wp\/v2\/pages"}],"about":[{"href":"https:\/\/blogsaverroes.juntadeandalucia.es\/eielcastillo\/index.php?rest_route=\/wp\/v2\/types\/page"}],"author":[{"embeddable":true,"href":"https:\/\/blogsaverroes.juntadeandalucia.es\/eielcastillo\/index.php?rest_route=\/wp\/v2\/users\/3249"}],"replies":[{"embeddable":true,"href":"https:\/\/blogsaverroes.juntadeandalucia.es\/eielcastillo\/index.php?rest_route=%2Fwp%2Fv2%2Fcomments&post=8064"}],"version-history":[{"count":4,"href":"https:\/\/blogsaverroes.juntadeandalucia.es\/eielcastillo\/index.php?rest_route=\/wp\/v2\/pages\/8064\/revisions"}],"predecessor-version":[{"id":8096,"href":"https:\/\/blogsaverroes.juntadeandalucia.es\/eielcastillo\/index.php?rest_route=\/wp\/v2\/pages\/8064\/revisions\/8096"}],"up":[{"embeddable":true,"href":"https:\/\/blogsaverroes.juntadeandalucia.es\/eielcastillo\/index.php?rest_route=\/wp\/v2\/pages\/8062"}],"wp:attachment":[{"href":"https:\/\/blogsaverroes.juntadeandalucia.es\/eielcastillo\/index.php?rest_route=%2Fwp%2Fv2%2Fmedia&parent=8064"}],"curies":[{"name":"wp","href":"https:\/\/api.w.org\/{rel}","templated":true}]}}

Galeria imágenes JUNIO 2019

<h3><span style="text-decoration: underline"><span style="color: #333300;text-decoration: underline">Galeria imágenes JUNIO 2019</span></span></h3>
<p>Contiene imágenes de las siguiente actividades:</p>
<h6><span style="color: #800080">-Día del Medio Ambiente. Teatro «Pocococo y el pirata Barbarrosa, viaje al fondo del mar».</span></h6>
<h6><span style="color: #800080">-Taller de las Ciencias.</span></h6>
<h6><span style="color: #800080">-Graducación del alumnado de 5 años. Despedida promoción 2016-19</span></h6>
<h6><span style="color: #800080">-Acto Fin de Curso 2018-19</span></h6>
ngg_shortcode_0_placeholder

<p>Galeria imágenes JUNIO 2019 Contiene imágenes de las siguiente actividades: -Día del Medio Ambiente. Teatro «Pocococo y el pirata Barbarrosa, viaje al fondo del mar».&hellip;</p>
