{"id":8069,"date":"2019-07-24T18:20:12","date_gmt":"2019-07-24T17:20:12","guid":{"rendered":"https:\/\/blogsaverroes.juntadeandalucia.es\/eielcastillo\/?page_id=8069"},"modified":"2019-07-24T18:46:32","modified_gmt":"2019-07-24T17:46:32","slug":"galeria-fotos-mayo-2019","status":"publish","type":"page","link":"https:\/\/blogsaverroes.juntadeandalucia.es\/eielcastillo\/?page_id=8069","title":{"rendered":"Galer\u00eda im\u00e1genes MAYO 2019"},"content":{"rendered":"<h3><span style=\"text-decoration: underline\"><span style=\"color: #333300;text-decoration: underline\">Galeria im\u00e1genes MAYO 2019<\/span><\/span><\/h3>\n<p>Contiene im\u00e1genes de las siguiente actividades:<\/p>\n<h6><span style=\"color: #800080\">\u2013 Cuentacuentos relacionado con el Programa de Valores y Educaci\u00f3n Emocional. T\u00edtulo: \u00abUn d\u00eda diferente para el se\u00f1or AMOS\u00bb<\/span><\/h6>\n<h6><span style=\"color: #800080\">\u2013 Visita al Jard\u00edn Bot\u00e1nico de Bail\u00e9n.<\/span><\/h6>\n<h6><span style=\"color: #800080\">\u2013 Viaje escolar del alumnado de 5 a\u00f1os como despedida del ciclo y relacionado con uno de sus proyectos de trabajo.<\/span><\/h6>\nngg_shortcode_0_placeholder\n","protected":false},"excerpt":{"rendered":"<p>Galeria im\u00e1genes MAYO 2019 Contiene im\u00e1genes de las siguiente actividades: \u2013 Cuentacuentos relacionado con el Programa de Valores y Educaci\u00f3n Emocional. T\u00edtulo: \u00abUn d\u00eda diferente&hellip;<\/p>\n","protected":false},"author":3249,"featured_media":0,"parent":8062,"menu_order":17,"comment_status":"closed","ping_status":"closed","template":"","meta":{"ngg_post_thumbnail":0,"footnotes":"","_mc_calendar":[]},"aioseo_notices":[],"_links":{"self":[{"href":"https:\/\/blogsaverroes.juntadeandalucia.es\/eielcastillo\/index.php?rest_route=\/wp\/v2\/pages\/8069"}],"collection":[{"href":"https:\/\/blogsaverroes.juntadeandalucia.es\/eielcastillo\/index.php?rest_route=\/wp\/v2\/pages"}],"about":[{"href":"https:\/\/blogsaverroes.juntadeandalucia.es\/eielcastillo\/index.php?rest_route=\/wp\/v2\/types\/page"}],"author":[{"embeddable":true,"href":"https:\/\/blogsaverroes.juntadeandalucia.es\/eielcastillo\/index.php?rest_route=\/wp\/v2\/users\/3249"}],"replies":[{"embeddable":true,"href":"https:\/\/blogsaverroes.juntadeandalucia.es\/eielcastillo\/index.php?rest_route=%2Fwp%2Fv2%2Fcomments&post=8069"}],"version-history":[{"count":2,"href":"https:\/\/blogsaverroes.juntadeandalucia.es\/eielcastillo\/index.php?rest_route=\/wp\/v2\/pages\/8069\/revisions"}],"predecessor-version":[{"id":8095,"href":"https:\/\/blogsaverroes.juntadeandalucia.es\/eielcastillo\/index.php?rest_route=\/wp\/v2\/pages\/8069\/revisions\/8095"}],"up":[{"embeddable":true,"href":"https:\/\/blogsaverroes.juntadeandalucia.es\/eielcastillo\/index.php?rest_route=\/wp\/v2\/pages\/8062"}],"wp:attachment":[{"href":"https:\/\/blogsaverroes.juntadeandalucia.es\/eielcastillo\/index.php?rest_route=%2Fwp%2Fv2%2Fmedia&parent=8069"}],"curies":[{"name":"wp","href":"https:\/\/api.w.org\/{rel}","templated":true}]}}

Galería imágenes MAYO 2019

<h3><span style="text-decoration: underline"><span style="color: #333300;text-decoration: underline">Galeria imágenes MAYO 2019</span></span></h3>
<p>Contiene imágenes de las siguiente actividades:</p>
<h6><span style="color: #800080">– Cuentacuentos relacionado con el Programa de Valores y Educación Emocional. Título: «Un día diferente para el señor AMOS»</span></h6>
<h6><span style="color: #800080">– Visita al Jardín Botánico de Bailén.</span></h6>
<h6><span style="color: #800080">– Viaje escolar del alumnado de 5 años como despedida del ciclo y relacionado con uno de sus proyectos de trabajo.</span></h6>
ngg_shortcode_0_placeholder

<p>Galeria imágenes MAYO 2019 Contiene imágenes de las siguiente actividades: – Cuentacuentos relacionado con el Programa de Valores y Educación Emocional. Título: «Un día diferente&hellip;</p>
