{"id":8073,"date":"2019-07-24T18:24:46","date_gmt":"2019-07-24T17:24:46","guid":{"rendered":"https:\/\/blogsaverroes.juntadeandalucia.es\/eielcastillo\/?page_id=8073"},"modified":"2019-07-24T18:45:57","modified_gmt":"2019-07-24T17:45:57","slug":"galeria-fotos-abril-2019","status":"publish","type":"page","link":"https:\/\/blogsaverroes.juntadeandalucia.es\/eielcastillo\/?page_id=8073","title":{"rendered":"Galer\u00eda im\u00e1genes ABRIL 2019"},"content":{"rendered":"<h3><strong><span style=\"text-decoration: underline\"><span style=\"color: #333300;text-decoration: underline\">Galeria im\u00e1genes ABRIL 2019<\/span><\/span><\/strong><\/h3>\n<p>Contiene im\u00e1genes de las siguiente actividades:<\/p>\n<h6><span style=\"color: #800080\">-Programa Educaci\u00f3n Vial.<\/span><\/h6>\n<h6><span style=\"color: #800080\">-Cuentacuentos relacionado con el programa de Valores y Educaci\u00f3n Emocional.<\/span><\/h6>\n<h6><span style=\"color: #800080\">-Actividad encolaboraci\u00f3n con RESURJA sobre reciclado.<\/span><\/h6>\n<h6><span style=\"color: #800080\">\u2013Cuentacuentos \u00abLa reina de los colores\u00bb<\/span><br \/>\n<span style=\"color: #800080\">-Cuentacuentos \u00abLa ovejita que vino a cenar\u00bb<\/span><\/h6>\n<h6><span style=\"color: #800080\">-Gui\u00f1ol AMPA&nbsp; \u00abLos tres cerditos\u00bb y \u00abCaparucita y el lobo\u00bb<\/span><\/h6>\n<h6><span style=\"color: #800080\">-Conoce tu Biblioteca. Cuentacuentos.<\/span><\/h6>\nngg_shortcode_0_placeholder\n","protected":false},"excerpt":{"rendered":"<p>Galeria im\u00e1genes ABRIL 2019 Contiene im\u00e1genes de las siguiente actividades: -Programa Educaci\u00f3n Vial. -Cuentacuentos relacionado con el programa de Valores y Educaci\u00f3n Emocional. -Actividad encolaboraci\u00f3n&hellip;<\/p>\n","protected":false},"author":3249,"featured_media":0,"parent":8062,"menu_order":16,"comment_status":"closed","ping_status":"closed","template":"","meta":{"ngg_post_thumbnail":0,"footnotes":"","_mc_calendar":[]},"aioseo_notices":[],"_links":{"self":[{"href":"https:\/\/blogsaverroes.juntadeandalucia.es\/eielcastillo\/index.php?rest_route=\/wp\/v2\/pages\/8073"}],"collection":[{"href":"https:\/\/blogsaverroes.juntadeandalucia.es\/eielcastillo\/index.php?rest_route=\/wp\/v2\/pages"}],"about":[{"href":"https:\/\/blogsaverroes.juntadeandalucia.es\/eielcastillo\/index.php?rest_route=\/wp\/v2\/types\/page"}],"author":[{"embeddable":true,"href":"https:\/\/blogsaverroes.juntadeandalucia.es\/eielcastillo\/index.php?rest_route=\/wp\/v2\/users\/3249"}],"replies":[{"embeddable":true,"href":"https:\/\/blogsaverroes.juntadeandalucia.es\/eielcastillo\/index.php?rest_route=%2Fwp%2Fv2%2Fcomments&post=8073"}],"version-history":[{"count":2,"href":"https:\/\/blogsaverroes.juntadeandalucia.es\/eielcastillo\/index.php?rest_route=\/wp\/v2\/pages\/8073\/revisions"}],"predecessor-version":[{"id":8094,"href":"https:\/\/blogsaverroes.juntadeandalucia.es\/eielcastillo\/index.php?rest_route=\/wp\/v2\/pages\/8073\/revisions\/8094"}],"up":[{"embeddable":true,"href":"https:\/\/blogsaverroes.juntadeandalucia.es\/eielcastillo\/index.php?rest_route=\/wp\/v2\/pages\/8062"}],"wp:attachment":[{"href":"https:\/\/blogsaverroes.juntadeandalucia.es\/eielcastillo\/index.php?rest_route=%2Fwp%2Fv2%2Fmedia&parent=8073"}],"curies":[{"name":"wp","href":"https:\/\/api.w.org\/{rel}","templated":true}]}}

Galería imágenes ABRIL 2019

<h3><strong><span style="text-decoration: underline"><span style="color: #333300;text-decoration: underline">Galeria imágenes ABRIL 2019</span></span></strong></h3>
<p>Contiene imágenes de las siguiente actividades:</p>
<h6><span style="color: #800080">-Programa Educación Vial.</span></h6>
<h6><span style="color: #800080">-Cuentacuentos relacionado con el programa de Valores y Educación Emocional.</span></h6>
<h6><span style="color: #800080">-Actividad encolaboración con RESURJA sobre reciclado.</span></h6>
<h6><span style="color: #800080">–Cuentacuentos «La reina de los colores»</span><br />
<span style="color: #800080">-Cuentacuentos «La ovejita que vino a cenar»</span></h6>
<h6><span style="color: #800080">-Guiñol AMPA&nbsp; «Los tres cerditos» y «Caparucita y el lobo»</span></h6>
<h6><span style="color: #800080">-Conoce tu Biblioteca. Cuentacuentos.</span></h6>
ngg_shortcode_0_placeholder

<p>Galeria imágenes ABRIL 2019 Contiene imágenes de las siguiente actividades: -Programa Educación Vial. -Cuentacuentos relacionado con el programa de Valores y Educación Emocional. -Actividad encolaboración&hellip;</p>
