{"id":8077,"date":"2019-07-24T18:28:28","date_gmt":"2019-07-24T17:28:28","guid":{"rendered":"https:\/\/blogsaverroes.juntadeandalucia.es\/eielcastillo\/?page_id=8077"},"modified":"2019-07-24T18:43:27","modified_gmt":"2019-07-24T17:43:27","slug":"galeria-fotos-febrero-2019","status":"publish","type":"page","link":"https:\/\/blogsaverroes.juntadeandalucia.es\/eielcastillo\/?page_id=8077","title":{"rendered":"Galer\u00eda im\u00e1genes FEBRERO 2019"},"content":{"rendered":"<h3><span style=\"text-decoration: underline\"><span style=\"color: #333300;text-decoration: underline\"><strong>Galeria im\u00e1genes FEBRERO 2019<\/strong><\/span><\/span><\/h3>\n<p>Contiene im\u00e1genes de las siguiente actividades:<\/p>\n<h6><span style=\"color: #800080\">-Decoraci\u00f3n relacionada con el proyecto \u00abEL FONDO MARINO\u00bb.<\/span><\/h6>\n<h6><span style=\"color: #800080\">-Talleres relacionados con el proyecto \u00abEl fondo marino\u00bb: pulpos, peces y decoraci\u00f3n de pasillos.<\/span><\/h6>\n<h6><span style=\"color: #800080\">-Celebraci\u00f3n del D\u00eda Europeo del tel\u00e9fono de emergencias 112<\/span><\/h6>\n<h6><span style=\"color: #800080\">-Cuentacuentos \u00abNadar\u00edn\u00bb, relacionado con el programa de valores y educaci\u00f3n emocional.<\/span><\/h6>\n<h6><span style=\"color: #800080\">-Actuaci\u00f3n del taller de Baile con motivo del D\u00eda de Andalucia.<\/span><\/h6>\n<h6><span style=\"color: #800080\">-Celebraci\u00f3n del D\u00eda de Andalucia en el centro<\/span><\/h6>\nngg_shortcode_0_placeholder\n","protected":false},"excerpt":{"rendered":"<p>Galeria im\u00e1genes FEBRERO 2019 Contiene im\u00e1genes de las siguiente actividades: -Decoraci\u00f3n relacionada con el proyecto \u00abEL FONDO MARINO\u00bb. -Talleres relacionados con el proyecto \u00abEl fondo&hellip;<\/p>\n","protected":false},"author":3249,"featured_media":0,"parent":8062,"menu_order":14,"comment_status":"closed","ping_status":"closed","template":"","meta":{"ngg_post_thumbnail":0,"footnotes":"","_mc_calendar":[]},"aioseo_notices":[],"_links":{"self":[{"href":"https:\/\/blogsaverroes.juntadeandalucia.es\/eielcastillo\/index.php?rest_route=\/wp\/v2\/pages\/8077"}],"collection":[{"href":"https:\/\/blogsaverroes.juntadeandalucia.es\/eielcastillo\/index.php?rest_route=\/wp\/v2\/pages"}],"about":[{"href":"https:\/\/blogsaverroes.juntadeandalucia.es\/eielcastillo\/index.php?rest_route=\/wp\/v2\/types\/page"}],"author":[{"embeddable":true,"href":"https:\/\/blogsaverroes.juntadeandalucia.es\/eielcastillo\/index.php?rest_route=\/wp\/v2\/users\/3249"}],"replies":[{"embeddable":true,"href":"https:\/\/blogsaverroes.juntadeandalucia.es\/eielcastillo\/index.php?rest_route=%2Fwp%2Fv2%2Fcomments&post=8077"}],"version-history":[{"count":2,"href":"https:\/\/blogsaverroes.juntadeandalucia.es\/eielcastillo\/index.php?rest_route=\/wp\/v2\/pages\/8077\/revisions"}],"predecessor-version":[{"id":8092,"href":"https:\/\/blogsaverroes.juntadeandalucia.es\/eielcastillo\/index.php?rest_route=\/wp\/v2\/pages\/8077\/revisions\/8092"}],"up":[{"embeddable":true,"href":"https:\/\/blogsaverroes.juntadeandalucia.es\/eielcastillo\/index.php?rest_route=\/wp\/v2\/pages\/8062"}],"wp:attachment":[{"href":"https:\/\/blogsaverroes.juntadeandalucia.es\/eielcastillo\/index.php?rest_route=%2Fwp%2Fv2%2Fmedia&parent=8077"}],"curies":[{"name":"wp","href":"https:\/\/api.w.org\/{rel}","templated":true}]}}

Galería imágenes FEBRERO 2019

<h3><span style="text-decoration: underline"><span style="color: #333300;text-decoration: underline"><strong>Galeria imágenes FEBRERO 2019</strong></span></span></h3>
<p>Contiene imágenes de las siguiente actividades:</p>
<h6><span style="color: #800080">-Decoración relacionada con el proyecto «EL FONDO MARINO».</span></h6>
<h6><span style="color: #800080">-Talleres relacionados con el proyecto «El fondo marino»: pulpos, peces y decoración de pasillos.</span></h6>
<h6><span style="color: #800080">-Celebración del Día Europeo del teléfono de emergencias 112</span></h6>
<h6><span style="color: #800080">-Cuentacuentos «Nadarín», relacionado con el programa de valores y educación emocional.</span></h6>
<h6><span style="color: #800080">-Actuación del taller de Baile con motivo del Día de Andalucia.</span></h6>
<h6><span style="color: #800080">-Celebración del Día de Andalucia en el centro</span></h6>
ngg_shortcode_0_placeholder

<p>Galeria imágenes FEBRERO 2019 Contiene imágenes de las siguiente actividades: -Decoración relacionada con el proyecto «EL FONDO MARINO». -Talleres relacionados con el proyecto «El fondo&hellip;</p>
