{"id":8081,"date":"2019-07-24T18:32:18","date_gmt":"2019-07-24T17:32:18","guid":{"rendered":"https:\/\/blogsaverroes.juntadeandalucia.es\/eielcastillo\/?page_id=8081"},"modified":"2019-07-24T18:41:05","modified_gmt":"2019-07-24T17:41:05","slug":"galeria-fotos-diciembre-2018","status":"publish","type":"page","link":"https:\/\/blogsaverroes.juntadeandalucia.es\/eielcastillo\/?page_id=8081","title":{"rendered":"Galer\u00eda im\u00e1genes DICIEMBRE 2018"},"content":{"rendered":"<h3><span style=\"text-decoration: underline\"><span style=\"color: #333300;text-decoration: underline\"><strong>Galeria im\u00e1genes DICIEMBRE 2018<\/strong><\/span><\/span><\/h3>\n<p>Contiene im\u00e1genes de las siguiente actividades:<\/p>\n<h6><span style=\"color: #800080\">-Proyecci\u00f3n cuento D\u00eda Discapacidad ( lunes 3)<\/span><\/h6>\n<h6><span style=\"color: #800080\">-Visita Centro de D\u00eda Bail\u00e9n. Cuentacuentos (martes 4)<\/span><\/h6>\n<h6><span style=\"color: #800080\">-Escuela de familias (lunes 10)<\/span><\/h6>\n<h6><span style=\"color: #800080\">-Decoraci\u00f3n centro.<\/span><\/h6>\n<h6><span style=\"color: #800080\">-Villancicos y Bailes en la Casa de la Cultura (Martes 18)<\/span><\/h6>\n<h6><span style=\"color: #800080\">-Teatro Navidad AMPA (mi\u00e9rcoles 19)<\/span><\/h6>\n<h6><span style=\"color: #800080\">-Visita de SSMM los Reyes Magos (jueves 20)<\/span><\/h6>\n<h6><span style=\"color: #800080\">-Bel\u00e9n Viviente. (viernes 21)<\/span><\/h6>\nngg_shortcode_0_placeholder\n","protected":false},"excerpt":{"rendered":"<p>Galeria im\u00e1genes DICIEMBRE 2018 Contiene im\u00e1genes de las siguiente actividades: -Proyecci\u00f3n cuento D\u00eda Discapacidad ( lunes 3) -Visita Centro de D\u00eda Bail\u00e9n. Cuentacuentos (martes 4)&hellip;<\/p>\n","protected":false},"author":3249,"featured_media":0,"parent":8062,"menu_order":12,"comment_status":"closed","ping_status":"closed","template":"","meta":{"ngg_post_thumbnail":0,"footnotes":"","_mc_calendar":[]},"aioseo_notices":[],"_links":{"self":[{"href":"https:\/\/blogsaverroes.juntadeandalucia.es\/eielcastillo\/index.php?rest_route=\/wp\/v2\/pages\/8081"}],"collection":[{"href":"https:\/\/blogsaverroes.juntadeandalucia.es\/eielcastillo\/index.php?rest_route=\/wp\/v2\/pages"}],"about":[{"href":"https:\/\/blogsaverroes.juntadeandalucia.es\/eielcastillo\/index.php?rest_route=\/wp\/v2\/types\/page"}],"author":[{"embeddable":true,"href":"https:\/\/blogsaverroes.juntadeandalucia.es\/eielcastillo\/index.php?rest_route=\/wp\/v2\/users\/3249"}],"replies":[{"embeddable":true,"href":"https:\/\/blogsaverroes.juntadeandalucia.es\/eielcastillo\/index.php?rest_route=%2Fwp%2Fv2%2Fcomments&post=8081"}],"version-history":[{"count":4,"href":"https:\/\/blogsaverroes.juntadeandalucia.es\/eielcastillo\/index.php?rest_route=\/wp\/v2\/pages\/8081\/revisions"}],"predecessor-version":[{"id":8090,"href":"https:\/\/blogsaverroes.juntadeandalucia.es\/eielcastillo\/index.php?rest_route=\/wp\/v2\/pages\/8081\/revisions\/8090"}],"up":[{"embeddable":true,"href":"https:\/\/blogsaverroes.juntadeandalucia.es\/eielcastillo\/index.php?rest_route=\/wp\/v2\/pages\/8062"}],"wp:attachment":[{"href":"https:\/\/blogsaverroes.juntadeandalucia.es\/eielcastillo\/index.php?rest_route=%2Fwp%2Fv2%2Fmedia&parent=8081"}],"curies":[{"name":"wp","href":"https:\/\/api.w.org\/{rel}","templated":true}]}}

Galería imágenes DICIEMBRE 2018

<h3><span style="text-decoration: underline"><span style="color: #333300;text-decoration: underline"><strong>Galeria imágenes DICIEMBRE 2018</strong></span></span></h3>
<p>Contiene imágenes de las siguiente actividades:</p>
<h6><span style="color: #800080">-Proyección cuento Día Discapacidad ( lunes 3)</span></h6>
<h6><span style="color: #800080">-Visita Centro de Día Bailén. Cuentacuentos (martes 4)</span></h6>
<h6><span style="color: #800080">-Escuela de familias (lunes 10)</span></h6>
<h6><span style="color: #800080">-Decoración centro.</span></h6>
<h6><span style="color: #800080">-Villancicos y Bailes en la Casa de la Cultura (Martes 18)</span></h6>
<h6><span style="color: #800080">-Teatro Navidad AMPA (miércoles 19)</span></h6>
<h6><span style="color: #800080">-Visita de SSMM los Reyes Magos (jueves 20)</span></h6>
<h6><span style="color: #800080">-Belén Viviente. (viernes 21)</span></h6>
ngg_shortcode_0_placeholder

<p>Galeria imágenes DICIEMBRE 2018 Contiene imágenes de las siguiente actividades: -Proyección cuento Día Discapacidad ( lunes 3) -Visita Centro de Día Bailén. Cuentacuentos (martes 4)&hellip;</p>
