{"id":8085,"date":"2019-07-24T18:35:12","date_gmt":"2019-07-24T17:35:12","guid":{"rendered":"https:\/\/blogsaverroes.juntadeandalucia.es\/eielcastillo\/?page_id=8085"},"modified":"2019-07-24T18:36:00","modified_gmt":"2019-07-24T17:36:00","slug":"galeria-fotos-noviembre-2018","status":"publish","type":"page","link":"https:\/\/blogsaverroes.juntadeandalucia.es\/eielcastillo\/?page_id=8085","title":{"rendered":"Galer\u00eda im\u00e1genes NOVIEMBRE 2018"},"content":{"rendered":"<h3><span style=\"text-decoration: underline\"><span style=\"color: #333300;text-decoration: underline\"><strong>Galeria im\u00e1genes NOVIEMBRE 2018<\/strong><\/span><\/span><\/h3>\n<p>Contiene im\u00e1genes de las siguiente actividades:<\/p>\n<h6><span style=\"color: #800080\">-D\u00eda del Flamenco<\/span><\/h6>\n<h6><span style=\"color: #800080\">-Cuentacuentos \u00abL\u00e1grimas bajo la&nbsp; cama\u00bb (del Programa de Valores y Educaci\u00f3n Emocional)<\/span><\/h6>\n<h6><span style=\"color: #800080\">-Taller de elaboraci\u00f3n de gorros para el D\u00eda de los Derechos de la Infancia y el cuentacuentos \u00abRespira\u00bb<\/span><\/h6>\n<h6><span style=\"color: #800080\">-Acto de celebraci\u00f3n del D\u00eda de los Derechos de la Infancia, cuentacuentos \u00abRespira\u00bb (Programa de Valores y Educaci\u00f3n Emocional).<\/span><\/h6>\n<h6><span style=\"color: #800080\">-Juegos cooperativos de Igualdad, Respeto y Trabajo en Equipo, con motivo del D\u00eda contra la violencia de g\u00e9nero.<\/span><\/h6>\n<h6><span style=\"color: #800080\">-Master Chef de oto\u00f1o en las aulas.<\/span><\/h6>\nngg_shortcode_0_placeholder\n","protected":false},"excerpt":{"rendered":"<p>Galeria im\u00e1genes NOVIEMBRE 2018 Contiene im\u00e1genes de las siguiente actividades: -D\u00eda del Flamenco -Cuentacuentos \u00abL\u00e1grimas bajo la&nbsp; cama\u00bb (del Programa de Valores y Educaci\u00f3n Emocional)&hellip;<\/p>\n","protected":false},"author":3249,"featured_media":0,"parent":8062,"menu_order":11,"comment_status":"closed","ping_status":"closed","template":"","meta":{"ngg_post_thumbnail":0,"footnotes":"","_mc_calendar":[]},"aioseo_notices":[],"_links":{"self":[{"href":"https:\/\/blogsaverroes.juntadeandalucia.es\/eielcastillo\/index.php?rest_route=\/wp\/v2\/pages\/8085"}],"collection":[{"href":"https:\/\/blogsaverroes.juntadeandalucia.es\/eielcastillo\/index.php?rest_route=\/wp\/v2\/pages"}],"about":[{"href":"https:\/\/blogsaverroes.juntadeandalucia.es\/eielcastillo\/index.php?rest_route=\/wp\/v2\/types\/page"}],"author":[{"embeddable":true,"href":"https:\/\/blogsaverroes.juntadeandalucia.es\/eielcastillo\/index.php?rest_route=\/wp\/v2\/users\/3249"}],"replies":[{"embeddable":true,"href":"https:\/\/blogsaverroes.juntadeandalucia.es\/eielcastillo\/index.php?rest_route=%2Fwp%2Fv2%2Fcomments&post=8085"}],"version-history":[{"count":2,"href":"https:\/\/blogsaverroes.juntadeandalucia.es\/eielcastillo\/index.php?rest_route=\/wp\/v2\/pages\/8085\/revisions"}],"predecessor-version":[{"id":8087,"href":"https:\/\/blogsaverroes.juntadeandalucia.es\/eielcastillo\/index.php?rest_route=\/wp\/v2\/pages\/8085\/revisions\/8087"}],"up":[{"embeddable":true,"href":"https:\/\/blogsaverroes.juntadeandalucia.es\/eielcastillo\/index.php?rest_route=\/wp\/v2\/pages\/8062"}],"wp:attachment":[{"href":"https:\/\/blogsaverroes.juntadeandalucia.es\/eielcastillo\/index.php?rest_route=%2Fwp%2Fv2%2Fmedia&parent=8085"}],"curies":[{"name":"wp","href":"https:\/\/api.w.org\/{rel}","templated":true}]}}

Galería imágenes NOVIEMBRE 2018

<h3><span style="text-decoration: underline"><span style="color: #333300;text-decoration: underline"><strong>Galeria imágenes NOVIEMBRE 2018</strong></span></span></h3>
<p>Contiene imágenes de las siguiente actividades:</p>
<h6><span style="color: #800080">-Día del Flamenco</span></h6>
<h6><span style="color: #800080">-Cuentacuentos «Lágrimas bajo la&nbsp; cama» (del Programa de Valores y Educación Emocional)</span></h6>
<h6><span style="color: #800080">-Taller de elaboración de gorros para el Día de los Derechos de la Infancia y el cuentacuentos «Respira»</span></h6>
<h6><span style="color: #800080">-Acto de celebración del Día de los Derechos de la Infancia, cuentacuentos «Respira» (Programa de Valores y Educación Emocional).</span></h6>
<h6><span style="color: #800080">-Juegos cooperativos de Igualdad, Respeto y Trabajo en Equipo, con motivo del Día contra la violencia de género.</span></h6>
<h6><span style="color: #800080">-Master Chef de otoño en las aulas.</span></h6>
ngg_shortcode_0_placeholder

<p>Galeria imágenes NOVIEMBRE 2018 Contiene imágenes de las siguiente actividades: -Día del Flamenco -Cuentacuentos «Lágrimas bajo la&nbsp; cama» (del Programa de Valores y Educación Emocional)&hellip;</p>
