{"id":8111,"date":"2019-07-25T12:34:17","date_gmt":"2019-07-25T11:34:17","guid":{"rendered":"https:\/\/blogsaverroes.juntadeandalucia.es\/eielcastillo\/?page_id=8111"},"modified":"2019-07-25T12:35:29","modified_gmt":"2019-07-25T11:35:29","slug":"8111-2","status":"publish","type":"page","link":"https:\/\/blogsaverroes.juntadeandalucia.es\/eielcastillo\/?page_id=8111","title":{"rendered":"Galer\u00eda im\u00e1genes MAYO 2018"},"content":{"rendered":"<h3><span style=\"text-decoration: underline\"><span style=\"color: #333300\"><strong>Galeria im\u00e1genes MAYO 2018<\/strong><\/span><\/span><\/h3>\n<p>Contiene im\u00e1genes de las siguiente actividades:<\/p>\n<h6><span style=\"color: #800080\">-Programa de Educaci\u00f3n Vial. D\u00edas 11,14 y 15<\/span><\/h6>\n<h6><span style=\"color: #800080\">-Actuaci\u00f3n \u00abPocococo y el pirata Barbarrosa en el Bosque Encantado\u00bb. Campa\u00f1a Solidaria a favor de QUESADA SOLIDARIA. D\u00eda 16<\/span><\/h6>\n<h6><span style=\"color: #800080\">-Celebraci\u00f3n del D\u00eda de la Familia. D\u00eda 15<\/span><\/h6>\n<h6><span style=\"color: #800080\">-Viaje escolar a la Granja Escuela de Bedmar&nbsp; por parte de los grupos de 4 a\u00f1os. D\u00eda 17<\/span><\/h6>\nngg_shortcode_0_placeholder\n","protected":false},"excerpt":{"rendered":"<p>Galeria im\u00e1genes MAYO 2018 Contiene im\u00e1genes de las siguiente actividades: -Programa de Educaci\u00f3n Vial. D\u00edas 11,14 y 15 -Actuaci\u00f3n \u00abPocococo y el pirata Barbarrosa en&hellip;<\/p>\n","protected":false},"author":3249,"featured_media":0,"parent":8062,"menu_order":8,"comment_status":"closed","ping_status":"closed","template":"","meta":{"ngg_post_thumbnail":0,"footnotes":"","_mc_calendar":[]},"aioseo_notices":[],"_links":{"self":[{"href":"https:\/\/blogsaverroes.juntadeandalucia.es\/eielcastillo\/index.php?rest_route=\/wp\/v2\/pages\/8111"}],"collection":[{"href":"https:\/\/blogsaverroes.juntadeandalucia.es\/eielcastillo\/index.php?rest_route=\/wp\/v2\/pages"}],"about":[{"href":"https:\/\/blogsaverroes.juntadeandalucia.es\/eielcastillo\/index.php?rest_route=\/wp\/v2\/types\/page"}],"author":[{"embeddable":true,"href":"https:\/\/blogsaverroes.juntadeandalucia.es\/eielcastillo\/index.php?rest_route=\/wp\/v2\/users\/3249"}],"replies":[{"embeddable":true,"href":"https:\/\/blogsaverroes.juntadeandalucia.es\/eielcastillo\/index.php?rest_route=%2Fwp%2Fv2%2Fcomments&post=8111"}],"version-history":[{"count":2,"href":"https:\/\/blogsaverroes.juntadeandalucia.es\/eielcastillo\/index.php?rest_route=\/wp\/v2\/pages\/8111\/revisions"}],"predecessor-version":[{"id":8114,"href":"https:\/\/blogsaverroes.juntadeandalucia.es\/eielcastillo\/index.php?rest_route=\/wp\/v2\/pages\/8111\/revisions\/8114"}],"up":[{"embeddable":true,"href":"https:\/\/blogsaverroes.juntadeandalucia.es\/eielcastillo\/index.php?rest_route=\/wp\/v2\/pages\/8062"}],"wp:attachment":[{"href":"https:\/\/blogsaverroes.juntadeandalucia.es\/eielcastillo\/index.php?rest_route=%2Fwp%2Fv2%2Fmedia&parent=8111"}],"curies":[{"name":"wp","href":"https:\/\/api.w.org\/{rel}","templated":true}]}}

Galería imágenes MAYO 2018

<h3><span style="text-decoration: underline"><span style="color: #333300"><strong>Galeria imágenes MAYO 2018</strong></span></span></h3>
<p>Contiene imágenes de las siguiente actividades:</p>
<h6><span style="color: #800080">-Programa de Educación Vial. Días 11,14 y 15</span></h6>
<h6><span style="color: #800080">-Actuación «Pocococo y el pirata Barbarrosa en el Bosque Encantado». Campaña Solidaria a favor de QUESADA SOLIDARIA. Día 16</span></h6>
<h6><span style="color: #800080">-Celebración del Día de la Familia. Día 15</span></h6>
<h6><span style="color: #800080">-Viaje escolar a la Granja Escuela de Bedmar&nbsp; por parte de los grupos de 4 años. Día 17</span></h6>
ngg_shortcode_0_placeholder

<p>Galeria imágenes MAYO 2018 Contiene imágenes de las siguiente actividades: -Programa de Educación Vial. Días 11,14 y 15 -Actuación «Pocococo y el pirata Barbarrosa en&hellip;</p>
