{"id":8119,"date":"2019-07-25T12:44:26","date_gmt":"2019-07-25T11:44:26","guid":{"rendered":"https:\/\/blogsaverroes.juntadeandalucia.es\/eielcastillo\/?page_id=8119"},"modified":"2019-07-25T12:44:40","modified_gmt":"2019-07-25T11:44:40","slug":"galeria-imagees-febrero-2018","status":"publish","type":"page","link":"https:\/\/blogsaverroes.juntadeandalucia.es\/eielcastillo\/?page_id=8119","title":{"rendered":"Galer\u00eda im\u00e1genes FEBRERO 2018"},"content":{"rendered":"<h3><span style=\"text-decoration: underline\"><span style=\"color: #333300;text-decoration: underline\"><strong>Galeria im\u00e1genes FEBRERO 2018<\/strong><\/span><\/span><\/h3>\n<p>Contiene im\u00e1genes de las siguientes actividades:<\/p>\n<h6><span style=\"color: #800080\">-Taller familias pintan las&nbsp; Bolas M\u00e1gicas de Cristal (Proyecto: El Bosque Encantado).<\/span><\/h6>\n<h6><span style=\"color: #800080\">-En las clases se degustan las frutas que nos han llegado dentro del Plan de Consumo de Fruta<\/span><\/h6>\n<h6><span style=\"color: #800080\">-Nuestro alumnado&nbsp; sale del centro a acompa\u00f1ar&nbsp; a nuestros compa\u00f1eros del colegio General Casta\u00f1os en su pasacalles de carnaval.<\/span><\/h6>\n<h6><span style=\"color: #800080\">-Pasacalles de Carnaval de nuestro colegio<\/span><\/h6>\n<h6><span style=\"color: #800080\">-Gui\u00f1ol \u00abGuitarita y Casta\u00f1uela\u00bb (AMPA \u00abEl Reloj\u00bb)<\/span><\/h6>\n<h6><span style=\"color: #800080\">-Acto D\u00eda Andaluc\u00eda: actuaci\u00f3n del alumnado de taller de Baile dirigido por Ana Mari Padilla, alumnado del centro recita poes\u00edas y canta el himno de Andalcu\u00eda.<\/span><\/h6>\n<h6><span style=\"color: #800080\">-Celebraci\u00f3n D\u00eda Andaluc\u00eda: izada bandera, audici\u00f3n del himno, degustaci\u00f3n panaceite (ACEITE DONADO POR LA CONSEJER\u00cdA DE AGRICULTURA).<\/span><\/h6>\n<p>ngg_shortcode_0_placeholderngg_shortcode_1_placeholder<\/p>\n","protected":false},"excerpt":{"rendered":"<p>Galeria im\u00e1genes FEBRERO 2018 Contiene im\u00e1genes de las siguientes actividades: -Taller familias pintan las&nbsp; Bolas M\u00e1gicas de Cristal (Proyecto: El Bosque Encantado). -En las clases&hellip;<\/p>\n","protected":false},"author":3249,"featured_media":0,"parent":8062,"menu_order":5,"comment_status":"closed","ping_status":"closed","template":"","meta":{"ngg_post_thumbnail":0,"footnotes":"","_mc_calendar":[]},"aioseo_notices":[],"_links":{"self":[{"href":"https:\/\/blogsaverroes.juntadeandalucia.es\/eielcastillo\/index.php?rest_route=\/wp\/v2\/pages\/8119"}],"collection":[{"href":"https:\/\/blogsaverroes.juntadeandalucia.es\/eielcastillo\/index.php?rest_route=\/wp\/v2\/pages"}],"about":[{"href":"https:\/\/blogsaverroes.juntadeandalucia.es\/eielcastillo\/index.php?rest_route=\/wp\/v2\/types\/page"}],"author":[{"embeddable":true,"href":"https:\/\/blogsaverroes.juntadeandalucia.es\/eielcastillo\/index.php?rest_route=\/wp\/v2\/users\/3249"}],"replies":[{"embeddable":true,"href":"https:\/\/blogsaverroes.juntadeandalucia.es\/eielcastillo\/index.php?rest_route=%2Fwp%2Fv2%2Fcomments&post=8119"}],"version-history":[{"count":2,"href":"https:\/\/blogsaverroes.juntadeandalucia.es\/eielcastillo\/index.php?rest_route=\/wp\/v2\/pages\/8119\/revisions"}],"predecessor-version":[{"id":8121,"href":"https:\/\/blogsaverroes.juntadeandalucia.es\/eielcastillo\/index.php?rest_route=\/wp\/v2\/pages\/8119\/revisions\/8121"}],"up":[{"embeddable":true,"href":"https:\/\/blogsaverroes.juntadeandalucia.es\/eielcastillo\/index.php?rest_route=\/wp\/v2\/pages\/8062"}],"wp:attachment":[{"href":"https:\/\/blogsaverroes.juntadeandalucia.es\/eielcastillo\/index.php?rest_route=%2Fwp%2Fv2%2Fmedia&parent=8119"}],"curies":[{"name":"wp","href":"https:\/\/api.w.org\/{rel}","templated":true}]}}

Galería imágenes FEBRERO 2018

<h3><span style="text-decoration: underline"><span style="color: #333300;text-decoration: underline"><strong>Galeria imágenes FEBRERO 2018</strong></span></span></h3>
<p>Contiene imágenes de las siguientes actividades:</p>
<h6><span style="color: #800080">-Taller familias pintan las&nbsp; Bolas Mágicas de Cristal (Proyecto: El Bosque Encantado).</span></h6>
<h6><span style="color: #800080">-En las clases se degustan las frutas que nos han llegado dentro del Plan de Consumo de Fruta</span></h6>
<h6><span style="color: #800080">-Nuestro alumnado&nbsp; sale del centro a acompañar&nbsp; a nuestros compañeros del colegio General Castaños en su pasacalles de carnaval.</span></h6>
<h6><span style="color: #800080">-Pasacalles de Carnaval de nuestro colegio</span></h6>
<h6><span style="color: #800080">-Guiñol «Guitarita y Castañuela» (AMPA «El Reloj»)</span></h6>
<h6><span style="color: #800080">-Acto Día Andalucía: actuación del alumnado de taller de Baile dirigido por Ana Mari Padilla, alumnado del centro recita poesías y canta el himno de Andalcuía.</span></h6>
<h6><span style="color: #800080">-Celebración Día Andalucía: izada bandera, audición del himno, degustación panaceite (ACEITE DONADO POR LA CONSEJERÍA DE AGRICULTURA).</span></h6>
<p>ngg_shortcode_0_placeholderngg_shortcode_1_placeholder</p>

<p>Galeria imágenes FEBRERO 2018 Contiene imágenes de las siguientes actividades: -Taller familias pintan las&nbsp; Bolas Mágicas de Cristal (Proyecto: El Bosque Encantado). -En las clases&hellip;</p>
