{"id":8122,"date":"2019-07-25T12:46:56","date_gmt":"2019-07-25T11:46:56","guid":{"rendered":"https:\/\/blogsaverroes.juntadeandalucia.es\/eielcastillo\/?page_id=8122"},"modified":"2019-07-25T12:46:56","modified_gmt":"2019-07-25T11:46:56","slug":"galeria-imagenes-enero-2018","status":"publish","type":"page","link":"https:\/\/blogsaverroes.juntadeandalucia.es\/eielcastillo\/?page_id=8122","title":{"rendered":"Galer\u00eda im\u00e1genes ENERO 2018"},"content":{"rendered":"<h3><span style=\"text-decoration: underline\"><span style=\"color: #333300;text-decoration: underline\"><strong>Galeria im\u00e1genes ENERO 2018<\/strong><\/span><\/span><\/h3>\n<p>Contiene im\u00e1genes de las siguientes actividades:<\/p>\n<h6><span style=\"color: #800080\">-Escenificaci\u00f3n motivadora (AMPA \u00abEl Reloj\u00bb) en torno al proyecto \u00ab<em>El Bosque Encantado<\/em>\u00bb (16 enero).<\/span><\/h6>\n<h6><span style=\"color: #800080\">-Taller maquillaje d\u00eda 16 enero. <em>El Bosque Encantado<\/em><\/span><\/h6>\n<h6><span style=\"color: #800080\">-Taller decoraci\u00f3n proyecto <em>El Bosque Encantado<\/em>.<\/span><\/h6>\n<h6><span style=\"color: #800080\">-Acto Intercentros Carrera por la Paz delebraci\u00f3n D\u00eda de la Paz<\/span><\/h6>\n<h6><span style=\"color: #800080\">-Taller de elaboraci\u00f3n de caretas.<\/span><\/h6>\nngg_shortcode_0_placeholder\n","protected":false},"excerpt":{"rendered":"<p>Galeria im\u00e1genes ENERO 2018 Contiene im\u00e1genes de las siguientes actividades: -Escenificaci\u00f3n motivadora (AMPA \u00abEl Reloj\u00bb) en torno al proyecto \u00abEl Bosque Encantado\u00bb (16 enero). -Taller&hellip;<\/p>\n","protected":false},"author":3249,"featured_media":0,"parent":8062,"menu_order":4,"comment_status":"closed","ping_status":"closed","template":"","meta":{"ngg_post_thumbnail":0,"footnotes":"","_mc_calendar":[]},"aioseo_notices":[],"_links":{"self":[{"href":"https:\/\/blogsaverroes.juntadeandalucia.es\/eielcastillo\/index.php?rest_route=\/wp\/v2\/pages\/8122"}],"collection":[{"href":"https:\/\/blogsaverroes.juntadeandalucia.es\/eielcastillo\/index.php?rest_route=\/wp\/v2\/pages"}],"about":[{"href":"https:\/\/blogsaverroes.juntadeandalucia.es\/eielcastillo\/index.php?rest_route=\/wp\/v2\/types\/page"}],"author":[{"embeddable":true,"href":"https:\/\/blogsaverroes.juntadeandalucia.es\/eielcastillo\/index.php?rest_route=\/wp\/v2\/users\/3249"}],"replies":[{"embeddable":true,"href":"https:\/\/blogsaverroes.juntadeandalucia.es\/eielcastillo\/index.php?rest_route=%2Fwp%2Fv2%2Fcomments&post=8122"}],"version-history":[{"count":1,"href":"https:\/\/blogsaverroes.juntadeandalucia.es\/eielcastillo\/index.php?rest_route=\/wp\/v2\/pages\/8122\/revisions"}],"predecessor-version":[{"id":8123,"href":"https:\/\/blogsaverroes.juntadeandalucia.es\/eielcastillo\/index.php?rest_route=\/wp\/v2\/pages\/8122\/revisions\/8123"}],"up":[{"embeddable":true,"href":"https:\/\/blogsaverroes.juntadeandalucia.es\/eielcastillo\/index.php?rest_route=\/wp\/v2\/pages\/8062"}],"wp:attachment":[{"href":"https:\/\/blogsaverroes.juntadeandalucia.es\/eielcastillo\/index.php?rest_route=%2Fwp%2Fv2%2Fmedia&parent=8122"}],"curies":[{"name":"wp","href":"https:\/\/api.w.org\/{rel}","templated":true}]}}

Galería imágenes ENERO 2018

<h3><span style="text-decoration: underline"><span style="color: #333300;text-decoration: underline"><strong>Galeria imágenes ENERO 2018</strong></span></span></h3>
<p>Contiene imágenes de las siguientes actividades:</p>
<h6><span style="color: #800080">-Escenificación motivadora (AMPA «El Reloj») en torno al proyecto «<em>El Bosque Encantado</em>» (16 enero).</span></h6>
<h6><span style="color: #800080">-Taller maquillaje día 16 enero. <em>El Bosque Encantado</em></span></h6>
<h6><span style="color: #800080">-Taller decoración proyecto <em>El Bosque Encantado</em>.</span></h6>
<h6><span style="color: #800080">-Acto Intercentros Carrera por la Paz delebración Día de la Paz</span></h6>
<h6><span style="color: #800080">-Taller de elaboración de caretas.</span></h6>
ngg_shortcode_0_placeholder

<p>Galeria imágenes ENERO 2018 Contiene imágenes de las siguientes actividades: -Escenificación motivadora (AMPA «El Reloj») en torno al proyecto «El Bosque Encantado» (16 enero). -Taller&hellip;</p>
