{"id":8124,"date":"2019-07-25T12:49:28","date_gmt":"2019-07-25T11:49:28","guid":{"rendered":"https:\/\/blogsaverroes.juntadeandalucia.es\/eielcastillo\/?page_id=8124"},"modified":"2019-07-25T12:49:28","modified_gmt":"2019-07-25T11:49:28","slug":"galeria-imagenes-diciembre-2017","status":"publish","type":"page","link":"https:\/\/blogsaverroes.juntadeandalucia.es\/eielcastillo\/?page_id=8124","title":{"rendered":"Galer\u00eda im\u00e1genes DICIEMBRE 2017"},"content":{"rendered":"<h3><span style=\"text-decoration: underline\"><span style=\"color: #333300;text-decoration: underline\"><strong>Galeria im\u00e1genes DICIEMBRE 2017<\/strong><\/span><\/span><\/h3>\n<p>Contiene im\u00e1genes de las siguientes actividades:<\/p>\n<h6><span style=\"color: #800080\">-Espacios del centro decorados con motivos navide\u00f1os.<\/span><\/h6>\n<h6><span style=\"color: #800080\">-Actuaci\u00f3n Taller Baile en Casa de la Cultura y villancicos a cargo del alumnado del centro.<\/span><\/h6>\n<h6><span style=\"color: #800080\">-Teatro de Navidad a cargo de AMPA \u00abEl Reloj\u00bb<\/span><\/h6>\n<h6><span style=\"color: #800080\">-Visita al centro de SSMM los Reyes Magos de Oriente.<\/span><\/h6>\n<h6><span style=\"color: #800080\">-Bel\u00e9n Viviente.<\/span><\/h6>\nngg_shortcode_0_placeholder\n","protected":false},"excerpt":{"rendered":"<p>Galeria im\u00e1genes DICIEMBRE 2017 Contiene im\u00e1genes de las siguientes actividades: -Espacios del centro decorados con motivos navide\u00f1os. -Actuaci\u00f3n Taller Baile en Casa de la Cultura&hellip;<\/p>\n","protected":false},"author":3249,"featured_media":0,"parent":8062,"menu_order":3,"comment_status":"closed","ping_status":"closed","template":"","meta":{"ngg_post_thumbnail":0,"footnotes":"","_mc_calendar":[]},"aioseo_notices":[],"_links":{"self":[{"href":"https:\/\/blogsaverroes.juntadeandalucia.es\/eielcastillo\/index.php?rest_route=\/wp\/v2\/pages\/8124"}],"collection":[{"href":"https:\/\/blogsaverroes.juntadeandalucia.es\/eielcastillo\/index.php?rest_route=\/wp\/v2\/pages"}],"about":[{"href":"https:\/\/blogsaverroes.juntadeandalucia.es\/eielcastillo\/index.php?rest_route=\/wp\/v2\/types\/page"}],"author":[{"embeddable":true,"href":"https:\/\/blogsaverroes.juntadeandalucia.es\/eielcastillo\/index.php?rest_route=\/wp\/v2\/users\/3249"}],"replies":[{"embeddable":true,"href":"https:\/\/blogsaverroes.juntadeandalucia.es\/eielcastillo\/index.php?rest_route=%2Fwp%2Fv2%2Fcomments&post=8124"}],"version-history":[{"count":1,"href":"https:\/\/blogsaverroes.juntadeandalucia.es\/eielcastillo\/index.php?rest_route=\/wp\/v2\/pages\/8124\/revisions"}],"predecessor-version":[{"id":8125,"href":"https:\/\/blogsaverroes.juntadeandalucia.es\/eielcastillo\/index.php?rest_route=\/wp\/v2\/pages\/8124\/revisions\/8125"}],"up":[{"embeddable":true,"href":"https:\/\/blogsaverroes.juntadeandalucia.es\/eielcastillo\/index.php?rest_route=\/wp\/v2\/pages\/8062"}],"wp:attachment":[{"href":"https:\/\/blogsaverroes.juntadeandalucia.es\/eielcastillo\/index.php?rest_route=%2Fwp%2Fv2%2Fmedia&parent=8124"}],"curies":[{"name":"wp","href":"https:\/\/api.w.org\/{rel}","templated":true}]}}

Galería imágenes DICIEMBRE 2017

<h3><span style="text-decoration: underline"><span style="color: #333300;text-decoration: underline"><strong>Galeria imágenes DICIEMBRE 2017</strong></span></span></h3>
<p>Contiene imágenes de las siguientes actividades:</p>
<h6><span style="color: #800080">-Espacios del centro decorados con motivos navideños.</span></h6>
<h6><span style="color: #800080">-Actuación Taller Baile en Casa de la Cultura y villancicos a cargo del alumnado del centro.</span></h6>
<h6><span style="color: #800080">-Teatro de Navidad a cargo de AMPA «El Reloj»</span></h6>
<h6><span style="color: #800080">-Visita al centro de SSMM los Reyes Magos de Oriente.</span></h6>
<h6><span style="color: #800080">-Belén Viviente.</span></h6>
ngg_shortcode_0_placeholder

<p>Galeria imágenes DICIEMBRE 2017 Contiene imágenes de las siguientes actividades: -Espacios del centro decorados con motivos navideños. -Actuación Taller Baile en Casa de la Cultura&hellip;</p>
