{"id":8128,"date":"2019-07-25T12:53:39","date_gmt":"2019-07-25T11:53:39","guid":{"rendered":"https:\/\/blogsaverroes.juntadeandalucia.es\/eielcastillo\/?page_id=8128"},"modified":"2019-07-25T12:53:39","modified_gmt":"2019-07-25T11:53:39","slug":"galeria-imagenes-octubre-2017","status":"publish","type":"page","link":"https:\/\/blogsaverroes.juntadeandalucia.es\/eielcastillo\/?page_id=8128","title":{"rendered":"Galer\u00eda im\u00e1genes OCTUBRE 2017"},"content":{"rendered":"<h3><span style=\"text-decoration: underline\"><span style=\"color: #333300\"><strong>Galeria im\u00e1genes OCTUBRE 2017<\/strong><\/span><\/span><\/h3>\n<p>Contiene im\u00e1genes de las siguientes actividades:<\/p>\n<h6><span style=\"color: #800080\">-Visita del alumnado de 5 a\u00f1os a la Biblioteca Municipal (D\u00eda de la Biblioteca) 25 octubre.<\/span><\/h6>\n<h6><span style=\"color: #800080\">-Taller de&nbsp; elaboraci\u00f3n cesta-ara\u00f1a de Halloween. 25 octubre<\/span><\/h6>\n<h6><span style=\"color: #800080\">-Desayuno fantasmal \u00abOjos terror\u00edficos\u00bb.<\/span><\/h6>\n<h6><span style=\"color: #800080\">-Gui\u00f1ol AMPA: \u00abSalvatore el fantasma de colores\u00bb.30 octubre<\/span><\/h6>\n<h6><span style=\"color: #800080\">-Nos disfrazamos de Halloween. 31 octubre<\/span><\/h6>\nngg_shortcode_0_placeholder\n","protected":false},"excerpt":{"rendered":"<p>Galeria im\u00e1genes OCTUBRE 2017 Contiene im\u00e1genes de las siguientes actividades: -Visita del alumnado de 5 a\u00f1os a la Biblioteca Municipal (D\u00eda de la Biblioteca) 25&hellip;<\/p>\n","protected":false},"author":3249,"featured_media":0,"parent":8062,"menu_order":1,"comment_status":"closed","ping_status":"closed","template":"","meta":{"ngg_post_thumbnail":0,"footnotes":"","_mc_calendar":[]},"aioseo_notices":[],"_links":{"self":[{"href":"https:\/\/blogsaverroes.juntadeandalucia.es\/eielcastillo\/index.php?rest_route=\/wp\/v2\/pages\/8128"}],"collection":[{"href":"https:\/\/blogsaverroes.juntadeandalucia.es\/eielcastillo\/index.php?rest_route=\/wp\/v2\/pages"}],"about":[{"href":"https:\/\/blogsaverroes.juntadeandalucia.es\/eielcastillo\/index.php?rest_route=\/wp\/v2\/types\/page"}],"author":[{"embeddable":true,"href":"https:\/\/blogsaverroes.juntadeandalucia.es\/eielcastillo\/index.php?rest_route=\/wp\/v2\/users\/3249"}],"replies":[{"embeddable":true,"href":"https:\/\/blogsaverroes.juntadeandalucia.es\/eielcastillo\/index.php?rest_route=%2Fwp%2Fv2%2Fcomments&post=8128"}],"version-history":[{"count":1,"href":"https:\/\/blogsaverroes.juntadeandalucia.es\/eielcastillo\/index.php?rest_route=\/wp\/v2\/pages\/8128\/revisions"}],"predecessor-version":[{"id":8129,"href":"https:\/\/blogsaverroes.juntadeandalucia.es\/eielcastillo\/index.php?rest_route=\/wp\/v2\/pages\/8128\/revisions\/8129"}],"up":[{"embeddable":true,"href":"https:\/\/blogsaverroes.juntadeandalucia.es\/eielcastillo\/index.php?rest_route=\/wp\/v2\/pages\/8062"}],"wp:attachment":[{"href":"https:\/\/blogsaverroes.juntadeandalucia.es\/eielcastillo\/index.php?rest_route=%2Fwp%2Fv2%2Fmedia&parent=8128"}],"curies":[{"name":"wp","href":"https:\/\/api.w.org\/{rel}","templated":true}]}}

Galería imágenes OCTUBRE 2017

<h3><span style="text-decoration: underline"><span style="color: #333300"><strong>Galeria imágenes OCTUBRE 2017</strong></span></span></h3>
<p>Contiene imágenes de las siguientes actividades:</p>
<h6><span style="color: #800080">-Visita del alumnado de 5 años a la Biblioteca Municipal (Día de la Biblioteca) 25 octubre.</span></h6>
<h6><span style="color: #800080">-Taller de&nbsp; elaboración cesta-araña de Halloween. 25 octubre</span></h6>
<h6><span style="color: #800080">-Desayuno fantasmal «Ojos terroríficos».</span></h6>
<h6><span style="color: #800080">-Guiñol AMPA: «Salvatore el fantasma de colores».30 octubre</span></h6>
<h6><span style="color: #800080">-Nos disfrazamos de Halloween. 31 octubre</span></h6>
ngg_shortcode_0_placeholder

<p>Galeria imágenes OCTUBRE 2017 Contiene imágenes de las siguientes actividades: -Visita del alumnado de 5 años a la Biblioteca Municipal (Día de la Biblioteca) 25&hellip;</p>
