{"id":8799,"date":"2019-11-23T14:24:48","date_gmt":"2019-11-23T13:24:48","guid":{"rendered":"https:\/\/blogsaverroes.juntadeandalucia.es\/eielcastillo\/?page_id=8799"},"modified":"2019-11-23T14:39:27","modified_gmt":"2019-11-23T13:39:27","slug":"galeria-imagenes-octubre-2019","status":"publish","type":"page","link":"https:\/\/blogsaverroes.juntadeandalucia.es\/eielcastillo\/?page_id=8799","title":{"rendered":"Galer\u00eda im\u00e1genes OCTUBRE 2019"},"content":{"rendered":"<h3><strong><span style=\"text-decoration: underline;color: #ff6600\"><a href=\"https:\/\/blogsaverroes.juntadeandalucia.es\/eielcastillo\/files\/2018\/08\/Boton-acceso-albumdeimagenes.jpg\"><img loading=\"lazy\" decoding=\"async\" class=\"wp-image-5513 alignleft\" src=\"https:\/\/blogsaverroes.juntadeandalucia.es\/eielcastillo\/files\/2018\/08\/Boton-acceso-albumdeimagenes.jpg\" alt=\"\" width=\"96\" height=\"48\" srcset=\"https:\/\/blogsaverroes.juntadeandalucia.es\/eielcastillo\/files\/2018\/08\/Boton-acceso-albumdeimagenes.jpg 283w, https:\/\/blogsaverroes.juntadeandalucia.es\/eielcastillo\/files\/2018\/08\/Boton-acceso-albumdeimagenes-280x142.jpg 280w, https:\/\/blogsaverroes.juntadeandalucia.es\/eielcastillo\/files\/2018\/08\/Boton-acceso-albumdeimagenes-24x12.jpg 24w, https:\/\/blogsaverroes.juntadeandalucia.es\/eielcastillo\/files\/2018\/08\/Boton-acceso-albumdeimagenes-36x18.jpg 36w, https:\/\/blogsaverroes.juntadeandalucia.es\/eielcastillo\/files\/2018\/08\/Boton-acceso-albumdeimagenes-48x24.jpg 48w\" sizes=\"(max-width: 96px) 100vw, 96px\" \/><\/a>Galeria im\u00e1genes OCTUBRE 2019<\/span><\/strong><\/h3>\n<p>&nbsp;<\/p>\n<p>Contiene im\u00e1genes de las siguiente actividades:<\/p>\n<h6><span style=\"color: #800000\">&#8211; Cuentacuentos &#8220;Mis peque\u00f1as alegr\u00edas&#8221; (Programa Valores y Educaci\u00f3n Emocional)<\/span><\/h6>\n<h6><span style=\"color: #800000\">&#8211; Visita ambulancia SAS<\/span><\/h6>\n<h6><span style=\"color: #800000\">&#8211; Taller Halloween (madres haciendo cestas)<\/span><\/h6>\n<h6><span style=\"color: #800000\">&#8211; Decoraci\u00f3n Halloween<\/span><\/h6>\n<h6><span style=\"color: #800000\">-Gui\u00f1ol HALLOWEEN&nbsp; a cargo de AMPA &#8220;El Reloj&#8221;<\/span><\/h6>\n<h6><span style=\"color: #800000\">-Alumando caracterizado para celebrar Halloween y actividad Truco o Trato.<\/span><\/h6>\n<hr>\n<p>ngg_shortcode_0_placeholderngg_shortcode_1_placeholder<\/p>\n","protected":false},"excerpt":{"rendered":"<p>Galeria im\u00e1genes OCTUBRE 2019 &nbsp; Contiene im\u00e1genes de las siguiente actividades: &#8211; Cuentacuentos &#8220;Mis peque\u00f1as alegr\u00edas&#8221; (Programa Valores y Educaci\u00f3n Emocional) &#8211; Visita ambulancia SAS&hellip;<\/p>\n","protected":false},"author":3249,"featured_media":0,"parent":8062,"menu_order":19,"comment_status":"closed","ping_status":"closed","template":"","meta":{"ngg_post_thumbnail":0,"footnotes":"","_mc_calendar":[]},"aioseo_notices":[],"_links":{"self":[{"href":"https:\/\/blogsaverroes.juntadeandalucia.es\/eielcastillo\/index.php?rest_route=\/wp\/v2\/pages\/8799"}],"collection":[{"href":"https:\/\/blogsaverroes.juntadeandalucia.es\/eielcastillo\/index.php?rest_route=\/wp\/v2\/pages"}],"about":[{"href":"https:\/\/blogsaverroes.juntadeandalucia.es\/eielcastillo\/index.php?rest_route=\/wp\/v2\/types\/page"}],"author":[{"embeddable":true,"href":"https:\/\/blogsaverroes.juntadeandalucia.es\/eielcastillo\/index.php?rest_route=\/wp\/v2\/users\/3249"}],"replies":[{"embeddable":true,"href":"https:\/\/blogsaverroes.juntadeandalucia.es\/eielcastillo\/index.php?rest_route=%2Fwp%2Fv2%2Fcomments&post=8799"}],"version-history":[{"count":6,"href":"https:\/\/blogsaverroes.juntadeandalucia.es\/eielcastillo\/index.php?rest_route=\/wp\/v2\/pages\/8799\/revisions"}],"predecessor-version":[{"id":8807,"href":"https:\/\/blogsaverroes.juntadeandalucia.es\/eielcastillo\/index.php?rest_route=\/wp\/v2\/pages\/8799\/revisions\/8807"}],"up":[{"embeddable":true,"href":"https:\/\/blogsaverroes.juntadeandalucia.es\/eielcastillo\/index.php?rest_route=\/wp\/v2\/pages\/8062"}],"wp:attachment":[{"href":"https:\/\/blogsaverroes.juntadeandalucia.es\/eielcastillo\/index.php?rest_route=%2Fwp%2Fv2%2Fmedia&parent=8799"}],"curies":[{"name":"wp","href":"https:\/\/api.w.org\/{rel}","templated":true}]}}

Galería imágenes OCTUBRE 2019

<h3><strong><span style="text-decoration: underline;color: #ff6600"><a href="https://blogsaverroes.juntadeandalucia.es/eielcastillo/files/2018/08/Boton-acceso-albumdeimagenes.jpg"><img loading="lazy" decoding="async" class="wp-image-5513 alignleft" src="https://blogsaverroes.juntadeandalucia.es/eielcastillo/files/2018/08/Boton-acceso-albumdeimagenes.jpg" alt="" width="96" height="48" srcset="https://blogsaverroes.juntadeandalucia.es/eielcastillo/files/2018/08/Boton-acceso-albumdeimagenes.jpg 283w, https://blogsaverroes.juntadeandalucia.es/eielcastillo/files/2018/08/Boton-acceso-albumdeimagenes-280x142.jpg 280w, https://blogsaverroes.juntadeandalucia.es/eielcastillo/files/2018/08/Boton-acceso-albumdeimagenes-24x12.jpg 24w, https://blogsaverroes.juntadeandalucia.es/eielcastillo/files/2018/08/Boton-acceso-albumdeimagenes-36x18.jpg 36w, https://blogsaverroes.juntadeandalucia.es/eielcastillo/files/2018/08/Boton-acceso-albumdeimagenes-48x24.jpg 48w" sizes="(max-width: 96px) 100vw, 96px" /></a>Galeria imágenes OCTUBRE 2019</span></strong></h3>
<p>&nbsp;</p>
<p>Contiene imágenes de las siguiente actividades:</p>
<h6><span style="color: #800000">&#8211; Cuentacuentos &#8220;Mis pequeñas alegrías&#8221; (Programa Valores y Educación Emocional)</span></h6>
<h6><span style="color: #800000">&#8211; Visita ambulancia SAS</span></h6>
<h6><span style="color: #800000">&#8211; Taller Halloween (madres haciendo cestas)</span></h6>
<h6><span style="color: #800000">&#8211; Decoración Halloween</span></h6>
<h6><span style="color: #800000">-Guiñol HALLOWEEN&nbsp; a cargo de AMPA &#8220;El Reloj&#8221;</span></h6>
<h6><span style="color: #800000">-Alumando caracterizado para celebrar Halloween y actividad Truco o Trato.</span></h6>
<hr>
<p>ngg_shortcode_0_placeholderngg_shortcode_1_placeholder</p>

<p>Galeria imágenes OCTUBRE 2019 &nbsp; Contiene imágenes de las siguiente actividades: &#8211; Cuentacuentos &#8220;Mis pequeñas alegrías&#8221; (Programa Valores y Educación Emocional) &#8211; Visita ambulancia SAS&hellip;</p>
