{"id":9401,"date":"2020-03-08T15:37:51","date_gmt":"2020-03-08T14:37:51","guid":{"rendered":"https:\/\/blogsaverroes.juntadeandalucia.es\/eielcastillo\/?page_id=9401"},"modified":"2020-03-08T16:19:00","modified_gmt":"2020-03-08T15:19:00","slug":"galeria-imagenes-noviembre-2019","status":"publish","type":"page","link":"https:\/\/blogsaverroes.juntadeandalucia.es\/eielcastillo\/?page_id=9401","title":{"rendered":"Galer\u00eda im\u00e1genes NOVIEMBRE 2019"},"content":{"rendered":"<h3><span style=\"text-decoration: underline\"><span style=\"color: #ff6600;text-decoration: underline\"><strong><a href=\"https:\/\/blogsaverroes.juntadeandalucia.es\/eielcastillo\/files\/2018\/08\/Boton-acceso-albumdeimagenes.jpg\"><img loading=\"lazy\" decoding=\"async\" class=\"wp-image-5513 alignleft\" src=\"https:\/\/blogsaverroes.juntadeandalucia.es\/eielcastillo\/files\/2018\/08\/Boton-acceso-albumdeimagenes.jpg\" alt=\"\" width=\"147\" height=\"74\" srcset=\"https:\/\/blogsaverroes.juntadeandalucia.es\/eielcastillo\/files\/2018\/08\/Boton-acceso-albumdeimagenes.jpg 283w, https:\/\/blogsaverroes.juntadeandalucia.es\/eielcastillo\/files\/2018\/08\/Boton-acceso-albumdeimagenes-280x142.jpg 280w, https:\/\/blogsaverroes.juntadeandalucia.es\/eielcastillo\/files\/2018\/08\/Boton-acceso-albumdeimagenes-24x12.jpg 24w, https:\/\/blogsaverroes.juntadeandalucia.es\/eielcastillo\/files\/2018\/08\/Boton-acceso-albumdeimagenes-36x18.jpg 36w, https:\/\/blogsaverroes.juntadeandalucia.es\/eielcastillo\/files\/2018\/08\/Boton-acceso-albumdeimagenes-48x24.jpg 48w\" sizes=\"(max-width: 147px) 100vw, 147px\" \/><\/a>Galeria im\u00e1genes NOVIEMBRE 2019<\/strong><\/span><\/span><\/h3>\n<p>Contiene im\u00e1genes de las siguientes actividades:<\/p>\n<p>&nbsp;<\/p>\n<h6><span style=\"color: #800000\">-Gui\u00f1ol: \u00abL\u00e1grimas bajo la cama\u00bb, relacionado con el programa de Valores y Educaci\u00f3n Emocional.<\/span><\/h6>\n<h6><span style=\"color: #800000\">-Celebraci\u00f3n del D\u00eda del Flamenco.<\/span><\/h6>\n<h6><span style=\"color: #800000\">-D\u00eda de los Derechos de la Infancia.<\/span><\/h6>\n<h6><span style=\"color: #800000\">-Master Chef de oto\u00f1o.<\/span><\/h6>\n<hr>\nngg_shortcode_0_placeholder\n","protected":false},"excerpt":{"rendered":"<p>Galeria im\u00e1genes NOVIEMBRE 2019 Contiene im\u00e1genes de las siguientes actividades: &nbsp; -Gui\u00f1ol: \u00abL\u00e1grimas bajo la cama\u00bb, relacionado con el programa de Valores y Educaci\u00f3n Emocional.&hellip;<\/p>\n","protected":false},"author":3249,"featured_media":0,"parent":8062,"menu_order":20,"comment_status":"closed","ping_status":"closed","template":"","meta":{"ngg_post_thumbnail":0,"footnotes":"","_mc_calendar":[]},"aioseo_notices":[],"_links":{"self":[{"href":"https:\/\/blogsaverroes.juntadeandalucia.es\/eielcastillo\/index.php?rest_route=\/wp\/v2\/pages\/9401"}],"collection":[{"href":"https:\/\/blogsaverroes.juntadeandalucia.es\/eielcastillo\/index.php?rest_route=\/wp\/v2\/pages"}],"about":[{"href":"https:\/\/blogsaverroes.juntadeandalucia.es\/eielcastillo\/index.php?rest_route=\/wp\/v2\/types\/page"}],"author":[{"embeddable":true,"href":"https:\/\/blogsaverroes.juntadeandalucia.es\/eielcastillo\/index.php?rest_route=\/wp\/v2\/users\/3249"}],"replies":[{"embeddable":true,"href":"https:\/\/blogsaverroes.juntadeandalucia.es\/eielcastillo\/index.php?rest_route=%2Fwp%2Fv2%2Fcomments&post=9401"}],"version-history":[{"count":4,"href":"https:\/\/blogsaverroes.juntadeandalucia.es\/eielcastillo\/index.php?rest_route=\/wp\/v2\/pages\/9401\/revisions"}],"predecessor-version":[{"id":9419,"href":"https:\/\/blogsaverroes.juntadeandalucia.es\/eielcastillo\/index.php?rest_route=\/wp\/v2\/pages\/9401\/revisions\/9419"}],"up":[{"embeddable":true,"href":"https:\/\/blogsaverroes.juntadeandalucia.es\/eielcastillo\/index.php?rest_route=\/wp\/v2\/pages\/8062"}],"wp:attachment":[{"href":"https:\/\/blogsaverroes.juntadeandalucia.es\/eielcastillo\/index.php?rest_route=%2Fwp%2Fv2%2Fmedia&parent=9401"}],"curies":[{"name":"wp","href":"https:\/\/api.w.org\/{rel}","templated":true}]}}

Galería imágenes NOVIEMBRE 2019

<h3><span style="text-decoration: underline"><span style="color: #ff6600;text-decoration: underline"><strong><a href="https://blogsaverroes.juntadeandalucia.es/eielcastillo/files/2018/08/Boton-acceso-albumdeimagenes.jpg"><img loading="lazy" decoding="async" class="wp-image-5513 alignleft" src="https://blogsaverroes.juntadeandalucia.es/eielcastillo/files/2018/08/Boton-acceso-albumdeimagenes.jpg" alt="" width="147" height="74" srcset="https://blogsaverroes.juntadeandalucia.es/eielcastillo/files/2018/08/Boton-acceso-albumdeimagenes.jpg 283w, https://blogsaverroes.juntadeandalucia.es/eielcastillo/files/2018/08/Boton-acceso-albumdeimagenes-280x142.jpg 280w, https://blogsaverroes.juntadeandalucia.es/eielcastillo/files/2018/08/Boton-acceso-albumdeimagenes-24x12.jpg 24w, https://blogsaverroes.juntadeandalucia.es/eielcastillo/files/2018/08/Boton-acceso-albumdeimagenes-36x18.jpg 36w, https://blogsaverroes.juntadeandalucia.es/eielcastillo/files/2018/08/Boton-acceso-albumdeimagenes-48x24.jpg 48w" sizes="(max-width: 147px) 100vw, 147px" /></a>Galeria imágenes NOVIEMBRE 2019</strong></span></span></h3>
<p>Contiene imágenes de las siguientes actividades:</p>
<p>&nbsp;</p>
<h6><span style="color: #800000">-Guiñol: «Lágrimas bajo la cama», relacionado con el programa de Valores y Educación Emocional.</span></h6>
<h6><span style="color: #800000">-Celebración del Día del Flamenco.</span></h6>
<h6><span style="color: #800000">-Día de los Derechos de la Infancia.</span></h6>
<h6><span style="color: #800000">-Master Chef de otoño.</span></h6>
<hr>
ngg_shortcode_0_placeholder

<p>Galeria imágenes NOVIEMBRE 2019 Contiene imágenes de las siguientes actividades: &nbsp; -Guiñol: «Lágrimas bajo la cama», relacionado con el programa de Valores y Educación Emocional.&hellip;</p>
