{"id":9404,"date":"2020-03-08T15:41:12","date_gmt":"2020-03-08T14:41:12","guid":{"rendered":"https:\/\/blogsaverroes.juntadeandalucia.es\/eielcastillo\/?page_id=9404"},"modified":"2020-03-08T17:05:29","modified_gmt":"2020-03-08T16:05:29","slug":"galeria-imagenes-diciembre-2019","status":"publish","type":"page","link":"https:\/\/blogsaverroes.juntadeandalucia.es\/eielcastillo\/?page_id=9404","title":{"rendered":"Galer\u00eda im\u00e1genes DICIEMBRE 2019"},"content":{"rendered":"<h3><span style=\"text-decoration: underline;color: #ff6600\"><strong><a href=\"https:\/\/blogsaverroes.juntadeandalucia.es\/eielcastillo\/files\/2018\/08\/Boton-acceso-albumdeimagenes.jpg\"><img loading=\"lazy\" decoding=\"async\" class=\"wp-image-5513 alignleft\" src=\"https:\/\/blogsaverroes.juntadeandalucia.es\/eielcastillo\/files\/2018\/08\/Boton-acceso-albumdeimagenes.jpg\" alt=\"\" width=\"153\" height=\"77\" srcset=\"https:\/\/blogsaverroes.juntadeandalucia.es\/eielcastillo\/files\/2018\/08\/Boton-acceso-albumdeimagenes.jpg 283w, https:\/\/blogsaverroes.juntadeandalucia.es\/eielcastillo\/files\/2018\/08\/Boton-acceso-albumdeimagenes-280x142.jpg 280w, https:\/\/blogsaverroes.juntadeandalucia.es\/eielcastillo\/files\/2018\/08\/Boton-acceso-albumdeimagenes-24x12.jpg 24w, https:\/\/blogsaverroes.juntadeandalucia.es\/eielcastillo\/files\/2018\/08\/Boton-acceso-albumdeimagenes-36x18.jpg 36w, https:\/\/blogsaverroes.juntadeandalucia.es\/eielcastillo\/files\/2018\/08\/Boton-acceso-albumdeimagenes-48x24.jpg 48w\" sizes=\"(max-width: 153px) 100vw, 153px\" \/><\/a>Galeria im\u00e1genes DICIEMBRE 2019<\/strong><\/span><\/h3>\n<p>Contiene im\u00e1genes de las siguientes actividades:<\/p>\n<h6>&nbsp;<\/h6>\n<h6><span style=\"color: #800000\">-Juegos cooperativos<\/span><\/h6>\n<h6><span style=\"color: #800000\">-Certamen pintura D\u00eda de la Constituci\u00f3n<\/span><\/h6>\n<h6><span style=\"color: #800000\">-Teatro de sombras \u00abRespira\u00bb (Programa Valores y Educaci\u00f3n Emocional)<\/span><\/h6>\n<h6><span style=\"color: #800000\">-Teatro de Navidad. AMPA \u00abEl Reloj\u00bb.<\/span><\/h6>\n<h6><span style=\"color: #800000\">-Participaci\u00f3n del centro en el Cert\u00e1men de Villancicos organizado por el Ayuntamiento. Participan las aulas de 4 a\u00f1os.<\/span><\/h6>\n<h6><span style=\"color: #800000\">-Actuaci\u00f3n del taller de Baile y villancico a cargo del alumnado.<\/span><\/h6>\n<h6><span style=\"color: #800000\">-Visita de Los Reyes Magos.<\/span><\/h6>\n<h6><span style=\"color: #800000\">-Bel\u00e9n Viviente<\/span><\/h6>\n<hr>\nngg_shortcode_0_placeholder\n","protected":false},"excerpt":{"rendered":"<p>Galeria im\u00e1genes DICIEMBRE 2019 Contiene im\u00e1genes de las siguientes actividades: &nbsp; -Juegos cooperativos -Certamen pintura D\u00eda de la Constituci\u00f3n -Teatro de sombras \u00abRespira\u00bb (Programa Valores&hellip;<\/p>\n","protected":false},"author":3249,"featured_media":0,"parent":8062,"menu_order":21,"comment_status":"closed","ping_status":"closed","template":"","meta":{"ngg_post_thumbnail":0,"footnotes":"","_mc_calendar":[]},"aioseo_notices":[],"_links":{"self":[{"href":"https:\/\/blogsaverroes.juntadeandalucia.es\/eielcastillo\/index.php?rest_route=\/wp\/v2\/pages\/9404"}],"collection":[{"href":"https:\/\/blogsaverroes.juntadeandalucia.es\/eielcastillo\/index.php?rest_route=\/wp\/v2\/pages"}],"about":[{"href":"https:\/\/blogsaverroes.juntadeandalucia.es\/eielcastillo\/index.php?rest_route=\/wp\/v2\/types\/page"}],"author":[{"embeddable":true,"href":"https:\/\/blogsaverroes.juntadeandalucia.es\/eielcastillo\/index.php?rest_route=\/wp\/v2\/users\/3249"}],"replies":[{"embeddable":true,"href":"https:\/\/blogsaverroes.juntadeandalucia.es\/eielcastillo\/index.php?rest_route=%2Fwp%2Fv2%2Fcomments&post=9404"}],"version-history":[{"count":5,"href":"https:\/\/blogsaverroes.juntadeandalucia.es\/eielcastillo\/index.php?rest_route=\/wp\/v2\/pages\/9404\/revisions"}],"predecessor-version":[{"id":9580,"href":"https:\/\/blogsaverroes.juntadeandalucia.es\/eielcastillo\/index.php?rest_route=\/wp\/v2\/pages\/9404\/revisions\/9580"}],"up":[{"embeddable":true,"href":"https:\/\/blogsaverroes.juntadeandalucia.es\/eielcastillo\/index.php?rest_route=\/wp\/v2\/pages\/8062"}],"wp:attachment":[{"href":"https:\/\/blogsaverroes.juntadeandalucia.es\/eielcastillo\/index.php?rest_route=%2Fwp%2Fv2%2Fmedia&parent=9404"}],"curies":[{"name":"wp","href":"https:\/\/api.w.org\/{rel}","templated":true}]}}

Galería imágenes DICIEMBRE 2019

<h3><span style="text-decoration: underline;color: #ff6600"><strong><a href="https://blogsaverroes.juntadeandalucia.es/eielcastillo/files/2018/08/Boton-acceso-albumdeimagenes.jpg"><img loading="lazy" decoding="async" class="wp-image-5513 alignleft" src="https://blogsaverroes.juntadeandalucia.es/eielcastillo/files/2018/08/Boton-acceso-albumdeimagenes.jpg" alt="" width="153" height="77" srcset="https://blogsaverroes.juntadeandalucia.es/eielcastillo/files/2018/08/Boton-acceso-albumdeimagenes.jpg 283w, https://blogsaverroes.juntadeandalucia.es/eielcastillo/files/2018/08/Boton-acceso-albumdeimagenes-280x142.jpg 280w, https://blogsaverroes.juntadeandalucia.es/eielcastillo/files/2018/08/Boton-acceso-albumdeimagenes-24x12.jpg 24w, https://blogsaverroes.juntadeandalucia.es/eielcastillo/files/2018/08/Boton-acceso-albumdeimagenes-36x18.jpg 36w, https://blogsaverroes.juntadeandalucia.es/eielcastillo/files/2018/08/Boton-acceso-albumdeimagenes-48x24.jpg 48w" sizes="(max-width: 153px) 100vw, 153px" /></a>Galeria imágenes DICIEMBRE 2019</strong></span></h3>
<p>Contiene imágenes de las siguientes actividades:</p>
<h6>&nbsp;</h6>
<h6><span style="color: #800000">-Juegos cooperativos</span></h6>
<h6><span style="color: #800000">-Certamen pintura Día de la Constitución</span></h6>
<h6><span style="color: #800000">-Teatro de sombras «Respira» (Programa Valores y Educación Emocional)</span></h6>
<h6><span style="color: #800000">-Teatro de Navidad. AMPA «El Reloj».</span></h6>
<h6><span style="color: #800000">-Participación del centro en el Certámen de Villancicos organizado por el Ayuntamiento. Participan las aulas de 4 años.</span></h6>
<h6><span style="color: #800000">-Actuación del taller de Baile y villancico a cargo del alumnado.</span></h6>
<h6><span style="color: #800000">-Visita de Los Reyes Magos.</span></h6>
<h6><span style="color: #800000">-Belén Viviente</span></h6>
<hr>
ngg_shortcode_0_placeholder

<p>Galeria imágenes DICIEMBRE 2019 Contiene imágenes de las siguientes actividades: &nbsp; -Juegos cooperativos -Certamen pintura Día de la Constitución -Teatro de sombras «Respira» (Programa Valores&hellip;</p>
