{"id":9411,"date":"2020-03-08T15:52:07","date_gmt":"2020-03-08T14:52:07","guid":{"rendered":"https:\/\/blogsaverroes.juntadeandalucia.es\/eielcastillo\/?page_id=9411"},"modified":"2020-03-08T16:59:54","modified_gmt":"2020-03-08T15:59:54","slug":"galeria-imagenes-febrero-2020","status":"publish","type":"page","link":"https:\/\/blogsaverroes.juntadeandalucia.es\/eielcastillo\/?page_id=9411","title":{"rendered":"Galer\u00eda im\u00e1genes FEBRERO 2020"},"content":{"rendered":"<h3><strong><a href=\"https:\/\/blogsaverroes.juntadeandalucia.es\/eielcastillo\/files\/2018\/08\/Boton-acceso-albumdeimagenes.jpg\"><img loading=\"lazy\" decoding=\"async\" class=\"wp-image-5513 alignleft\" src=\"https:\/\/blogsaverroes.juntadeandalucia.es\/eielcastillo\/files\/2018\/08\/Boton-acceso-albumdeimagenes.jpg\" alt=\"\" width=\"151\" height=\"76\" srcset=\"https:\/\/blogsaverroes.juntadeandalucia.es\/eielcastillo\/files\/2018\/08\/Boton-acceso-albumdeimagenes.jpg 283w, https:\/\/blogsaverroes.juntadeandalucia.es\/eielcastillo\/files\/2018\/08\/Boton-acceso-albumdeimagenes-280x142.jpg 280w, https:\/\/blogsaverroes.juntadeandalucia.es\/eielcastillo\/files\/2018\/08\/Boton-acceso-albumdeimagenes-24x12.jpg 24w, https:\/\/blogsaverroes.juntadeandalucia.es\/eielcastillo\/files\/2018\/08\/Boton-acceso-albumdeimagenes-36x18.jpg 36w, https:\/\/blogsaverroes.juntadeandalucia.es\/eielcastillo\/files\/2018\/08\/Boton-acceso-albumdeimagenes-48x24.jpg 48w\" sizes=\"(max-width: 151px) 100vw, 151px\" \/><\/a><span style=\"text-decoration: underline\"><span style=\"color: #ff6600;text-decoration: underline\">Galeria im\u00e1genes FEBRERO 2020<\/span><\/span><br \/>\n<\/strong><\/h3>\n<p>Contiene im\u00e1genes de las siguientes actividades:<\/p>\n<p>&nbsp;<\/p>\n<h6><span style=\"color: #800000\">-Talleres de madres\/padres relacionados con el proyecto \u00abDescubrimiento de Am\u00e9rica\u00bb.<\/span><\/h6>\n<h6><span style=\"color: #800000\">-Madres decorando el centro con motivos relacionados con el proyecto referido.<\/span><\/h6>\n<h6><span style=\"color: #800000\">-Pintando murales en el patio.<\/span><\/h6>\n<h6><span style=\"color: #800000\">-Cuentacuentos \u00abNadar\u00edn\u00bb.<\/span><\/h6>\n<h6><span style=\"color: #800000\">-Gui\u00f1ol AMPA con motivo del D\u00eda de Andaluc\u00eda.<\/span><\/h6>\n<h6><span style=\"color: #800000\">-Carnaval.<\/span><\/h6>\n<h6><span style=\"color: #800000\">-D\u00eda de Andaluc\u00eda.<\/span><\/h6>\n<hr>\nngg_shortcode_0_placeholder\n","protected":false},"excerpt":{"rendered":"<p>Galeria im\u00e1genes FEBRERO 2020 Contiene im\u00e1genes de las siguientes actividades: &nbsp; -Talleres de madres\/padres relacionados con el proyecto \u00abDescubrimiento de Am\u00e9rica\u00bb. -Madres decorando el centro&hellip;<\/p>\n","protected":false},"author":3249,"featured_media":0,"parent":8062,"menu_order":23,"comment_status":"closed","ping_status":"closed","template":"","meta":{"ngg_post_thumbnail":0,"footnotes":"","_mc_calendar":[]},"aioseo_notices":[],"_links":{"self":[{"href":"https:\/\/blogsaverroes.juntadeandalucia.es\/eielcastillo\/index.php?rest_route=\/wp\/v2\/pages\/9411"}],"collection":[{"href":"https:\/\/blogsaverroes.juntadeandalucia.es\/eielcastillo\/index.php?rest_route=\/wp\/v2\/pages"}],"about":[{"href":"https:\/\/blogsaverroes.juntadeandalucia.es\/eielcastillo\/index.php?rest_route=\/wp\/v2\/types\/page"}],"author":[{"embeddable":true,"href":"https:\/\/blogsaverroes.juntadeandalucia.es\/eielcastillo\/index.php?rest_route=\/wp\/v2\/users\/3249"}],"replies":[{"embeddable":true,"href":"https:\/\/blogsaverroes.juntadeandalucia.es\/eielcastillo\/index.php?rest_route=%2Fwp%2Fv2%2Fcomments&post=9411"}],"version-history":[{"count":4,"href":"https:\/\/blogsaverroes.juntadeandalucia.es\/eielcastillo\/index.php?rest_route=\/wp\/v2\/pages\/9411\/revisions"}],"predecessor-version":[{"id":9578,"href":"https:\/\/blogsaverroes.juntadeandalucia.es\/eielcastillo\/index.php?rest_route=\/wp\/v2\/pages\/9411\/revisions\/9578"}],"up":[{"embeddable":true,"href":"https:\/\/blogsaverroes.juntadeandalucia.es\/eielcastillo\/index.php?rest_route=\/wp\/v2\/pages\/8062"}],"wp:attachment":[{"href":"https:\/\/blogsaverroes.juntadeandalucia.es\/eielcastillo\/index.php?rest_route=%2Fwp%2Fv2%2Fmedia&parent=9411"}],"curies":[{"name":"wp","href":"https:\/\/api.w.org\/{rel}","templated":true}]}}

Galería imágenes FEBRERO 2020

<h3><strong><a href="https://blogsaverroes.juntadeandalucia.es/eielcastillo/files/2018/08/Boton-acceso-albumdeimagenes.jpg"><img loading="lazy" decoding="async" class="wp-image-5513 alignleft" src="https://blogsaverroes.juntadeandalucia.es/eielcastillo/files/2018/08/Boton-acceso-albumdeimagenes.jpg" alt="" width="151" height="76" srcset="https://blogsaverroes.juntadeandalucia.es/eielcastillo/files/2018/08/Boton-acceso-albumdeimagenes.jpg 283w, https://blogsaverroes.juntadeandalucia.es/eielcastillo/files/2018/08/Boton-acceso-albumdeimagenes-280x142.jpg 280w, https://blogsaverroes.juntadeandalucia.es/eielcastillo/files/2018/08/Boton-acceso-albumdeimagenes-24x12.jpg 24w, https://blogsaverroes.juntadeandalucia.es/eielcastillo/files/2018/08/Boton-acceso-albumdeimagenes-36x18.jpg 36w, https://blogsaverroes.juntadeandalucia.es/eielcastillo/files/2018/08/Boton-acceso-albumdeimagenes-48x24.jpg 48w" sizes="(max-width: 151px) 100vw, 151px" /></a><span style="text-decoration: underline"><span style="color: #ff6600;text-decoration: underline">Galeria imágenes FEBRERO 2020</span></span><br />
</strong></h3>
<p>Contiene imágenes de las siguientes actividades:</p>
<p>&nbsp;</p>
<h6><span style="color: #800000">-Talleres de madres/padres relacionados con el proyecto «Descubrimiento de América».</span></h6>
<h6><span style="color: #800000">-Madres decorando el centro con motivos relacionados con el proyecto referido.</span></h6>
<h6><span style="color: #800000">-Pintando murales en el patio.</span></h6>
<h6><span style="color: #800000">-Cuentacuentos «Nadarín».</span></h6>
<h6><span style="color: #800000">-Guiñol AMPA con motivo del Día de Andalucía.</span></h6>
<h6><span style="color: #800000">-Carnaval.</span></h6>
<h6><span style="color: #800000">-Día de Andalucía.</span></h6>
<hr>
ngg_shortcode_0_placeholder

<p>Galeria imágenes FEBRERO 2020 Contiene imágenes de las siguientes actividades: &nbsp; -Talleres de madres/padres relacionados con el proyecto «Descubrimiento de América». -Madres decorando el centro&hellip;</p>
