{"id":82,"date":"2015-03-16T06:59:55","date_gmt":"2015-03-16T06:59:55","guid":{"rendered":"http:\/\/blogsaverroes.juntadeandalucia.es\/pre\/ceip\/?page_id=82"},"modified":"2025-05-20T19:37:27","modified_gmt":"2025-05-20T19:37:27","slug":"horarios","status":"publish","type":"page","link":"https:\/\/blogsaverroes.juntadeandalucia.es\/eielreal\/horarios\/","title":{"rendered":"Horarios"},"content":{"rendered":"<p><img loading=\"lazy\" decoding=\"async\" class=\"alignnone size-full wp-image-2275\" src=\"http:\/\/blogsaverroes.juntadeandalucia.es\/eielreal\/files\/2015\/03\/horario.png\" alt=\"horario\" width=\"660\" height=\"100\" srcset=\"https:\/\/blogsaverroes.juntadeandalucia.es\/eielreal\/files\/2015\/03\/horario.png 660w, https:\/\/blogsaverroes.juntadeandalucia.es\/eielreal\/files\/2015\/03\/horario-300x45.png 300w\" sizes=\"(max-width: 660px) 100vw, 660px\" \/><\/p>\n<p><span style=\"color: #087021\"><strong>AULA MATINAL<\/strong><\/span>:<\/p>\n<p>De lunes a viernes de 7:30 a 8:45<\/p>\n<p><span style=\"color: #087021\"><strong>HORARIO LECTIVO<\/strong><\/span>:<\/p>\n<p>De 9:00 a 14:00<\/p>\n<p><span style=\"color: #087021\"><strong>HORARIO DE ACTIVIDADES EXTRAESCOLARES<\/strong><\/span>:<\/p>\n<p>De lunes a jueves de 16:00 a 17:00<\/p>\n<p><span style=\"color: #087021\"><strong>TUTOR\u00cdAS DE ATENCI\u00d3N A PADRES<\/strong><\/span>:<\/p>\n<p>Lunes de 16:00 a 17:00 ( con cita previa)<\/p>\n<p><span style=\"color: #087021\"><strong>ATENCI\u00d3N AL P\u00daBLICO ADMINISTARCI\u00d3N:<\/strong><\/span><\/p>\n<p>De lunes a viernes de 9:00 a 10:00h&nbsp;<\/p>\n<p>Martes y jueves de 9:00 a 14:00h<\/p>\n<p><span style=\"color: #087021\"><strong>ATENCI\u00d3N DE LA DIRECCI\u00d3N DEL CENTRO<\/strong><\/span>:<\/p>\n<p>Lunes y martes de 9:00 a 10:00h ( con cita previa)<\/p>\n<p>&nbsp;<\/p>\n<p>&nbsp;<\/p>\n","protected":false},"excerpt":{"rendered":"<p>AULA MATINAL: De lunes a viernes de 7:30 a 8:45 HORARIO LECTIVO: De 9:00 a 14:00 HORARIO DE ACTIVIDADES EXTRAESCOLARES: De lunes a jueves de 16:00 a 17:00 TUTOR\u00cdAS DE ATENCI\u00d3N A PADRES: Lunes&#46;&#46;&#46;<\/p>\n","protected":false},"author":1,"featured_media":0,"parent":0,"menu_order":0,"comment_status":"closed","ping_status":"open","template":"template-content-sidebar.php","meta":{"ngg_post_thumbnail":0,"footnotes":"","_mc_calendar":[]},"aioseo_notices":[],"_links":{"self":[{"href":"https:\/\/blogsaverroes.juntadeandalucia.es\/eielreal\/wp-json\/wp\/v2\/pages\/82"}],"collection":[{"href":"https:\/\/blogsaverroes.juntadeandalucia.es\/eielreal\/wp-json\/wp\/v2\/pages"}],"about":[{"href":"https:\/\/blogsaverroes.juntadeandalucia.es\/eielreal\/wp-json\/wp\/v2\/types\/page"}],"author":[{"embeddable":true,"href":"https:\/\/blogsaverroes.juntadeandalucia.es\/eielreal\/wp-json\/wp\/v2\/users\/1"}],"replies":[{"embeddable":true,"href":"https:\/\/blogsaverroes.juntadeandalucia.es\/eielreal\/wp-json\/wp\/v2\/comments?post=82"}],"version-history":[{"count":12,"href":"https:\/\/blogsaverroes.juntadeandalucia.es\/eielreal\/wp-json\/wp\/v2\/pages\/82\/revisions"}],"predecessor-version":[{"id":40552,"href":"https:\/\/blogsaverroes.juntadeandalucia.es\/eielreal\/wp-json\/wp\/v2\/pages\/82\/revisions\/40552"}],"wp:attachment":[{"href":"https:\/\/blogsaverroes.juntadeandalucia.es\/eielreal\/wp-json\/wp\/v2\/media?parent=82"}],"curies":[{"name":"wp","href":"https:\/\/api.w.org\/{rel}","templated":true}]}}