{"id":870,"date":"2015-03-16T07:24:27","date_gmt":"2015-03-16T07:24:27","guid":{"rendered":"http:\/\/blogsaverroes.juntadeandalucia.es\/pre\/ceip\/?page_id=103"},"modified":"2024-01-28T00:09:09","modified_gmt":"2024-01-28T00:09:09","slug":"aula-matinal","status":"publish","type":"page","link":"https:\/\/blogsaverroes.juntadeandalucia.es\/eielreal\/aula-matinal\/","title":{"rendered":"Aula Matinal"},"content":{"rendered":"<p style=\"text-align: justify\">El aula matinal es un servicio que el centro ofrece a todo su alumnado con objeto de ayudar a las familias cuyo horario laboral coincide con el de su hijo\/a.<\/p>\n<p style=\"text-align: justify\">El Centro est\u00e1 abierto desde las 7:30&nbsp; y cierra a las 8:45h de la ma\u00f1ana.<\/p>\n<p style=\"text-align: justify\">Los ni\u00f1os y ni\u00f1as son atendidos por dos monitores, titulados en magisterio y a\u00f1os de experiencia, que se ocupan de ellos desde que los reciben hasta las 9 de la ma\u00f1ana que los llevan personalmente hasta sus aulas.<\/p>\n<p style=\"text-align: justify\">Aunque las solicitudes de alta y baja se llevan a cabo desde la Direcci\u00f3n del Centro, el Aula matinal es gestionada por una empresa externa convenida con la Junta de Andaluc\u00eda. Puede&nbsp;utilizarse tanto d\u00edas sueltos como semanas completas.<\/p>\n<p style=\"text-align: justify\"><img loading=\"lazy\" decoding=\"async\" class=\" size-full wp-image-2443 aligncenter\" src=\"http:\/\/blogsaverroes.juntadeandalucia.es\/eielreal\/files\/2015\/03\/aula-matinal.png\" alt=\"aula-matinal\" width=\"500\" height=\"333\" srcset=\"https:\/\/blogsaverroes.juntadeandalucia.es\/eielreal\/files\/2015\/03\/aula-matinal.png 500w, https:\/\/blogsaverroes.juntadeandalucia.es\/eielreal\/files\/2015\/03\/aula-matinal-300x200.png 300w\" sizes=\"(max-width: 500px) 100vw, 500px\" \/><\/p>\n<p><strong>SOLICITUDES : <\/strong>Se presentan en secretar\u00eda de nuestro Centro del 1 al 8 de junio junto con el resto de documentaci\u00f3n de matr\u00edcula.<\/p>\n<p>Tambi\u00e9n podr\u00e1 solicitarla &nbsp;a lo largo del curso, y estar\u00e1 sujeto a disponibilidad de plazas.<\/p>\n<p>Puede solicitar la baja del servicio &nbsp;en Direcci\u00f3n firmando una solicitud que &nbsp;le &nbsp;ser\u00e1 facilitada.<\/p>\n<p><strong>BONIFICACIONES: S<\/strong>e solicitan del 1 al 5 de septiembre cada a\u00f1o, &nbsp;o en los tres d\u00edas inmediatos una vez &nbsp;el alumno\/a haya sido aceptado en los servicios de comedor.<\/p>\n<p>Los litados de admitidos\/ excluidos &nbsp;ser\u00e1n publicados en el tabl\u00f3n informativo del Centro escolar dentro del plazo legal.<\/p>\n<p style=\"text-align: justify\"><span style=\"color: #087021\"><strong>El objetivo principal es que los ni\u00f1os y ni\u00f1as disfruten y sean felices. Para ello se les ofertan variadas actividades para que ellos mismos elijan: puzles, juegos educativos, dibujos, coloreo, plastilina, cuentos, recortado, juegos de mesa, pel\u00edculas infantiles, decoraci\u00f3n de la clase, colchonetas \u2026 todo ello sin olvidar<\/strong> <strong>la adquisici\u00f3n de valores <\/strong><\/span>como: compartir juguetes, recoger al terminar de jugar, respetar a los dem\u00e1s, ordenar la clase, desayuno sano, aseo, responsabilidad de su mochila y ropa de abrigo, etc.<\/p>\n<p style=\"text-align: justify\">El aula matinal dispone de frigor\u00edfico y microondas para guardar y calentar el desayuno que los padres hayan llevado para sus hijos\/as.<\/p>\n<p style=\"text-align: justify\"><img loading=\"lazy\" decoding=\"async\" class=\" wp-image-2539 size-full aligncenter\" src=\"http:\/\/blogsaverroes.juntadeandalucia.es\/eielreal\/files\/2015\/03\/matinal1.png\" alt=\"matinal\" width=\"500\" height=\"333\" srcset=\"https:\/\/blogsaverroes.juntadeandalucia.es\/eielreal\/files\/2015\/03\/matinal1.png 500w, https:\/\/blogsaverroes.juntadeandalucia.es\/eielreal\/files\/2015\/03\/matinal1-300x200.png 300w\" sizes=\"(max-width: 500px) 100vw, 500px\" \/><\/p>\n","protected":false},"excerpt":{"rendered":"<p>El aula matinal es un servicio que el centro ofrece a todo su alumnado con objeto de ayudar a las familias cuyo horario laboral coincide con el de su hijo\/a. El Centro est\u00e1 abierto&#46;&#46;&#46;<\/p>\n","protected":false},"author":1,"featured_media":0,"parent":0,"menu_order":0,"comment_status":"closed","ping_status":"open","template":"template-content-sidebar.php","meta":{"ngg_post_thumbnail":0,"footnotes":"","_mc_calendar":[]},"aioseo_notices":[],"_links":{"self":[{"href":"https:\/\/blogsaverroes.juntadeandalucia.es\/eielreal\/wp-json\/wp\/v2\/pages\/870"}],"collection":[{"href":"https:\/\/blogsaverroes.juntadeandalucia.es\/eielreal\/wp-json\/wp\/v2\/pages"}],"about":[{"href":"https:\/\/blogsaverroes.juntadeandalucia.es\/eielreal\/wp-json\/wp\/v2\/types\/page"}],"author":[{"embeddable":true,"href":"https:\/\/blogsaverroes.juntadeandalucia.es\/eielreal\/wp-json\/wp\/v2\/users\/1"}],"replies":[{"embeddable":true,"href":"https:\/\/blogsaverroes.juntadeandalucia.es\/eielreal\/wp-json\/wp\/v2\/comments?post=870"}],"version-history":[{"count":18,"href":"https:\/\/blogsaverroes.juntadeandalucia.es\/eielreal\/wp-json\/wp\/v2\/pages\/870\/revisions"}],"predecessor-version":[{"id":38507,"href":"https:\/\/blogsaverroes.juntadeandalucia.es\/eielreal\/wp-json\/wp\/v2\/pages\/870\/revisions\/38507"}],"wp:attachment":[{"href":"https:\/\/blogsaverroes.juntadeandalucia.es\/eielreal\/wp-json\/wp\/v2\/media?parent=870"}],"curies":[{"name":"wp","href":"https:\/\/api.w.org\/{rel}","templated":true}]}}

<p style="text-align: justify">El aula matinal es un servicio que el centro ofrece a todo su alumnado con objeto de ayudar a las familias cuyo horario laboral coincide con el de su hijo/a.</p>
<p style="text-align: justify">El Centro está abierto desde las 7:30&nbsp; y cierra a las 8:45h de la mañana.</p>
<p style="text-align: justify">Los niños y niñas son atendidos por dos monitores, titulados en magisterio y años de experiencia, que se ocupan de ellos desde que los reciben hasta las 9 de la mañana que los llevan personalmente hasta sus aulas.</p>
<p style="text-align: justify">Aunque las solicitudes de alta y baja se llevan a cabo desde la Dirección del Centro, el Aula matinal es gestionada por una empresa externa convenida con la Junta de Andalucía. Puede&nbsp;utilizarse tanto días sueltos como semanas completas.</p>
<p style="text-align: justify"><img loading="lazy" decoding="async" class=" size-full wp-image-2443 aligncenter" src="http://blogsaverroes.juntadeandalucia.es/eielreal/files/2015/03/aula-matinal.png" alt="aula-matinal" width="500" height="333" srcset="https://blogsaverroes.juntadeandalucia.es/eielreal/files/2015/03/aula-matinal.png 500w, https://blogsaverroes.juntadeandalucia.es/eielreal/files/2015/03/aula-matinal-300x200.png 300w" sizes="(max-width: 500px) 100vw, 500px" /></p>
<p><strong>SOLICITUDES : </strong>Se presentan en secretaría de nuestro Centro del 1 al 8 de junio junto con el resto de documentación de matrícula.</p>
<p>También podrá solicitarla &nbsp;a lo largo del curso, y estará sujeto a disponibilidad de plazas.</p>
<p>Puede solicitar la baja del servicio &nbsp;en Dirección firmando una solicitud que &nbsp;le &nbsp;será facilitada.</p>
<p><strong>BONIFICACIONES: S</strong>e solicitan del 1 al 5 de septiembre cada año, &nbsp;o en los tres días inmediatos una vez &nbsp;el alumno/a haya sido aceptado en los servicios de comedor.</p>
<p>Los litados de admitidos/ excluidos &nbsp;serán publicados en el tablón informativo del Centro escolar dentro del plazo legal.</p>
<p style="text-align: justify"><span style="color: #087021"><strong>El objetivo principal es que los niños y niñas disfruten y sean felices. Para ello se les ofertan variadas actividades para que ellos mismos elijan: puzles, juegos educativos, dibujos, coloreo, plastilina, cuentos, recortado, juegos de mesa, películas infantiles, decoración de la clase, colchonetas … todo ello sin olvidar</strong> <strong>la adquisición de valores </strong></span>como: compartir juguetes, recoger al terminar de jugar, respetar a los demás, ordenar la clase, desayuno sano, aseo, responsabilidad de su mochila y ropa de abrigo, etc.</p>
<p style="text-align: justify">El aula matinal dispone de frigorífico y microondas para guardar y calentar el desayuno que los padres hayan llevado para sus hijos/as.</p>
<p style="text-align: justify"><img loading="lazy" decoding="async" class=" wp-image-2539 size-full aligncenter" src="http://blogsaverroes.juntadeandalucia.es/eielreal/files/2015/03/matinal1.png" alt="matinal" width="500" height="333" srcset="https://blogsaverroes.juntadeandalucia.es/eielreal/files/2015/03/matinal1.png 500w, https://blogsaverroes.juntadeandalucia.es/eielreal/files/2015/03/matinal1-300x200.png 300w" sizes="(max-width: 500px) 100vw, 500px" /></p>

<p>El aula matinal es un servicio que el centro ofrece a todo su alumnado con objeto de ayudar a las familias cuyo horario laboral coincide con el de su hijo/a. El Centro está abierto&#46;&#46;&#46;</p>
