{"id":141,"date":"2015-03-17T07:13:24","date_gmt":"2015-03-17T07:13:24","guid":{"rendered":"http:\/\/blogsaverroes.juntadeandalucia.es\/pre\/ceip\/?page_id=141"},"modified":"2026-03-03T12:07:42","modified_gmt":"2026-03-03T12:07:42","slug":"escolarizacion","status":"publish","type":"page","link":"https:\/\/blogsaverroes.juntadeandalucia.es\/eigibraljaire\/escolarizacion\/","title":{"rendered":"Escolarizaci\u00f3n"},"content":{"rendered":"<h1 style=\"text-align: center\"><strong><span style=\"text-decoration: underline\"><span style=\"color: #ff00ff;text-decoration: underline\">CURSO 2026\/2027<\/span><\/span><\/strong><\/h1>\n<p><img decoding=\"async\" class=\"aligncenter\" src=\"https:\/\/blogsaverroes.juntadeandalucia.es\/ceipexmariorta\/files\/2023\/02\/escolarizacion2.png\" alt=\"Procedimiento de Admisi\u00f3n y Escolarizaci\u00f3n 2023 -2024 | CEIP Ex Mari Orta (Garrucha)\"><\/p>\n<h1 style=\"text-align: left\">&nbsp;<\/h1>\n<p>&nbsp;<\/p>\n<h2><span style=\"color: #993366\">Os mostramos nuestro centro a trav\u00e9s de una visita virtual pulsando el enlace:&nbsp;<\/span><\/h2>\n<p style=\"text-align: center\"><a href=\"https:\/\/drive.google.com\/file\/d\/1P17MP_74hJ9fyF9Xu2qt-0bied615TyB\/view?usp=sharing\">https:\/\/drive.google.com\/file\/d\/1P17MP_74hJ9fyF9Xu2qt-0bied615TyB\/view?usp=sharing<\/a><\/p>\n<p>&nbsp;<\/p>\n<h2 style=\"text-align: center\"><span style=\"text-decoration: underline\"><span style=\"color: #ff00ff\"><strong>CALENDARIO DE ESCOLARIZACI\u00d3N<\/strong><\/span><\/span><\/h2>\n<p>&nbsp;<\/p>\n<ul>\n<li><strong><u>Plazo de entrega y recepci\u00f3n de solicitudes:<\/u><\/strong><\/li>\n<li>Del 1 al 31 de Marzo.<\/li>\n<li><strong>Horario: de 12.15 \u2013 13.15 horas.<\/strong><\/li>\n<\/ul>\n<p><strong>&nbsp;<\/strong><\/p>\n<ul>\n<li><strong><u>Publicaci\u00f3n de la relaci\u00f3n de Solicitantes baremada:<\/u><\/strong><\/li>\n<li>20 de Abril (en la puerta del Centro)<\/li>\n<\/ul>\n<p>&nbsp;<\/p>\n<ul>\n<li><strong><u>Plazo para el tr\u00e1mite de audiencias y alegaciones al Centro:<\/u><\/strong> (Art. 23.1 de la Orden20 de Febrero de 2020)<\/li>\n<li>A partir del 21 de Abril.<\/li>\n<li>Horario: 12.15 \u2013 12.45.<\/li>\n<\/ul>\n<p>&nbsp;<\/p>\n<ul>\n<li><strong><u>Sorteo para dirimir las situaciones de empate:<\/u><\/strong><\/li>\n<\/ul>\n<p>&nbsp; &nbsp; &nbsp; &nbsp; &nbsp;(Art. 30 del Decreto 21\/2020, de 17 de febrero)<\/p>\n<ul>\n<li>13 de Mayo.<\/li>\n<\/ul>\n<p>&nbsp;<\/p>\n<ul>\n<li><strong><u>Publicaci\u00f3n de la RESOLUCI\u00d3N DE ADMISI\u00d3N en centros elegidos como PRIORITARIOS:<\/u><\/strong><\/li>\n<li>14 de Mayo.<\/li>\n<\/ul>\n<p>&nbsp;<\/p>\n<ul>\n<li><strong><u>Publicaci\u00f3n de Adjudicaci\u00f3n de plaza al alumnado no admitido:<\/u><\/strong><\/li>\n<li>25 de Mayo.<\/li>\n<\/ul>\n<p>&nbsp;<\/p>\n<ul>\n<li><strong><u>Recursos\/Reclamaciones a la Ilma. Sra. Delegada:<\/u><\/strong><\/li>\n<\/ul>\n<p>&nbsp; &nbsp; &nbsp; &nbsp; &nbsp;(Art. 48 del Decreto 21\/2020, de 17 de Febrero)<\/p>\n<ul>\n<li>Del 26 de Mayo al 26 de Junio.<\/li>\n<\/ul>\n<p>&nbsp;<\/p>\n<ul>\n<li><strong><u>Plazo de Matriculaci\u00f3n definitiva en el Centro:<\/u><\/strong><\/li>\n<li><strong>Documentaci\u00f3n para matricular a su hijo\/a<\/strong>: pueden retirarla del centro los d\u00edas 27, 28 y 29 de Mayo, a las 10.15 h, y el n\u00famero para ordenarla.<\/li>\n<li><strong>Matriculaci\u00f3n: del 1 al 8 de Junio.<\/strong><\/li>\n<li><strong>Horario<\/strong> para la entrega y recepci\u00f3n del Anexo de Matr\u00edcula con la nueva documentaci\u00f3n: <strong>12:15 \u2013 13.15<\/strong>.<\/li>\n<\/ul>\n<p style=\"text-align: center\">M\u00e1laga, a 24 de Febrero de 2026.<\/p>\n<p style=\"text-align: center\">La Direcci\u00f3n.<\/p>\n<p><strong>&nbsp;<\/strong><\/p>\n<p>&nbsp;<\/p>\n<p>&nbsp;<\/p>\n<p>&nbsp;<\/p>\n","protected":false},"excerpt":{"rendered":"<p>CURSO 2026\/2027 &nbsp; &nbsp; Os mostramos nuestro centro a trav\u00e9s de una visita virtual pulsando el enlace:&nbsp; https:\/\/drive.google.com\/file\/d\/1P17MP_74hJ9fyF9Xu2qt-0bied615TyB\/view?usp=sharing &nbsp; CALENDARIO DE ESCOLARIZACI\u00d3N &nbsp; Plazo de entrega y recepci\u00f3n de solicitudes: Del 1 al 31&#46;&#46;&#46;<\/p>\n","protected":false},"author":1,"featured_media":0,"parent":0,"menu_order":0,"comment_status":"closed","ping_status":"open","template":"","meta":{"ngg_post_thumbnail":0,"footnotes":"","_mc_calendar":[]},"aioseo_notices":[],"_links":{"self":[{"href":"https:\/\/blogsaverroes.juntadeandalucia.es\/eigibraljaire\/wp-json\/wp\/v2\/pages\/141"}],"collection":[{"href":"https:\/\/blogsaverroes.juntadeandalucia.es\/eigibraljaire\/wp-json\/wp\/v2\/pages"}],"about":[{"href":"https:\/\/blogsaverroes.juntadeandalucia.es\/eigibraljaire\/wp-json\/wp\/v2\/types\/page"}],"author":[{"embeddable":true,"href":"https:\/\/blogsaverroes.juntadeandalucia.es\/eigibraljaire\/wp-json\/wp\/v2\/users\/1"}],"replies":[{"embeddable":true,"href":"https:\/\/blogsaverroes.juntadeandalucia.es\/eigibraljaire\/wp-json\/wp\/v2\/comments?post=141"}],"version-history":[{"count":19,"href":"https:\/\/blogsaverroes.juntadeandalucia.es\/eigibraljaire\/wp-json\/wp\/v2\/pages\/141\/revisions"}],"predecessor-version":[{"id":3754,"href":"https:\/\/blogsaverroes.juntadeandalucia.es\/eigibraljaire\/wp-json\/wp\/v2\/pages\/141\/revisions\/3754"}],"wp:attachment":[{"href":"https:\/\/blogsaverroes.juntadeandalucia.es\/eigibraljaire\/wp-json\/wp\/v2\/media?parent=141"}],"curies":[{"name":"wp","href":"https:\/\/api.w.org\/{rel}","templated":true}]}}