{"id":2459,"date":"2020-10-15T09:57:16","date_gmt":"2020-10-15T09:57:16","guid":{"rendered":"https:\/\/blogsaverroes.juntadeandalucia.es\/eigibraljaire\/?page_id=2459"},"modified":"2024-02-08T12:53:52","modified_gmt":"2024-02-08T12:53:52","slug":"profesorado","status":"publish","type":"page","link":"https:\/\/blogsaverroes.juntadeandalucia.es\/eigibraljaire\/profesorado\/","title":{"rendered":"Profesorado"},"content":{"rendered":"<p><a href=\"https:\/\/blogsaverroes.juntadeandalucia.es\/eigibraljaire\/files\/2020\/10\/08-Sobre-la-imagen-social-del-profesorado-Jes\u00fas-Rubio.png\"><img loading=\"lazy\" decoding=\"async\" class=\"alignnone wp-image-2511\" src=\"https:\/\/blogsaverroes.juntadeandalucia.es\/eigibraljaire\/files\/2020\/10\/08-Sobre-la-imagen-social-del-profesorado-Jes\u00fas-Rubio.png\" alt=\"\" width=\"716\" height=\"322\" srcset=\"https:\/\/blogsaverroes.juntadeandalucia.es\/eigibraljaire\/files\/2020\/10\/08-Sobre-la-imagen-social-del-profesorado-Jes\u00fas-Rubio.png 1600w, https:\/\/blogsaverroes.juntadeandalucia.es\/eigibraljaire\/files\/2020\/10\/08-Sobre-la-imagen-social-del-profesorado-Jes\u00fas-Rubio-300x135.png 300w, https:\/\/blogsaverroes.juntadeandalucia.es\/eigibraljaire\/files\/2020\/10\/08-Sobre-la-imagen-social-del-profesorado-Jes\u00fas-Rubio-1024x461.png 1024w, https:\/\/blogsaverroes.juntadeandalucia.es\/eigibraljaire\/files\/2020\/10\/08-Sobre-la-imagen-social-del-profesorado-Jes\u00fas-Rubio-768x346.png 768w, https:\/\/blogsaverroes.juntadeandalucia.es\/eigibraljaire\/files\/2020\/10\/08-Sobre-la-imagen-social-del-profesorado-Jes\u00fas-Rubio-1536x691.png 1536w, https:\/\/blogsaverroes.juntadeandalucia.es\/eigibraljaire\/files\/2020\/10\/08-Sobre-la-imagen-social-del-profesorado-Jes\u00fas-Rubio-24x11.png 24w, https:\/\/blogsaverroes.juntadeandalucia.es\/eigibraljaire\/files\/2020\/10\/08-Sobre-la-imagen-social-del-profesorado-Jes\u00fas-Rubio-36x16.png 36w, https:\/\/blogsaverroes.juntadeandalucia.es\/eigibraljaire\/files\/2020\/10\/08-Sobre-la-imagen-social-del-profesorado-Jes\u00fas-Rubio-48x22.png 48w\" sizes=\"(max-width: 716px) 100vw, 716px\" \/><\/a><\/p>\n<h3><strong>En esta tabla tenemos los datos de cada aula, nombre del profesor y su correspondiente email:<\/strong><\/h3>\n<table style=\"border-collapse: collapse;width: 100%;height: 213px\">\n<tbody>\n<tr style=\"height: 24px\">\n<td style=\"width: 33.3333%;height: 24px;text-align: center\"><span style=\"color: #ff00ff\"><strong>AULA<\/strong><\/span><\/td>\n<td style=\"width: 33.3333%;height: 24px;text-align: center\"><span style=\"color: #ff00ff\"><strong>NOMBRE<\/strong><\/span><\/td>\n<td style=\"width: 33.3333%;height: 24px;text-align: center\"><span style=\"color: #ff00ff\"><strong>EMAIL<\/strong><\/span><\/td>\n<\/tr>\n<tr style=\"height: 24px\">\n<td style=\"width: 33.3333%;height: 24px;text-align: center\"><strong>3 A\u00d1OS A<\/strong><\/td>\n<td style=\"width: 33.3333%;height: 24px;text-align: center\">Flora<\/td>\n<td style=\"width: 33.3333%;height: 24px;text-align: center\">florigarca@hotmail.com<\/td>\n<\/tr>\n<tr style=\"height: 24px\">\n<td style=\"width: 33.3333%;height: 24px;text-align: center\"><strong>3 A\u00d1OS B<\/strong><\/td>\n<td style=\"width: 33.3333%;height: 24px;text-align: center\">Iria<\/td>\n<td style=\"width: 33.3333%;height: 24px;text-align: center\">&nbsp;<\/td>\n<\/tr>\n<tr style=\"height: 24px\">\n<td style=\"width: 33.3333%;height: 24px;text-align: center\"><strong>4 A\u00d1OS A<\/strong><\/td>\n<td style=\"width: 33.3333%;height: 24px;text-align: center\">Mar\u00eda<\/td>\n<td style=\"width: 33.3333%;height: 24px;text-align: center\">clasedemariagibraljaire@gmail.com<\/td>\n<\/tr>\n<tr style=\"height: 24px\">\n<td style=\"width: 33.3333%;height: 35px;text-align: center\"><strong>4 A\u00d1OS B<\/strong><\/td>\n<td style=\"width: 33.3333%;height: 35px;text-align: center\">Luisa<\/td>\n<td style=\"width: 33.3333%;height: 35px;text-align: center\">&nbsp;<\/td>\n<\/tr>\n<tr style=\"height: 24px\">\n<td style=\"width: 33.3333%;height: 24px;text-align: center\"><strong>5 A\u00d1OS A<\/strong><\/td>\n<td style=\"width: 33.3333%;height: 24px;text-align: center\">Javier<\/td>\n<td style=\"width: 33.3333%;height: 24px;text-align: center\">aula3agibraljaire@gmail.com<\/td>\n<\/tr>\n<tr style=\"height: 24px\">\n<td style=\"width: 33.3333%;height: 24px;text-align: center\"><strong>5 A\u00d1OS B<\/strong><\/td>\n<td style=\"width: 33.3333%;height: 24px;text-align: center\">Inmaculada Concepci\u00f3n<\/td>\n<td style=\"width: 33.3333%;height: 24px;text-align: center\">&nbsp;<\/td>\n<\/tr>\n<tr style=\"height: 24px\">\n<td style=\"width: 33.3333%;height: 24px;text-align: center\"><strong>5 A\u00d1OS C<\/strong><\/td>\n<td style=\"width: 33.3333%;height: 24px;text-align: center\">Marta<\/td>\n<td style=\"width: 33.3333%;height: 24px;text-align: center\">&nbsp;<\/td>\n<\/tr>\n<\/tbody>\n<\/table>\n<h3 style=\"text-align: center\">Maestros especialistas<\/h3>\n<p style=\"text-align: center\">A.L.: Ana Arrabal (Martes, Mi\u00e9rcoles y Viernes)<\/p>\n<p style=\"text-align: center\">P.T.: Francis (Mi\u00e9rcoles)<\/p>\n<p style=\"text-align: center\">P.T.; Ra\u00fal (Jueves)<\/p>\n<h3 style=\"text-align: center\"><strong>Profesores de apoyo<\/strong><\/h3>\n<p style=\"text-align: center\">Aurori<\/p>\n<p style=\"text-align: center\">Juani<\/p>\n<p style=\"text-align: center\">Esther<\/p>\n","protected":false},"excerpt":{"rendered":"<p>En esta tabla tenemos los datos de cada aula, nombre del profesor y su correspondiente email: AULA NOMBRE EMAIL 3 A\u00d1OS A Flora florigarca@hotmail.com 3 A\u00d1OS B Iria &nbsp; 4 A\u00d1OS A Mar\u00eda clasedemariagibraljaire@gmail.com&#46;&#46;&#46;<\/p>\n","protected":false},"author":10666,"featured_media":0,"parent":0,"menu_order":0,"comment_status":"closed","ping_status":"closed","template":"","meta":{"ngg_post_thumbnail":0,"footnotes":"","_mc_calendar":[]},"aioseo_notices":[],"_links":{"self":[{"href":"https:\/\/blogsaverroes.juntadeandalucia.es\/eigibraljaire\/wp-json\/wp\/v2\/pages\/2459"}],"collection":[{"href":"https:\/\/blogsaverroes.juntadeandalucia.es\/eigibraljaire\/wp-json\/wp\/v2\/pages"}],"about":[{"href":"https:\/\/blogsaverroes.juntadeandalucia.es\/eigibraljaire\/wp-json\/wp\/v2\/types\/page"}],"author":[{"embeddable":true,"href":"https:\/\/blogsaverroes.juntadeandalucia.es\/eigibraljaire\/wp-json\/wp\/v2\/users\/10666"}],"replies":[{"embeddable":true,"href":"https:\/\/blogsaverroes.juntadeandalucia.es\/eigibraljaire\/wp-json\/wp\/v2\/comments?post=2459"}],"version-history":[{"count":27,"href":"https:\/\/blogsaverroes.juntadeandalucia.es\/eigibraljaire\/wp-json\/wp\/v2\/pages\/2459\/revisions"}],"predecessor-version":[{"id":3637,"href":"https:\/\/blogsaverroes.juntadeandalucia.es\/eigibraljaire\/wp-json\/wp\/v2\/pages\/2459\/revisions\/3637"}],"wp:attachment":[{"href":"https:\/\/blogsaverroes.juntadeandalucia.es\/eigibraljaire\/wp-json\/wp\/v2\/media?parent=2459"}],"curies":[{"name":"wp","href":"https:\/\/api.w.org\/{rel}","templated":true}]}}