{"id":2524,"date":"2020-10-22T08:55:24","date_gmt":"2020-10-22T08:55:24","guid":{"rendered":"https:\/\/blogsaverroes.juntadeandalucia.es\/eigibraljaire\/?page_id=2524"},"modified":"2020-10-22T12:01:25","modified_gmt":"2020-10-22T12:01:25","slug":"imprimir-credenciales","status":"publish","type":"page","link":"https:\/\/blogsaverroes.juntadeandalucia.es\/eigibraljaire\/imprimir-credenciales\/","title":{"rendered":"Imprimir Credenciales Pasen"},"content":{"rendered":"<p><a href=\"https:\/\/blogsaverroes.juntadeandalucia.es\/eigibraljaire\/files\/2020\/10\/tras-el-logo-de-la-junta-un-disenador-catalan-y-una-productora-pata-negra-2.jpg\"><img loading=\"lazy\" decoding=\"async\" class=\"alignnone size-full wp-image-2594\" src=\"https:\/\/blogsaverroes.juntadeandalucia.es\/eigibraljaire\/files\/2020\/10\/tras-el-logo-de-la-junta-un-disenador-catalan-y-una-productora-pata-negra-2.jpg\" alt=\"\" width=\"1249\" height=\"731\" srcset=\"https:\/\/blogsaverroes.juntadeandalucia.es\/eigibraljaire\/files\/2020\/10\/tras-el-logo-de-la-junta-un-disenador-catalan-y-una-productora-pata-negra-2.jpg 1249w, https:\/\/blogsaverroes.juntadeandalucia.es\/eigibraljaire\/files\/2020\/10\/tras-el-logo-de-la-junta-un-disenador-catalan-y-una-productora-pata-negra-2-300x176.jpg 300w, https:\/\/blogsaverroes.juntadeandalucia.es\/eigibraljaire\/files\/2020\/10\/tras-el-logo-de-la-junta-un-disenador-catalan-y-una-productora-pata-negra-2-1024x599.jpg 1024w, https:\/\/blogsaverroes.juntadeandalucia.es\/eigibraljaire\/files\/2020\/10\/tras-el-logo-de-la-junta-un-disenador-catalan-y-una-productora-pata-negra-2-768x449.jpg 768w, https:\/\/blogsaverroes.juntadeandalucia.es\/eigibraljaire\/files\/2020\/10\/tras-el-logo-de-la-junta-un-disenador-catalan-y-una-productora-pata-negra-2-24x14.jpg 24w, https:\/\/blogsaverroes.juntadeandalucia.es\/eigibraljaire\/files\/2020\/10\/tras-el-logo-de-la-junta-un-disenador-catalan-y-una-productora-pata-negra-2-36x21.jpg 36w, https:\/\/blogsaverroes.juntadeandalucia.es\/eigibraljaire\/files\/2020\/10\/tras-el-logo-de-la-junta-un-disenador-catalan-y-una-productora-pata-negra-2-48x28.jpg 48w\" sizes=\"(max-width: 1249px) 100vw, 1249px\" \/><\/a><\/p>\n<p>&nbsp;<\/p>\n<h2><strong>Aqu\u00ed te daremos las indicaciones para que puedas imprimir las credenciales: &nbsp;<\/strong><\/h2>\n<p>Acceso al pasen -&gt;<a href=\"https:\/\/portals.ced.junta-andalucia.es\/educacion\/portals\/web\/ced\/pasen\">Click aqu\u00ed<\/a><\/p>\n<p>&nbsp;<\/p>\n<p><a href=\"https:\/\/blogsaverroes.juntadeandalucia.es\/eigibraljaire\/files\/2020\/10\/Sin-t\u00edtulo.png\"><img loading=\"lazy\" decoding=\"async\" class=\"alignnone size-full wp-image-2588\" src=\"https:\/\/blogsaverroes.juntadeandalucia.es\/eigibraljaire\/files\/2020\/10\/Sin-t\u00edtulo.png\" alt=\"\" width=\"960\" height=\"880\" srcset=\"https:\/\/blogsaverroes.juntadeandalucia.es\/eigibraljaire\/files\/2020\/10\/Sin-t\u00edtulo.png 960w, https:\/\/blogsaverroes.juntadeandalucia.es\/eigibraljaire\/files\/2020\/10\/Sin-t\u00edtulo-300x275.png 300w, https:\/\/blogsaverroes.juntadeandalucia.es\/eigibraljaire\/files\/2020\/10\/Sin-t\u00edtulo-768x704.png 768w, https:\/\/blogsaverroes.juntadeandalucia.es\/eigibraljaire\/files\/2020\/10\/Sin-t\u00edtulo-24x22.png 24w, https:\/\/blogsaverroes.juntadeandalucia.es\/eigibraljaire\/files\/2020\/10\/Sin-t\u00edtulo-36x33.png 36w, https:\/\/blogsaverroes.juntadeandalucia.es\/eigibraljaire\/files\/2020\/10\/Sin-t\u00edtulo-48x44.png 48w\" sizes=\"(max-width: 960px) 100vw, 960px\" \/><\/a><\/p>\n<p>&nbsp;<\/p>\n<h2><strong>Tambi\u00e9n dejamos este video que sirve de gu\u00eda:<\/strong><\/h2>\n<p><iframe loading=\"lazy\" title=\"PASEN. \u00bfC\u00f3mo hacer el autologin?\" width=\"500\" height=\"281\" src=\"https:\/\/www.youtube.com\/embed\/3z6eWjQWnuc?feature=oembed&#038;wmode=opaque\" frameborder=\"0\" allow=\"accelerometer; autoplay; clipboard-write; encrypted-media; gyroscope; picture-in-picture; web-share\" referrerpolicy=\"strict-origin-when-cross-origin\" allowfullscreen><\/iframe><\/p>\n<p>&nbsp;<\/p>\n<p>&nbsp;<\/p>\n<p>&nbsp;<\/p>\n<p>&nbsp;<\/p>\n<p>&nbsp;<\/p>\n<p>&nbsp;<\/p>\n<p>&nbsp;<\/p>\n<p>&nbsp;<\/p>\n<p>&nbsp;<\/p>\n","protected":false},"excerpt":{"rendered":"<p>&nbsp; Aqu\u00ed te daremos las indicaciones para que puedas imprimir las credenciales: &nbsp; Acceso al pasen -&gt;Click aqu\u00ed &nbsp; &nbsp; Tambi\u00e9n dejamos este video que sirve de gu\u00eda: &nbsp; &nbsp; &nbsp; &nbsp; &nbsp; &nbsp;&#46;&#46;&#46;<\/p>\n","protected":false},"author":10666,"featured_media":0,"parent":0,"menu_order":0,"comment_status":"closed","ping_status":"closed","template":"","meta":{"ngg_post_thumbnail":0,"footnotes":"","_mc_calendar":[]},"aioseo_notices":[],"_links":{"self":[{"href":"https:\/\/blogsaverroes.juntadeandalucia.es\/eigibraljaire\/wp-json\/wp\/v2\/pages\/2524"}],"collection":[{"href":"https:\/\/blogsaverroes.juntadeandalucia.es\/eigibraljaire\/wp-json\/wp\/v2\/pages"}],"about":[{"href":"https:\/\/blogsaverroes.juntadeandalucia.es\/eigibraljaire\/wp-json\/wp\/v2\/types\/page"}],"author":[{"embeddable":true,"href":"https:\/\/blogsaverroes.juntadeandalucia.es\/eigibraljaire\/wp-json\/wp\/v2\/users\/10666"}],"replies":[{"embeddable":true,"href":"https:\/\/blogsaverroes.juntadeandalucia.es\/eigibraljaire\/wp-json\/wp\/v2\/comments?post=2524"}],"version-history":[{"count":11,"href":"https:\/\/blogsaverroes.juntadeandalucia.es\/eigibraljaire\/wp-json\/wp\/v2\/pages\/2524\/revisions"}],"predecessor-version":[{"id":2595,"href":"https:\/\/blogsaverroes.juntadeandalucia.es\/eigibraljaire\/wp-json\/wp\/v2\/pages\/2524\/revisions\/2595"}],"wp:attachment":[{"href":"https:\/\/blogsaverroes.juntadeandalucia.es\/eigibraljaire\/wp-json\/wp\/v2\/media?parent=2524"}],"curies":[{"name":"wp","href":"https:\/\/api.w.org\/{rel}","templated":true}]}}