{"id":3338,"date":"2021-11-03T11:54:50","date_gmt":"2021-11-03T11:54:50","guid":{"rendered":"https:\/\/blogsaverroes.juntadeandalucia.es\/eigibraljaire\/?page_id=3338"},"modified":"2022-11-02T12:00:52","modified_gmt":"2022-11-02T12:00:52","slug":"2021-2022-2","status":"publish","type":"page","link":"https:\/\/blogsaverroes.juntadeandalucia.es\/eigibraljaire\/2021-2022-2\/","title":{"rendered":"2021-2022"},"content":{"rendered":"<p>Im\u00e1genes de Halloween en las puertas de las clases.<\/p>\n<p>ngg_shortcode_0_placeholderIm\u00e1genes de la Navidad en las puertas de las clases.<\/p>\n<p>ngg_shortcode_1_placeholderIm\u00e1genes de los Murales del Centro.<\/p>\n<p>ngg_shortcode_2_placeholderIm\u00e1genes del programa Alimentaci\u00f3n Saludable: Desayunos Vitales.<\/p>\n<p>ngg_shortcode_3_placeholderV\u00eddeo de Semana Santa<\/p>\n<div style=\"width: 848px;\" class=\"wp-video\"><!--[if lt IE 9]><script>document.createElement('video');<\/script><![endif]-->\n<video class=\"wp-video-shortcode\" id=\"video-3338-1\" width=\"848\" height=\"480\" preload=\"metadata\" controls=\"controls\"><source type=\"video\/mp4\" src=\"https:\/\/blogsaverroes.juntadeandalucia.es\/eigibraljaire\/files\/2022\/04\/VID-20220407-WA0003.mp4?_=1\" \/><a href=\"https:\/\/blogsaverroes.juntadeandalucia.es\/eigibraljaire\/files\/2022\/04\/VID-20220407-WA0003.mp4\">https:\/\/blogsaverroes.juntadeandalucia.es\/eigibraljaire\/files\/2022\/04\/VID-20220407-WA0003.mp4<\/a><\/video><\/div>\n<p>&nbsp;<\/p>\n<p>&nbsp;<\/p>\n<p>&nbsp;&nbsp;<\/p>\n","protected":false},"excerpt":{"rendered":"<p>Im\u00e1genes de Halloween en las puertas de las clases. Im\u00e1genes de la Navidad en las puertas de las clases. Im\u00e1genes de los Murales del Centro. Im\u00e1genes del programa Alimentaci\u00f3n Saludable: Desayunos Vitales. V\u00eddeo de&#46;&#46;&#46;<\/p>\n","protected":false},"author":10666,"featured_media":0,"parent":0,"menu_order":0,"comment_status":"closed","ping_status":"closed","template":"","meta":{"ngg_post_thumbnail":0,"footnotes":"","_mc_calendar":[]},"aioseo_notices":[],"_links":{"self":[{"href":"https:\/\/blogsaverroes.juntadeandalucia.es\/eigibraljaire\/wp-json\/wp\/v2\/pages\/3338"}],"collection":[{"href":"https:\/\/blogsaverroes.juntadeandalucia.es\/eigibraljaire\/wp-json\/wp\/v2\/pages"}],"about":[{"href":"https:\/\/blogsaverroes.juntadeandalucia.es\/eigibraljaire\/wp-json\/wp\/v2\/types\/page"}],"author":[{"embeddable":true,"href":"https:\/\/blogsaverroes.juntadeandalucia.es\/eigibraljaire\/wp-json\/wp\/v2\/users\/10666"}],"replies":[{"embeddable":true,"href":"https:\/\/blogsaverroes.juntadeandalucia.es\/eigibraljaire\/wp-json\/wp\/v2\/comments?post=3338"}],"version-history":[{"count":19,"href":"https:\/\/blogsaverroes.juntadeandalucia.es\/eigibraljaire\/wp-json\/wp\/v2\/pages\/3338\/revisions"}],"predecessor-version":[{"id":3566,"href":"https:\/\/blogsaverroes.juntadeandalucia.es\/eigibraljaire\/wp-json\/wp\/v2\/pages\/3338\/revisions\/3566"}],"wp:attachment":[{"href":"https:\/\/blogsaverroes.juntadeandalucia.es\/eigibraljaire\/wp-json\/wp\/v2\/media?parent=3338"}],"curies":[{"name":"wp","href":"https:\/\/api.w.org\/{rel}","templated":true}]}}