{"id":2849,"date":"2023-09-01T09:00:09","date_gmt":"2023-09-01T08:00:09","guid":{"rendered":"https:\/\/blogsaverroes.juntadeandalucia.es\/eilajulianita\/?page_id=2849"},"modified":"2024-08-20T00:04:03","modified_gmt":"2024-08-19T23:04:03","slug":"erasmus-2","status":"publish","type":"page","link":"https:\/\/blogsaverroes.juntadeandalucia.es\/eilajulianita\/erasmus-2\/","title":{"rendered":"ERASMUS+"},"content":{"rendered":"<p><img loading=\"lazy\" decoding=\"async\" class=\" wp-image-2822 aligncenter\" src=\"https:\/\/blogsaverroes.juntadeandalucia.es\/eilajulianita\/files\/2024\/08\/es_cofinanciado_por_la_union_europea_pos-300x63.png\" alt=\"\" width=\"362\" height=\"76\" srcset=\"https:\/\/blogsaverroes.juntadeandalucia.es\/eilajulianita\/files\/2024\/08\/es_cofinanciado_por_la_union_europea_pos-300x63.png 300w, https:\/\/blogsaverroes.juntadeandalucia.es\/eilajulianita\/files\/2024\/08\/es_cofinanciado_por_la_union_europea_pos-1024x215.png 1024w, https:\/\/blogsaverroes.juntadeandalucia.es\/eilajulianita\/files\/2024\/08\/es_cofinanciado_por_la_union_europea_pos-768x161.png 768w, https:\/\/blogsaverroes.juntadeandalucia.es\/eilajulianita\/files\/2024\/08\/es_cofinanciado_por_la_union_europea_pos-1536x322.png 1536w, https:\/\/blogsaverroes.juntadeandalucia.es\/eilajulianita\/files\/2024\/08\/es_cofinanciado_por_la_union_europea_pos-2048x429.png 2048w, https:\/\/blogsaverroes.juntadeandalucia.es\/eilajulianita\/files\/2024\/08\/es_cofinanciado_por_la_union_europea_pos-700x147.png 700w\" sizes=\"(max-width: 362px) 100vw, 362px\" \/><img loading=\"lazy\" decoding=\"async\" class=\"wp-image-2823 alignleft\" src=\"https:\/\/blogsaverroes.juntadeandalucia.es\/eilajulianita\/files\/2024\/08\/LOGO-EI-LA-JULIANITA-ERASMUS-300x200.png\" alt=\"\" width=\"314\" height=\"209\" srcset=\"https:\/\/blogsaverroes.juntadeandalucia.es\/eilajulianita\/files\/2024\/08\/LOGO-EI-LA-JULIANITA-ERASMUS-300x200.png 300w, https:\/\/blogsaverroes.juntadeandalucia.es\/eilajulianita\/files\/2024\/08\/LOGO-EI-LA-JULIANITA-ERASMUS-1024x683.png 1024w, https:\/\/blogsaverroes.juntadeandalucia.es\/eilajulianita\/files\/2024\/08\/LOGO-EI-LA-JULIANITA-ERASMUS-768x512.png 768w, https:\/\/blogsaverroes.juntadeandalucia.es\/eilajulianita\/files\/2024\/08\/LOGO-EI-LA-JULIANITA-ERASMUS-1536x1024.png 1536w, https:\/\/blogsaverroes.juntadeandalucia.es\/eilajulianita\/files\/2024\/08\/LOGO-EI-LA-JULIANITA-ERASMUS-700x467.png 700w, https:\/\/blogsaverroes.juntadeandalucia.es\/eilajulianita\/files\/2024\/08\/LOGO-EI-LA-JULIANITA-ERASMUS.png 1800w\" sizes=\"(max-width: 314px) 100vw, 314px\" \/><\/p>\n<div dir=\"auto\" style=\"text-align: left\"><strong>ERASMUS+<\/strong><\/div>\n<div class=\"xdj266r x11i5rnm xat24cr x1mh8g0r x1vvkbs x126k92a\">\n<div dir=\"auto\">\u00bfSabes que nuestro centro cuenta con la acreditaci\u00f3n Erasmus+?<\/div>\n<div dir=\"auto\">\u00bfQuieres saber cu\u00e1les son nuestros <strong>objetivos<\/strong>?<\/div>\n<div dir=\"auto\">\u00bfY nuestras <strong>actividades<\/strong>?<\/div>\n<div dir=\"auto\">S\u00edguenos en nuestras <strong>redes sociales<\/strong>, <strong>comenta<\/strong> nuestras publicaciones, pasa por el centro, <strong>consulta<\/strong> nuestro corner Erasmus+, <strong>pregunta<\/strong> a nuestros\/as docentes.<\/div>\n<div dir=\"auto\"><strong>Participa y colabora<\/strong> en nuestras actividades.<\/div>\n<div dir=\"auto\"><img loading=\"lazy\" decoding=\"async\" class=\"alignnone size-medium wp-image-2824 aligncenter\" src=\"https:\/\/blogsaverroes.juntadeandalucia.es\/eilajulianita\/files\/2024\/08\/erasmus-ENRIQUECIENDO-VIDAS-ABRIENDO-MENTES-300x79.png\" alt=\"\" width=\"300\" height=\"79\" srcset=\"https:\/\/blogsaverroes.juntadeandalucia.es\/eilajulianita\/files\/2024\/08\/erasmus-ENRIQUECIENDO-VIDAS-ABRIENDO-MENTES-300x79.png 300w, https:\/\/blogsaverroes.juntadeandalucia.es\/eilajulianita\/files\/2024\/08\/erasmus-ENRIQUECIENDO-VIDAS-ABRIENDO-MENTES-768x203.png 768w, https:\/\/blogsaverroes.juntadeandalucia.es\/eilajulianita\/files\/2024\/08\/erasmus-ENRIQUECIENDO-VIDAS-ABRIENDO-MENTES-700x185.png 700w, https:\/\/blogsaverroes.juntadeandalucia.es\/eilajulianita\/files\/2024\/08\/erasmus-ENRIQUECIENDO-VIDAS-ABRIENDO-MENTES.png 1000w\" sizes=\"(max-width: 300px) 100vw, 300px\" \/><\/div>\n<\/div>\n<div class=\"x11i5rnm xat24cr x1mh8g0r x1vvkbs xtlvy1s x126k92a\">\n<div dir=\"auto\">Nos pod\u00e9is seguir tambi\u00e9n en nuestro <a href=\"https:\/\/www.facebook.com\/profile.php?id=100055657225577\">facebook<\/a>:&nbsp;<\/div>\n<div dir=\"auto\">&nbsp;<\/div>\n<\/div>\n<div class=\"x11i5rnm xat24cr x1mh8g0r x1vvkbs xtlvy1s x126k92a\">\n<div dir=\"auto\">El proyecto \u201c<strong>2022-1-ES01-KA120-SCH-000109546<\/strong>\u201d est\u00e1 cofinanciado por la Uni\u00f3n Europea. Las opiniones y puntos de vista expresados (en esta nota de prensa\/comunicado\/publicaci\u00f3n\/etc.) s\u00f3lo comprometen a su(s) autor(es): <strong>E.I &#8220;La Julianita&#8221;<\/strong> y no reflejan necesariamente los de la Uni\u00f3n Europea ni los del Servicio Espa\u00f1ol para la Internacionalizaci\u00f3n de la Educaci\u00f3n (SEPIE). Ni la Uni\u00f3n Europea ni la Agencia Nacional SEPIE pueden ser considerados responsables de ellos.<\/div>\n<div dir=\"auto\">&nbsp;<\/div>\n<\/div>\n<div class=\"x11i5rnm xat24cr x1mh8g0r x1vvkbs xtlvy1s x126k92a\">\n<div dir=\"auto\">Si quer\u00e9is saber mucho m\u00e1s acerca de este apasionante programa, pod\u00e9is consultar toda la informaci\u00f3n en la web de SEPIE: <span class=\"html-span xdj266r x11i5rnm xat24cr x1mh8g0r xexx8yu x4uap5 x18d9i69 xkhd6sd x1hl2dhg x16tdsg8 x1vvkbs\"><a class=\"x1i10hfl xjbqb8w x1ejq31n xd10rxx x1sy0etr x17r0tee x972fbf xcfux6l x1qhh985 xm0m39n x9f619 x1ypdohk xt0psk2 xe8uvvx xdj266r x11i5rnm xat24cr x1mh8g0r xexx8yu x4uap5 x18d9i69 xkhd6sd x16tdsg8 x1hl2dhg xggy1nq x1a2a7pz x1sur9pj xkrqix3 x1fey0fg\" role=\"link\" href=\"https:\/\/l.facebook.com\/l.php?u=http%3A%2F%2Fwww.sepie.es%2F%3Ffbclid%3DIwZXh0bgNhZW0CMTAAAR1yR6lhuZZDprp1yoOXFS1_hfUiXafNtgyyKrld4DldO-5y0KM_mbPPpXk_aem_rQqK7ESq_EYDbabthBO1TQ&amp;h=AT05NDq5f8MKBY_ftdx5uhTW4tfhcd0TMoClopcc-l3XPErbuanReRS7oYq70KD26A5zbCsR7KuZ0EmLJXcoaswSS9hQIjLXEOveazoOFN--iulTOqDQ0Qj8aHRqv2uRnrDA&amp;__tn__=-UK-R&amp;c[0]=AT05zZzDajhnaUeUgvtTN-ardd8GYUNB2JdpycS96ee_DXo2h4wfampwvywszJWb7ftUEZWkJOvvba0L6gqGiQ-mdlD4mNwqfc_rNPR90Hrnp5hGLaWn_StTAnwrGpgKEqsc4PDM4W2FUocVdhR4qzg0Fyaa4djTAgoNyFQ-xg2ArPTJoYCKt4B_h7TWggrPKPu94YQcwiE\" target=\"_blank\" rel=\"nofollow noopener noreferrer\">www.sepie.es<\/a><\/span><\/div>\n<\/div>\n<p><img loading=\"lazy\" decoding=\"async\" class=\"alignnone size-medium wp-image-2825 aligncenter\" src=\"https:\/\/blogsaverroes.juntadeandalucia.es\/eilajulianita\/files\/2024\/08\/SEPIE_erasmus_plus-GIF-300x111.gif\" alt=\"\" width=\"300\" height=\"111\"><\/p>\n<p>&nbsp;<\/p>\n","protected":false},"excerpt":{"rendered":"<p>ERASMUS+ \u00bfSabes que nuestro centro cuenta con la acreditaci\u00f3n Erasmus+? \u00bfQuieres saber cu\u00e1les son nuestros objetivos? \u00bfY nuestras actividades? S\u00edguenos en nuestras redes sociales, comenta nuestras publicaciones, pasa por el centro, consulta nuestro corner&#46;&#46;&#46;<\/p>\n","protected":false},"author":8503,"featured_media":0,"parent":0,"menu_order":0,"comment_status":"closed","ping_status":"closed","template":"","meta":{"ngg_post_thumbnail":0,"footnotes":""},"aioseo_notices":[],"_links":{"self":[{"href":"https:\/\/blogsaverroes.juntadeandalucia.es\/eilajulianita\/wp-json\/wp\/v2\/pages\/2849"}],"collection":[{"href":"https:\/\/blogsaverroes.juntadeandalucia.es\/eilajulianita\/wp-json\/wp\/v2\/pages"}],"about":[{"href":"https:\/\/blogsaverroes.juntadeandalucia.es\/eilajulianita\/wp-json\/wp\/v2\/types\/page"}],"author":[{"embeddable":true,"href":"https:\/\/blogsaverroes.juntadeandalucia.es\/eilajulianita\/wp-json\/wp\/v2\/users\/8503"}],"replies":[{"embeddable":true,"href":"https:\/\/blogsaverroes.juntadeandalucia.es\/eilajulianita\/wp-json\/wp\/v2\/comments?post=2849"}],"version-history":[{"count":2,"href":"https:\/\/blogsaverroes.juntadeandalucia.es\/eilajulianita\/wp-json\/wp\/v2\/pages\/2849\/revisions"}],"predecessor-version":[{"id":2857,"href":"https:\/\/blogsaverroes.juntadeandalucia.es\/eilajulianita\/wp-json\/wp\/v2\/pages\/2849\/revisions\/2857"}],"wp:attachment":[{"href":"https:\/\/blogsaverroes.juntadeandalucia.es\/eilajulianita\/wp-json\/wp\/v2\/media?parent=2849"}],"curies":[{"name":"wp","href":"https:\/\/api.w.org\/{rel}","templated":true}]}}

<p><img loading="lazy" decoding="async" class=" wp-image-2822 aligncenter" src="https://blogsaverroes.juntadeandalucia.es/eilajulianita/files/2024/08/es_cofinanciado_por_la_union_europea_pos-300x63.png" alt="" width="362" height="76" srcset="https://blogsaverroes.juntadeandalucia.es/eilajulianita/files/2024/08/es_cofinanciado_por_la_union_europea_pos-300x63.png 300w, https://blogsaverroes.juntadeandalucia.es/eilajulianita/files/2024/08/es_cofinanciado_por_la_union_europea_pos-1024x215.png 1024w, https://blogsaverroes.juntadeandalucia.es/eilajulianita/files/2024/08/es_cofinanciado_por_la_union_europea_pos-768x161.png 768w, https://blogsaverroes.juntadeandalucia.es/eilajulianita/files/2024/08/es_cofinanciado_por_la_union_europea_pos-1536x322.png 1536w, https://blogsaverroes.juntadeandalucia.es/eilajulianita/files/2024/08/es_cofinanciado_por_la_union_europea_pos-2048x429.png 2048w, https://blogsaverroes.juntadeandalucia.es/eilajulianita/files/2024/08/es_cofinanciado_por_la_union_europea_pos-700x147.png 700w" sizes="(max-width: 362px) 100vw, 362px" /><img loading="lazy" decoding="async" class="wp-image-2823 alignleft" src="https://blogsaverroes.juntadeandalucia.es/eilajulianita/files/2024/08/LOGO-EI-LA-JULIANITA-ERASMUS-300x200.png" alt="" width="314" height="209" srcset="https://blogsaverroes.juntadeandalucia.es/eilajulianita/files/2024/08/LOGO-EI-LA-JULIANITA-ERASMUS-300x200.png 300w, https://blogsaverroes.juntadeandalucia.es/eilajulianita/files/2024/08/LOGO-EI-LA-JULIANITA-ERASMUS-1024x683.png 1024w, https://blogsaverroes.juntadeandalucia.es/eilajulianita/files/2024/08/LOGO-EI-LA-JULIANITA-ERASMUS-768x512.png 768w, https://blogsaverroes.juntadeandalucia.es/eilajulianita/files/2024/08/LOGO-EI-LA-JULIANITA-ERASMUS-1536x1024.png 1536w, https://blogsaverroes.juntadeandalucia.es/eilajulianita/files/2024/08/LOGO-EI-LA-JULIANITA-ERASMUS-700x467.png 700w, https://blogsaverroes.juntadeandalucia.es/eilajulianita/files/2024/08/LOGO-EI-LA-JULIANITA-ERASMUS.png 1800w" sizes="(max-width: 314px) 100vw, 314px" /></p>
<div dir="auto" style="text-align: left"><strong>ERASMUS+</strong></div>
<div class="xdj266r x11i5rnm xat24cr x1mh8g0r x1vvkbs x126k92a">
<div dir="auto">¿Sabes que nuestro centro cuenta con la acreditación Erasmus+?</div>
<div dir="auto">¿Quieres saber cuáles son nuestros <strong>objetivos</strong>?</div>
<div dir="auto">¿Y nuestras <strong>actividades</strong>?</div>
<div dir="auto">Síguenos en nuestras <strong>redes sociales</strong>, <strong>comenta</strong> nuestras publicaciones, pasa por el centro, <strong>consulta</strong> nuestro corner Erasmus+, <strong>pregunta</strong> a nuestros/as docentes.</div>
<div dir="auto"><strong>Participa y colabora</strong> en nuestras actividades.</div>
<div dir="auto"><img loading="lazy" decoding="async" class="alignnone size-medium wp-image-2824 aligncenter" src="https://blogsaverroes.juntadeandalucia.es/eilajulianita/files/2024/08/erasmus-ENRIQUECIENDO-VIDAS-ABRIENDO-MENTES-300x79.png" alt="" width="300" height="79" srcset="https://blogsaverroes.juntadeandalucia.es/eilajulianita/files/2024/08/erasmus-ENRIQUECIENDO-VIDAS-ABRIENDO-MENTES-300x79.png 300w, https://blogsaverroes.juntadeandalucia.es/eilajulianita/files/2024/08/erasmus-ENRIQUECIENDO-VIDAS-ABRIENDO-MENTES-768x203.png 768w, https://blogsaverroes.juntadeandalucia.es/eilajulianita/files/2024/08/erasmus-ENRIQUECIENDO-VIDAS-ABRIENDO-MENTES-700x185.png 700w, https://blogsaverroes.juntadeandalucia.es/eilajulianita/files/2024/08/erasmus-ENRIQUECIENDO-VIDAS-ABRIENDO-MENTES.png 1000w" sizes="(max-width: 300px) 100vw, 300px" /></div>
</div>
<div class="x11i5rnm xat24cr x1mh8g0r x1vvkbs xtlvy1s x126k92a">
<div dir="auto">Nos podéis seguir también en nuestro <a href="https://www.facebook.com/profile.php?id=100055657225577">facebook</a>:&nbsp;</div>
<div dir="auto">&nbsp;</div>
</div>
<div class="x11i5rnm xat24cr x1mh8g0r x1vvkbs xtlvy1s x126k92a">
<div dir="auto">El proyecto “<strong>2022-1-ES01-KA120-SCH-000109546</strong>” está cofinanciado por la Unión Europea. Las opiniones y puntos de vista expresados (en esta nota de prensa/comunicado/publicación/etc.) sólo comprometen a su(s) autor(es): <strong>E.I &#8220;La Julianita&#8221;</strong> y no reflejan necesariamente los de la Unión Europea ni los del Servicio Español para la Internacionalización de la Educación (SEPIE). Ni la Unión Europea ni la Agencia Nacional SEPIE pueden ser considerados responsables de ellos.</div>
<div dir="auto">&nbsp;</div>
</div>
<div class="x11i5rnm xat24cr x1mh8g0r x1vvkbs xtlvy1s x126k92a">
<div dir="auto">Si queréis saber mucho más acerca de este apasionante programa, podéis consultar toda la información en la web de SEPIE: <span class="html-span xdj266r x11i5rnm xat24cr x1mh8g0r xexx8yu x4uap5 x18d9i69 xkhd6sd x1hl2dhg x16tdsg8 x1vvkbs"><a class="x1i10hfl xjbqb8w x1ejq31n xd10rxx x1sy0etr x17r0tee x972fbf xcfux6l x1qhh985 xm0m39n x9f619 x1ypdohk xt0psk2 xe8uvvx xdj266r x11i5rnm xat24cr x1mh8g0r xexx8yu x4uap5 x18d9i69 xkhd6sd x16tdsg8 x1hl2dhg xggy1nq x1a2a7pz x1sur9pj xkrqix3 x1fey0fg" role="link" href="https://l.facebook.com/l.php?u=http%3A%2F%2Fwww.sepie.es%2F%3Ffbclid%3DIwZXh0bgNhZW0CMTAAAR1yR6lhuZZDprp1yoOXFS1_hfUiXafNtgyyKrld4DldO-5y0KM_mbPPpXk_aem_rQqK7ESq_EYDbabthBO1TQ&amp;h=AT05NDq5f8MKBY_ftdx5uhTW4tfhcd0TMoClopcc-l3XPErbuanReRS7oYq70KD26A5zbCsR7KuZ0EmLJXcoaswSS9hQIjLXEOveazoOFN--iulTOqDQ0Qj8aHRqv2uRnrDA&amp;__tn__=-UK-R&amp;c[0]=AT05zZzDajhnaUeUgvtTN-ardd8GYUNB2JdpycS96ee_DXo2h4wfampwvywszJWb7ftUEZWkJOvvba0L6gqGiQ-mdlD4mNwqfc_rNPR90Hrnp5hGLaWn_StTAnwrGpgKEqsc4PDM4W2FUocVdhR4qzg0Fyaa4djTAgoNyFQ-xg2ArPTJoYCKt4B_h7TWggrPKPu94YQcwiE" target="_blank" rel="nofollow noopener noreferrer">www.sepie.es</a></span></div>
</div>
<p><img loading="lazy" decoding="async" class="alignnone size-medium wp-image-2825 aligncenter" src="https://blogsaverroes.juntadeandalucia.es/eilajulianita/files/2024/08/SEPIE_erasmus_plus-GIF-300x111.gif" alt="" width="300" height="111"></p>
<p>&nbsp;</p>

<p>ERASMUS+ ¿Sabes que nuestro centro cuenta con la acreditación Erasmus+? ¿Quieres saber cuáles son nuestros objetivos? ¿Y nuestras actividades? Síguenos en nuestras redes sociales, comenta nuestras publicaciones, pasa por el centro, consulta nuestro corner&#46;&#46;&#46;</p>
