{"id":424,"date":"2015-03-20T07:05:20","date_gmt":"2015-03-20T07:05:20","guid":{"rendered":"http:\/\/blogsaverroes.juntadeandalucia.es\/pre\/ceip\/?page_id=424"},"modified":"2019-02-14T12:51:00","modified_gmt":"2019-02-14T12:51:00","slug":"educacion-infantil","status":"publish","type":"page","link":"https:\/\/blogsaverroes.juntadeandalucia.es\/eirocinante\/educacion-infantil\/","title":{"rendered":"LAS BANDEJAS DE EXPERIMENTACI\u00d3N"},"content":{"rendered":"<p style=\"text-align: center\"><strong>LAS BANDEJAS DE&nbsp; EXPERIMENTACI\u00d3N<\/strong><\/p>\n<p>&nbsp;<\/p>\n<p>Los ni\u00f1os\/as de esta edad muestran una gran curiosidad por el mundo que les rodea y les gusta investigar y poder realizar actividades por ellos mismos.&nbsp; La manipulaci\u00f3n y la experimentaci\u00f3n son dos aspectos b\u00e1sicos&nbsp; en el proceso de descubrimiento de los ni\u00f1os\/as y por lo tanto, para su aprendizaje.<\/p>\n<p>Las bandejas de experimentaci\u00f3n son un paso m\u00e1s all\u00e1 del cesto de los tesoros (0-1 a\u00f1os) y del juego heur\u00edstico (1-2 a\u00f1os). Son una forma de posibilitar a los ni\u00f1os y ni\u00f1as experiencias sensoriales en las que aparecen nociones l\u00f3gico-matem\u00e1ticas.<\/p>\n<p>Con esta actividad los ni\u00f1os desarrollan sus percepciones sensoriales, aumentan su capacidad de imaginaci\u00f3n y concentraci\u00f3n, investigan, experimentan y descubren las consecuencias de utilizar diversos objetos con los diferentes m<a href=\"https:\/\/blogsaverroes.juntadeandalucia.es\/eirocinante\/files\/2015\/03\/BANDEJAS-PIXELADAS.jpg\"><img loading=\"lazy\" decoding=\"async\" class=\"alignright wp-image-2541\" src=\"https:\/\/blogsaverroes.juntadeandalucia.es\/eirocinante\/files\/2015\/03\/BANDEJAS-PIXELADAS-300x225.jpg\" alt=\"\" width=\"407\" height=\"305\" srcset=\"https:\/\/blogsaverroes.juntadeandalucia.es\/eirocinante\/files\/2015\/03\/BANDEJAS-PIXELADAS-300x225.jpg 300w, https:\/\/blogsaverroes.juntadeandalucia.es\/eirocinante\/files\/2015\/03\/BANDEJAS-PIXELADAS-768x576.jpg 768w, https:\/\/blogsaverroes.juntadeandalucia.es\/eirocinante\/files\/2015\/03\/BANDEJAS-PIXELADAS-1024x768.jpg 1024w, https:\/\/blogsaverroes.juntadeandalucia.es\/eirocinante\/files\/2015\/03\/BANDEJAS-PIXELADAS-700x525.jpg 700w, https:\/\/blogsaverroes.juntadeandalucia.es\/eirocinante\/files\/2015\/03\/BANDEJAS-PIXELADAS-24x18.jpg 24w, https:\/\/blogsaverroes.juntadeandalucia.es\/eirocinante\/files\/2015\/03\/BANDEJAS-PIXELADAS-36x27.jpg 36w, https:\/\/blogsaverroes.juntadeandalucia.es\/eirocinante\/files\/2015\/03\/BANDEJAS-PIXELADAS-48x36.jpg 48w, https:\/\/blogsaverroes.juntadeandalucia.es\/eirocinante\/files\/2015\/03\/BANDEJAS-PIXELADAS.jpg 1600w\" sizes=\"(max-width: 407px) 100vw, 407px\" \/><\/a>ateriales: \u00bfqu\u00e9 herramienta es m\u00e1s v\u00e1lida? \u00bfQu\u00e9 dificultad supone trasladar materiales utilizando objetos abiertos por los dos lados? \u00bfQu\u00e9 ocurre cuando se utilizan coladores con diferentes materiales?<\/p>\n<p>A trav\u00e9s de estos materiales el ni\u00f1o\/a aumenta y desarrolla su nivel de&nbsp; concentraci\u00f3n y de imaginaci\u00f3n. Los ni\u00f1os\/as crean sus propias hip\u00f3tesis haci\u00e9ndose preguntas como: \u201c\u00bfqu\u00e9 es esto?, \u00bfqu\u00e9 puedo hacer con esto? \u00bfPara qu\u00e9 sirve?, \u00bfqu\u00e9 pasar\u00eda si\u2026?\u201d<\/p>\n<p>De esta manera les estamos ofreciendo a los ni\u00f1os\/as la posibilidad de ir estructurando su mente haciendo varias hip\u00f3tesis sobre la forma de actuar de los materiales, as\u00ed como de comenzar a ser capaces de establecer ciertas relaciones causa-efecto y nociones l\u00f3gico-matem\u00e1ticas.<\/p>\n<p><strong>Los objetivos que nos proponemos como escuela a trav\u00e9s de esta actividad son los siguientes:<\/strong><\/p>\n<p><a href=\"https:\/\/blogsaverroes.juntadeandalucia.es\/eirocinante\/files\/2015\/03\/BANDEJAS-HARINA-PIXELADA-2.jpg\"><img loading=\"lazy\" decoding=\"async\" class=\"alignleft wp-image-2543\" src=\"https:\/\/blogsaverroes.juntadeandalucia.es\/eirocinante\/files\/2015\/03\/BANDEJAS-HARINA-PIXELADA-2-300x276.jpg\" alt=\"\" width=\"366\" height=\"338\" srcset=\"https:\/\/blogsaverroes.juntadeandalucia.es\/eirocinante\/files\/2015\/03\/BANDEJAS-HARINA-PIXELADA-2-300x276.jpg 300w, https:\/\/blogsaverroes.juntadeandalucia.es\/eirocinante\/files\/2015\/03\/BANDEJAS-HARINA-PIXELADA-2-768x707.jpg 768w, https:\/\/blogsaverroes.juntadeandalucia.es\/eirocinante\/files\/2015\/03\/BANDEJAS-HARINA-PIXELADA-2-1024x943.jpg 1024w, https:\/\/blogsaverroes.juntadeandalucia.es\/eirocinante\/files\/2015\/03\/BANDEJAS-HARINA-PIXELADA-2-700x645.jpg 700w, https:\/\/blogsaverroes.juntadeandalucia.es\/eirocinante\/files\/2015\/03\/BANDEJAS-HARINA-PIXELADA-2-24x22.jpg 24w, https:\/\/blogsaverroes.juntadeandalucia.es\/eirocinante\/files\/2015\/03\/BANDEJAS-HARINA-PIXELADA-2-36x33.jpg 36w, https:\/\/blogsaverroes.juntadeandalucia.es\/eirocinante\/files\/2015\/03\/BANDEJAS-HARINA-PIXELADA-2-48x44.jpg 48w, https:\/\/blogsaverroes.juntadeandalucia.es\/eirocinante\/files\/2015\/03\/BANDEJAS-HARINA-PIXELADA-2.jpg 1600w\" sizes=\"(max-width: 366px) 100vw, 366px\" \/><\/a><\/p>\n<ul>\n<li>Aumentar y desarrollar el nivel de concentraci\u00f3n e imaginaci\u00f3n en nuestros ni\u00f1os y ni\u00f1as.<\/li>\n<li>Favorecer la creaci\u00f3n de sus propias hip\u00f3tesis, haci\u00e9ndose preguntas como:\n<ul>\n<li>\u00bfqu\u00e9 es esto?<\/li>\n<li>\u00bfqu\u00e9 puedo hacer con esto?<\/li>\n<li>\u00bfpara qu\u00e9 sirve?<\/li>\n<li>\u00bfqu\u00e9 pasar\u00eda si\u2026.?<\/li>\n<\/ul>\n<\/li>\n<\/ul>\n<p>Es un inicio al pensamiento cient\u00edfico.<\/p>\n<ul>\n<li>Iniciar a los ni\u00f1os y a las ni\u00f1as en la l\u00f3gica-matem\u00e1tica, a trav\u00e9s de diferentes combinaciones, observaciones, clasificaciones, comparaciones, seriaciones, agrupaciones\u2026<\/li>\n<li>Fomentar el lenguaje oral<\/li>\n<li>Favorecer el respeto hacia los compa\u00f1eros\/as y los materiales.<\/li>\n<li>Favorece el desarrollo de la psicomotricidad fina<\/li>\n<\/ul>\n<p>Esta actividad estimula los cinco sentidos y est\u00e1 \u00edntimamente relacionada con la generaci\u00f3n de nuevas conexiones neuronales.<\/p>\n<p>Y lo m\u00e1s importante de todo es que&nbsp; el ni\u00f1o es el protagonista de sus propios aprendizajes y descubrimientos.<\/p>\n<p><strong>Planificaci\u00f3n de la actividad<\/strong><\/p>\n<p>La actividad consta de dos partes:<\/p>\n<ol>\n<li>Desarrollo propio de la actividad<\/li>\n<li>Recogida del material<\/li>\n<\/ol>\n<p>&nbsp;<\/p>\n<ol>\n<li>Desarrollo de la actividad:<\/li>\n<\/ol>\n<p>Se trabaja en grupos de 6-7 ni\u00f1os\/as como m\u00e1ximo. El aula se prepara con las bandejas encima de las mesas y sin sillas, pues los ni\u00f1os\/as trabajan de pie. Cada uno tendr\u00e1 su propia <a href=\"https:\/\/blogsaverroes.juntadeandalucia.es\/eirocinante\/files\/2015\/03\/BANDEJAS-HARINA-PIXELADA.jpg\"><img loading=\"lazy\" decoding=\"async\" class=\"alignleft wp-image-2542\" src=\"https:\/\/blogsaverroes.juntadeandalucia.es\/eirocinante\/files\/2015\/03\/BANDEJAS-HARINA-PIXELADA-300x225.jpg\" alt=\"\" width=\"400\" height=\"300\" srcset=\"https:\/\/blogsaverroes.juntadeandalucia.es\/eirocinante\/files\/2015\/03\/BANDEJAS-HARINA-PIXELADA-300x225.jpg 300w, https:\/\/blogsaverroes.juntadeandalucia.es\/eirocinante\/files\/2015\/03\/BANDEJAS-HARINA-PIXELADA-768x576.jpg 768w, https:\/\/blogsaverroes.juntadeandalucia.es\/eirocinante\/files\/2015\/03\/BANDEJAS-HARINA-PIXELADA-1024x768.jpg 1024w, https:\/\/blogsaverroes.juntadeandalucia.es\/eirocinante\/files\/2015\/03\/BANDEJAS-HARINA-PIXELADA-700x525.jpg 700w, https:\/\/blogsaverroes.juntadeandalucia.es\/eirocinante\/files\/2015\/03\/BANDEJAS-HARINA-PIXELADA-24x18.jpg 24w, https:\/\/blogsaverroes.juntadeandalucia.es\/eirocinante\/files\/2015\/03\/BANDEJAS-HARINA-PIXELADA-36x27.jpg 36w, https:\/\/blogsaverroes.juntadeandalucia.es\/eirocinante\/files\/2015\/03\/BANDEJAS-HARINA-PIXELADA-48x36.jpg 48w, https:\/\/blogsaverroes.juntadeandalucia.es\/eirocinante\/files\/2015\/03\/BANDEJAS-HARINA-PIXELADA.jpg 1600w\" sizes=\"(max-width: 400px) 100vw, 400px\" \/><\/a>bandeja con los materiales y objetos propuestos.<\/p>\n<p>Los materiales&nbsp; ser\u00e1n tan variados como queramos, nosotras utilizamos: harina, pan rallado, arroz, legumbres, pasta\u2026<\/p>\n<p>Los objetos deben ser variados y sugerentes de acciones: vasos, cucharas, coladores, tubos, embudos, botes\u2026<\/p>\n<p>Les concedemos a los ni\u00f1os\/as total libertad para decidir qu\u00e9 tiempo de observaci\u00f3n necesitan para comenzar con la actividad. La idea es dejar que el ni\u00f1o\/a juegue libremente sin ninguna restricci\u00f3n, ellos ir\u00e1n probando sus propias acciones, no hay que dirigirles.<\/p>\n<p>&nbsp;<\/p>\n<ol start=\"2\">\n<li>Recogida del material<\/li>\n<\/ol>\n<p>Otra parte importante de esta actividad es la recogida del material despu\u00e9s del juego. Los ni\u00f1os\/as se responsabilizar\u00e1n de guardar los objetos utilizados en el lugar que se haya designado para ello, fomentando con ellos el cuidado y respeto hacia el material. Los ni\u00f1os\/as, dentro de sus posibilidades, ayudar\u00e1n a limpiar las mesas y el suelo y a volver a dejar la clase como estaba antes de comenzar la actividad.<a href=\"https:\/\/blogsaverroes.juntadeandalucia.es\/eirocinante\/files\/2015\/03\/pixelada-barriendo-despues-bandejas.jpg\"><img loading=\"lazy\" decoding=\"async\" class=\"wp-image-2567 size-medium alignleft\" src=\"https:\/\/blogsaverroes.juntadeandalucia.es\/eirocinante\/files\/2015\/03\/pixelada-barriendo-despues-bandejas-265x300.jpg\" alt=\"\" width=\"265\" height=\"300\" srcset=\"https:\/\/blogsaverroes.juntadeandalucia.es\/eirocinante\/files\/2015\/03\/pixelada-barriendo-despues-bandejas-265x300.jpg 265w, https:\/\/blogsaverroes.juntadeandalucia.es\/eirocinante\/files\/2015\/03\/pixelada-barriendo-despues-bandejas-768x869.jpg 768w, https:\/\/blogsaverroes.juntadeandalucia.es\/eirocinante\/files\/2015\/03\/pixelada-barriendo-despues-bandejas-905x1024.jpg 905w, https:\/\/blogsaverroes.juntadeandalucia.es\/eirocinante\/files\/2015\/03\/pixelada-barriendo-despues-bandejas-700x792.jpg 700w, https:\/\/blogsaverroes.juntadeandalucia.es\/eirocinante\/files\/2015\/03\/pixelada-barriendo-despues-bandejas-21x24.jpg 21w, https:\/\/blogsaverroes.juntadeandalucia.es\/eirocinante\/files\/2015\/03\/pixelada-barriendo-despues-bandejas-32x36.jpg 32w, https:\/\/blogsaverroes.juntadeandalucia.es\/eirocinante\/files\/2015\/03\/pixelada-barriendo-despues-bandejas-42x48.jpg 42w, https:\/\/blogsaverroes.juntadeandalucia.es\/eirocinante\/files\/2015\/03\/pixelada-barriendo-despues-bandejas.jpg 1414w\" sizes=\"(max-width: 265px) 100vw, 265px\" \/><\/a><\/p>\n<p>&nbsp;<\/p>\n","protected":false},"excerpt":{"rendered":"<p>LAS BANDEJAS DE&nbsp; EXPERIMENTACI\u00d3N &nbsp; Los ni\u00f1os\/as de esta edad muestran una gran curiosidad por el mundo que les rodea y les gusta investigar y poder realizar actividades por ellos mismos.&nbsp; La manipulaci\u00f3n y la experimentaci\u00f3n son dos aspectos b\u00e1sicos&nbsp; en el proceso de descubrimiento de los ni\u00f1os\/as y por lo tanto, para su aprendizaje. &hellip; <\/p>\n<p><a class=\"more-link btn\" href=\"https:\/\/blogsaverroes.juntadeandalucia.es\/eirocinante\/educacion-infantil\/\">Seguir leyendo<\/a><\/p>\n","protected":false},"author":1,"featured_media":0,"parent":0,"menu_order":0,"comment_status":"closed","ping_status":"open","template":"","meta":{"ngg_post_thumbnail":0,"footnotes":"","_mc_calendar":[]},"aioseo_notices":[],"_links":{"self":[{"href":"https:\/\/blogsaverroes.juntadeandalucia.es\/eirocinante\/wp-json\/wp\/v2\/pages\/424"}],"collection":[{"href":"https:\/\/blogsaverroes.juntadeandalucia.es\/eirocinante\/wp-json\/wp\/v2\/pages"}],"about":[{"href":"https:\/\/blogsaverroes.juntadeandalucia.es\/eirocinante\/wp-json\/wp\/v2\/types\/page"}],"author":[{"embeddable":true,"href":"https:\/\/blogsaverroes.juntadeandalucia.es\/eirocinante\/wp-json\/wp\/v2\/users\/1"}],"replies":[{"embeddable":true,"href":"https:\/\/blogsaverroes.juntadeandalucia.es\/eirocinante\/wp-json\/wp\/v2\/comments?post=424"}],"version-history":[{"count":7,"href":"https:\/\/blogsaverroes.juntadeandalucia.es\/eirocinante\/wp-json\/wp\/v2\/pages\/424\/revisions"}],"predecessor-version":[{"id":2470,"href":"https:\/\/blogsaverroes.juntadeandalucia.es\/eirocinante\/wp-json\/wp\/v2\/pages\/424\/revisions\/2470"}],"wp:attachment":[{"href":"https:\/\/blogsaverroes.juntadeandalucia.es\/eirocinante\/wp-json\/wp\/v2\/media?parent=424"}],"curies":[{"name":"wp","href":"https:\/\/api.w.org\/{rel}","templated":true}]}}