{"id":55,"date":"2022-11-01T11:38:01","date_gmt":"2022-11-01T11:38:01","guid":{"rendered":"https:\/\/blogsaverroes.juntadeandalucia.es\/eisanjuan\/?page_id=55"},"modified":"2022-11-01T11:38:01","modified_gmt":"2022-11-01T11:38:01","slug":"nuestra-historia","status":"publish","type":"page","link":"https:\/\/blogsaverroes.juntadeandalucia.es\/eisanjuan\/nuestra-historia\/","title":{"rendered":"Nuestra historia"},"content":{"rendered":"<p>A lo largo de nuestra historia no siempre nos hemos llamado igual, al principio era una Guarder\u00eda Infantil, posteriormente, Centro de Atenci\u00f3n Educativa y en la actualidad escuela infantil.&nbsp;<\/p>\n<p>Esta andadura surgi\u00f3 de la iniciativa del p\u00e1rroco de la Iglesia de san Juan en 1.974 para ayudar a las familias del barrio. En su construcci\u00f3n colaboraron casi todos los vecinos, de aquella \u00e9poca, aportando no solo su trabajo sino&nbsp; tambi\u00e9n&nbsp; peque\u00f1as donaciones mensuales, en la medida de sus posibilidades, muy motivados por el&nbsp; \u201ccura\u201d que era lo que se puede considerar&nbsp; un \u201ccura obrero\u201d muy implicado en su labor de ayuda. Se deduce de todo esto que \u201cLa Guarder\u00eda\u201d entonces era gestionada por la iglesia que ped\u00eda ayuda a las instituciones hasta que fue asumida por el antiguo \u201c Auxilio Social\u201d despu\u00e9s al INAS a partir de aqu\u00ed ya no fue gestionada por la Iglesia pasando a ser gestionada \u00edntegramente por la administraci\u00f3n.<\/p>\n<p>Con todo esto queremos exponer que llevamos muchos a\u00f1os de andadura en la labor educativa, por este centro han pasado much@s alumn@s y familias y gracias a tod@s y cada una de ell@s esta escuela infantil ha llegado a ser un lugar entra\u00f1able donde cada miembro es \u00fanico e irreemplazable, de ah\u00ed la confianza que en nosotr@s ponen antiguos alumnos trayendo a sus hijos, incluso no viviendo ya en el barrio.<\/p>\n<p>&nbsp;<\/p>\n<p>&nbsp;<\/p>\n","protected":false},"excerpt":{"rendered":"<p>A lo largo de nuestra historia no siempre nos hemos llamado igual, al principio era una Guarder\u00eda Infantil, posteriormente, Centro de Atenci\u00f3n Educativa y en la actualidad escuela infantil.&nbsp; Esta andadura surgi\u00f3 de la&#46;&#46;&#46;<\/p>\n","protected":false},"author":14928,"featured_media":0,"parent":0,"menu_order":0,"comment_status":"closed","ping_status":"closed","template":"","meta":{"ngg_post_thumbnail":0,"footnotes":""},"aioseo_notices":[],"_links":{"self":[{"href":"https:\/\/blogsaverroes.juntadeandalucia.es\/eisanjuan\/wp-json\/wp\/v2\/pages\/55"}],"collection":[{"href":"https:\/\/blogsaverroes.juntadeandalucia.es\/eisanjuan\/wp-json\/wp\/v2\/pages"}],"about":[{"href":"https:\/\/blogsaverroes.juntadeandalucia.es\/eisanjuan\/wp-json\/wp\/v2\/types\/page"}],"author":[{"embeddable":true,"href":"https:\/\/blogsaverroes.juntadeandalucia.es\/eisanjuan\/wp-json\/wp\/v2\/users\/14928"}],"replies":[{"embeddable":true,"href":"https:\/\/blogsaverroes.juntadeandalucia.es\/eisanjuan\/wp-json\/wp\/v2\/comments?post=55"}],"version-history":[{"count":2,"href":"https:\/\/blogsaverroes.juntadeandalucia.es\/eisanjuan\/wp-json\/wp\/v2\/pages\/55\/revisions"}],"predecessor-version":[{"id":57,"href":"https:\/\/blogsaverroes.juntadeandalucia.es\/eisanjuan\/wp-json\/wp\/v2\/pages\/55\/revisions\/57"}],"wp:attachment":[{"href":"https:\/\/blogsaverroes.juntadeandalucia.es\/eisanjuan\/wp-json\/wp\/v2\/media?parent=55"}],"curies":[{"name":"wp","href":"https:\/\/api.w.org\/{rel}","templated":true}]}}

<p>A lo largo de nuestra historia no siempre nos hemos llamado igual, al principio era una Guardería Infantil, posteriormente, Centro de Atención Educativa y en la actualidad escuela infantil.&nbsp;</p>
<p>Esta andadura surgió de la iniciativa del párroco de la Iglesia de san Juan en 1.974 para ayudar a las familias del barrio. En su construcción colaboraron casi todos los vecinos, de aquella época, aportando no solo su trabajo sino&nbsp; también&nbsp; pequeñas donaciones mensuales, en la medida de sus posibilidades, muy motivados por el&nbsp; “cura” que era lo que se puede considerar&nbsp; un “cura obrero” muy implicado en su labor de ayuda. Se deduce de todo esto que “La Guardería” entonces era gestionada por la iglesia que pedía ayuda a las instituciones hasta que fue asumida por el antiguo “ Auxilio Social” después al INAS a partir de aquí ya no fue gestionada por la Iglesia pasando a ser gestionada íntegramente por la administración.</p>
<p>Con todo esto queremos exponer que llevamos muchos años de andadura en la labor educativa, por este centro han pasado much@s alumn@s y familias y gracias a tod@s y cada una de ell@s esta escuela infantil ha llegado a ser un lugar entrañable donde cada miembro es único e irreemplazable, de ahí la confianza que en nosotr@s ponen antiguos alumnos trayendo a sus hijos, incluso no viviendo ya en el barrio.</p>
<p>&nbsp;</p>
<p>&nbsp;</p>

<p>A lo largo de nuestra historia no siempre nos hemos llamado igual, al principio era una Guardería Infantil, posteriormente, Centro de Atención Educativa y en la actualidad escuela infantil.&nbsp; Esta andadura surgió de la&#46;&#46;&#46;</p>
