{"id":3357,"date":"2024-11-01T20:55:20","date_gmt":"2024-11-01T20:55:20","guid":{"rendered":"https:\/\/blogsaverroes.juntadeandalucia.es\/eisantamaria\/?page_id=3357"},"modified":"2025-11-16T21:57:36","modified_gmt":"2025-11-16T21:57:36","slug":"el-bosque-de-las-palabras","status":"publish","type":"page","link":"https:\/\/blogsaverroes.juntadeandalucia.es\/eisantamaria\/el-bosque-de-las-palabras\/","title":{"rendered":"El Bosque de las Palabras"},"content":{"rendered":"<p><a href=\"https:\/\/blogsaverroes.juntadeandalucia.es\/eisantamaria\/files\/2024\/11\/el-bosque-de-las-palabras.jpg\"><img fetchpriority=\"high\" decoding=\"async\" class=\"aligncenter wp-image-3358\" src=\"https:\/\/blogsaverroes.juntadeandalucia.es\/eisantamaria\/files\/2024\/11\/el-bosque-de-las-palabras-300x300.jpg\" alt=\"\" width=\"450\" height=\"450\" srcset=\"https:\/\/blogsaverroes.juntadeandalucia.es\/eisantamaria\/files\/2024\/11\/el-bosque-de-las-palabras-300x300.jpg 300w, https:\/\/blogsaverroes.juntadeandalucia.es\/eisantamaria\/files\/2024\/11\/el-bosque-de-las-palabras-1024x1024.jpg 1024w, https:\/\/blogsaverroes.juntadeandalucia.es\/eisantamaria\/files\/2024\/11\/el-bosque-de-las-palabras-150x150.jpg 150w, https:\/\/blogsaverroes.juntadeandalucia.es\/eisantamaria\/files\/2024\/11\/el-bosque-de-las-palabras-768x768.jpg 768w, https:\/\/blogsaverroes.juntadeandalucia.es\/eisantamaria\/files\/2024\/11\/el-bosque-de-las-palabras.jpg 1120w\" sizes=\"(max-width: 450px) 100vw, 450px\" \/><\/a>Consideramos esta actividad como la central en el proyecto que la Escuela Infantil \u00abSanta Mar\u00eda\u00bb y el CEIP \u00abMesas de Asta\u00bb estamos desarrollando bajo el t\u00edtulo \u00abAPRENDIENDO JUNTOS. Educaci\u00f3n de 0 a 12 a\u00f1os\u00bb<\/p>\n<p>EL BOSQUE DE LAS PALABRAS llevar\u00e1 a grupos del alumnado del CEIP a compartir cuentos y lecturas con los ni\u00f1os y ni\u00f1as de la Escuela Infantil en un entorno natural como es el denominado <em>\u00abRecreo del Padre Fidel\u00bb<\/em> localizado en la misma Escuela Infantil.<\/p>\n<p>En esta p\u00e1gina iremos incluyendo informaci\u00f3n sobre el desarrollo de esta actividad que est\u00e1 programada para todos los jueves del curso. Se iniciar\u00e1 el 30 de octubre durante el desarrollo de la Fiesta de los productos t\u00edpicos del oto\u00f1o.<\/p>\n<hr>\n<p><a href=\"https:\/\/blogsaverroes.juntadeandalucia.es\/eisantamaria\/files\/2024\/11\/Castanera-Felipa-portada.jpg\"><img decoding=\"async\" class=\"wp-image-3387 aligncenter\" src=\"https:\/\/blogsaverroes.juntadeandalucia.es\/eisantamaria\/files\/2024\/11\/Castanera-Felipa-portada-150x150.jpg\" alt=\"\" width=\"115\" height=\"162\" srcset=\"https:\/\/blogsaverroes.juntadeandalucia.es\/eisantamaria\/files\/2024\/11\/Castanera-Felipa-portada-212x300.jpg 212w, https:\/\/blogsaverroes.juntadeandalucia.es\/eisantamaria\/files\/2024\/11\/Castanera-Felipa-portada-724x1024.jpg 724w, https:\/\/blogsaverroes.juntadeandalucia.es\/eisantamaria\/files\/2024\/11\/Castanera-Felipa-portada-768x1086.jpg 768w, https:\/\/blogsaverroes.juntadeandalucia.es\/eisantamaria\/files\/2024\/11\/Castanera-Felipa-portada-1086x1536.jpg 1086w, https:\/\/blogsaverroes.juntadeandalucia.es\/eisantamaria\/files\/2024\/11\/Castanera-Felipa-portada.jpg 1131w\" sizes=\"(max-width: 115px) 100vw, 115px\" \/><\/a>Por fin el pasado 4 de noviembre y tras el aplazamiento por la lluvia el alumnado del CEIP pudo regalarnos este cuento que encaja perfectamente con el ambiente oto\u00f1al. Se titula <em>\u00abLa Casta\u00f1era Felipa\u00bb<\/em> y sus autoras son Bel Olid y Merc\u00e9 Canals. Est\u00e1 publicado en la Editorial Combel<\/p>\n<p><a href=\"https:\/\/blogsaverroes.juntadeandalucia.es\/eisantamaria\/files\/2024\/11\/Como-se-llaman-las-ninas-flamencas.jpg\"><img decoding=\"async\" class=\"aligncenter wp-image-3392\" src=\"https:\/\/blogsaverroes.juntadeandalucia.es\/eisantamaria\/files\/2024\/11\/Como-se-llaman-las-ninas-flamencas.jpg\" alt=\"\" width=\"170\" height=\"116\"><\/a><\/p>\n<p>El segundo cuento, que el alumnado de primaria del CEIP, nos ha brindado ha sido este precioso cuento titulado <em>\u00ab\u00bfC\u00f3mo se llaman las NI\u00f1as Flamencas?\u00bb<\/em> de Susana Subirana y Montse Ganges publicado en la Editorial Combel y que nos sirve para reforzar la celebraci\u00f3n del D\u00eda del Flamenco<\/p>\n<p><a href=\"https:\/\/blogsaverroes.juntadeandalucia.es\/eisantamaria\/files\/2025\/02\/Portada-pollo-Pepe.jpg\"><img loading=\"lazy\" decoding=\"async\" class=\"size-thumbnail wp-image-3435 aligncenter\" src=\"https:\/\/blogsaverroes.juntadeandalucia.es\/eisantamaria\/files\/2025\/02\/Portada-pollo-Pepe-150x150.jpg\" alt=\"\" width=\"150\" height=\"150\" srcset=\"https:\/\/blogsaverroes.juntadeandalucia.es\/eisantamaria\/files\/2025\/02\/Portada-pollo-Pepe-150x150.jpg 150w, https:\/\/blogsaverroes.juntadeandalucia.es\/eisantamaria\/files\/2025\/02\/Portada-pollo-Pepe-1015x1024.jpg 1015w, https:\/\/blogsaverroes.juntadeandalucia.es\/eisantamaria\/files\/2025\/02\/Portada-pollo-Pepe-768x775.jpg 768w, https:\/\/blogsaverroes.juntadeandalucia.es\/eisantamaria\/files\/2025\/02\/Portada-pollo-Pepe-1523x1536.jpg 1523w, https:\/\/blogsaverroes.juntadeandalucia.es\/eisantamaria\/files\/2025\/02\/Portada-pollo-Pepe-2031x2048.jpg 2031w, https:\/\/blogsaverroes.juntadeandalucia.es\/eisantamaria\/files\/2025\/02\/Portada-pollo-Pepe.jpg 1586w\" sizes=\"(max-width: 150px) 100vw, 150px\" \/><\/a><\/p>\n<p>Nueva entrega en estas sesiones de cuentos, los alumnos del CEIP nos han brindado con un cuento que les entusiasma a nuestros peques, <em>\u00abEl Pollo Pepe\u00bb&nbsp;&nbsp;<\/em>de Nick Denchfiel y Ant Parker, publicado en SM<\/p>\n<p><a href=\"https:\/\/blogsaverroes.juntadeandalucia.es\/eisantamaria\/files\/2025\/02\/A-que-sabe-la-luna.jpg\"><img loading=\"lazy\" decoding=\"async\" class=\"aligncenter wp-image-3436\" src=\"https:\/\/blogsaverroes.juntadeandalucia.es\/eisantamaria\/files\/2025\/02\/A-que-sabe-la-luna.jpg\" alt=\"\" width=\"150\" height=\"223\" srcset=\"https:\/\/blogsaverroes.juntadeandalucia.es\/eisantamaria\/files\/2025\/02\/A-que-sabe-la-luna.jpg 300w, https:\/\/blogsaverroes.juntadeandalucia.es\/eisantamaria\/files\/2025\/02\/A-que-sabe-la-luna-202x300.jpg 202w\" sizes=\"(max-width: 150px) 100vw, 150px\" \/><\/a>Coincidiendo con nuestra situaci\u00f3n de aprendizaje dedicada a los sabores, los alumnos de CEIP de Mesas de Asta nos han ofrecido el cuento&nbsp;<em>\u00ab\u00bfA qu\u00e9 sabe la luna?\u00bb <\/em>de Michael Grejniec de la editorial Kalandraka<\/p>\n","protected":false},"excerpt":{"rendered":"<p>Consideramos esta actividad como la central en el proyecto que la Escuela Infantil \u00abSanta Mar\u00eda\u00bb y el CEIP \u00abMesas de Asta\u00bb estamos desarrollando bajo el t\u00edtulo \u00abAPRENDIENDO JUNTOS. Educaci\u00f3n de 0 a 12 a\u00f1os\u00bb EL BOSQUE DE LAS PALABRAS llevar\u00e1 a grupos del alumnado del CEIP a compartir cuentos y lecturas con los ni\u00f1os y [&hellip;]<\/p>\n","protected":false},"author":10660,"featured_media":0,"parent":0,"menu_order":0,"comment_status":"closed","ping_status":"closed","template":"","meta":{"ngg_post_thumbnail":0,"footnotes":"","_mc_calendar":[]},"aioseo_notices":[],"_links":{"self":[{"href":"https:\/\/blogsaverroes.juntadeandalucia.es\/eisantamaria\/wp-json\/wp\/v2\/pages\/3357"}],"collection":[{"href":"https:\/\/blogsaverroes.juntadeandalucia.es\/eisantamaria\/wp-json\/wp\/v2\/pages"}],"about":[{"href":"https:\/\/blogsaverroes.juntadeandalucia.es\/eisantamaria\/wp-json\/wp\/v2\/types\/page"}],"author":[{"embeddable":true,"href":"https:\/\/blogsaverroes.juntadeandalucia.es\/eisantamaria\/wp-json\/wp\/v2\/users\/10660"}],"replies":[{"embeddable":true,"href":"https:\/\/blogsaverroes.juntadeandalucia.es\/eisantamaria\/wp-json\/wp\/v2\/comments?post=3357"}],"version-history":[{"count":18,"href":"https:\/\/blogsaverroes.juntadeandalucia.es\/eisantamaria\/wp-json\/wp\/v2\/pages\/3357\/revisions"}],"predecessor-version":[{"id":3566,"href":"https:\/\/blogsaverroes.juntadeandalucia.es\/eisantamaria\/wp-json\/wp\/v2\/pages\/3357\/revisions\/3566"}],"wp:attachment":[{"href":"https:\/\/blogsaverroes.juntadeandalucia.es\/eisantamaria\/wp-json\/wp\/v2\/media?parent=3357"}],"curies":[{"name":"wp","href":"https:\/\/api.w.org\/{rel}","templated":true}]}}

<p><a href="https://blogsaverroes.juntadeandalucia.es/eisantamaria/files/2024/11/el-bosque-de-las-palabras.jpg"><img fetchpriority="high" decoding="async" class="aligncenter wp-image-3358" src="https://blogsaverroes.juntadeandalucia.es/eisantamaria/files/2024/11/el-bosque-de-las-palabras-300x300.jpg" alt="" width="450" height="450" srcset="https://blogsaverroes.juntadeandalucia.es/eisantamaria/files/2024/11/el-bosque-de-las-palabras-300x300.jpg 300w, https://blogsaverroes.juntadeandalucia.es/eisantamaria/files/2024/11/el-bosque-de-las-palabras-1024x1024.jpg 1024w, https://blogsaverroes.juntadeandalucia.es/eisantamaria/files/2024/11/el-bosque-de-las-palabras-150x150.jpg 150w, https://blogsaverroes.juntadeandalucia.es/eisantamaria/files/2024/11/el-bosque-de-las-palabras-768x768.jpg 768w, https://blogsaverroes.juntadeandalucia.es/eisantamaria/files/2024/11/el-bosque-de-las-palabras.jpg 1120w" sizes="(max-width: 450px) 100vw, 450px" /></a>Consideramos esta actividad como la central en el proyecto que la Escuela Infantil «Santa María» y el CEIP «Mesas de Asta» estamos desarrollando bajo el título «APRENDIENDO JUNTOS. Educación de 0 a 12 años»</p>
<p>EL BOSQUE DE LAS PALABRAS llevará a grupos del alumnado del CEIP a compartir cuentos y lecturas con los niños y niñas de la Escuela Infantil en un entorno natural como es el denominado <em>«Recreo del Padre Fidel»</em> localizado en la misma Escuela Infantil.</p>
<p>En esta página iremos incluyendo información sobre el desarrollo de esta actividad que está programada para todos los jueves del curso. Se iniciará el 30 de octubre durante el desarrollo de la Fiesta de los productos típicos del otoño.</p>
<hr>
<p><a href="https://blogsaverroes.juntadeandalucia.es/eisantamaria/files/2024/11/Castanera-Felipa-portada.jpg"><img decoding="async" class="wp-image-3387 aligncenter" src="https://blogsaverroes.juntadeandalucia.es/eisantamaria/files/2024/11/Castanera-Felipa-portada-150x150.jpg" alt="" width="115" height="162" srcset="https://blogsaverroes.juntadeandalucia.es/eisantamaria/files/2024/11/Castanera-Felipa-portada-212x300.jpg 212w, https://blogsaverroes.juntadeandalucia.es/eisantamaria/files/2024/11/Castanera-Felipa-portada-724x1024.jpg 724w, https://blogsaverroes.juntadeandalucia.es/eisantamaria/files/2024/11/Castanera-Felipa-portada-768x1086.jpg 768w, https://blogsaverroes.juntadeandalucia.es/eisantamaria/files/2024/11/Castanera-Felipa-portada-1086x1536.jpg 1086w, https://blogsaverroes.juntadeandalucia.es/eisantamaria/files/2024/11/Castanera-Felipa-portada.jpg 1131w" sizes="(max-width: 115px) 100vw, 115px" /></a>Por fin el pasado 4 de noviembre y tras el aplazamiento por la lluvia el alumnado del CEIP pudo regalarnos este cuento que encaja perfectamente con el ambiente otoñal. Se titula <em>«La Castañera Felipa»</em> y sus autoras son Bel Olid y Mercé Canals. Está publicado en la Editorial Combel</p>
<p><a href="https://blogsaverroes.juntadeandalucia.es/eisantamaria/files/2024/11/Como-se-llaman-las-ninas-flamencas.jpg"><img decoding="async" class="aligncenter wp-image-3392" src="https://blogsaverroes.juntadeandalucia.es/eisantamaria/files/2024/11/Como-se-llaman-las-ninas-flamencas.jpg" alt="" width="170" height="116"></a></p>
<p>El segundo cuento, que el alumnado de primaria del CEIP, nos ha brindado ha sido este precioso cuento titulado <em>«¿Cómo se llaman las NIñas Flamencas?»</em> de Susana Subirana y Montse Ganges publicado en la Editorial Combel y que nos sirve para reforzar la celebración del Día del Flamenco</p>
<p><a href="https://blogsaverroes.juntadeandalucia.es/eisantamaria/files/2025/02/Portada-pollo-Pepe.jpg"><img loading="lazy" decoding="async" class="size-thumbnail wp-image-3435 aligncenter" src="https://blogsaverroes.juntadeandalucia.es/eisantamaria/files/2025/02/Portada-pollo-Pepe-150x150.jpg" alt="" width="150" height="150" srcset="https://blogsaverroes.juntadeandalucia.es/eisantamaria/files/2025/02/Portada-pollo-Pepe-150x150.jpg 150w, https://blogsaverroes.juntadeandalucia.es/eisantamaria/files/2025/02/Portada-pollo-Pepe-1015x1024.jpg 1015w, https://blogsaverroes.juntadeandalucia.es/eisantamaria/files/2025/02/Portada-pollo-Pepe-768x775.jpg 768w, https://blogsaverroes.juntadeandalucia.es/eisantamaria/files/2025/02/Portada-pollo-Pepe-1523x1536.jpg 1523w, https://blogsaverroes.juntadeandalucia.es/eisantamaria/files/2025/02/Portada-pollo-Pepe-2031x2048.jpg 2031w, https://blogsaverroes.juntadeandalucia.es/eisantamaria/files/2025/02/Portada-pollo-Pepe.jpg 1586w" sizes="(max-width: 150px) 100vw, 150px" /></a></p>
<p>Nueva entrega en estas sesiones de cuentos, los alumnos del CEIP nos han brindado con un cuento que les entusiasma a nuestros peques, <em>«El Pollo Pepe»&nbsp;&nbsp;</em>de Nick Denchfiel y Ant Parker, publicado en SM</p>
<p><a href="https://blogsaverroes.juntadeandalucia.es/eisantamaria/files/2025/02/A-que-sabe-la-luna.jpg"><img loading="lazy" decoding="async" class="aligncenter wp-image-3436" src="https://blogsaverroes.juntadeandalucia.es/eisantamaria/files/2025/02/A-que-sabe-la-luna.jpg" alt="" width="150" height="223" srcset="https://blogsaverroes.juntadeandalucia.es/eisantamaria/files/2025/02/A-que-sabe-la-luna.jpg 300w, https://blogsaverroes.juntadeandalucia.es/eisantamaria/files/2025/02/A-que-sabe-la-luna-202x300.jpg 202w" sizes="(max-width: 150px) 100vw, 150px" /></a>Coincidiendo con nuestra situación de aprendizaje dedicada a los sabores, los alumnos de CEIP de Mesas de Asta nos han ofrecido el cuento&nbsp;<em>«¿A qué sabe la luna?» </em>de Michael Grejniec de la editorial Kalandraka</p>

<p>Consideramos esta actividad como la central en el proyecto que la Escuela Infantil «Santa María» y el CEIP «Mesas de Asta» estamos desarrollando bajo el título «APRENDIENDO JUNTOS. Educación de 0 a 12 años» EL BOSQUE DE LAS PALABRAS llevará a grupos del alumnado del CEIP a compartir cuentos y lecturas con los niños y [&hellip;]</p>
