{"id":3367,"date":"2024-11-02T20:14:05","date_gmt":"2024-11-02T20:14:05","guid":{"rendered":"https:\/\/blogsaverroes.juntadeandalucia.es\/eisantamaria\/?page_id=3367"},"modified":"2025-11-16T21:40:27","modified_gmt":"2025-11-16T21:40:27","slug":"aprendiendo-juntos","status":"publish","type":"page","link":"https:\/\/blogsaverroes.juntadeandalucia.es\/eisantamaria\/aprendiendo-juntos\/","title":{"rendered":"Aprendiendo Juntos"},"content":{"rendered":"<h1 style=\"text-align: center\"><span style=\"color: #0000ff\"><strong>APRENDIENDO JUNTOS. Educaci\u00f3n de 0 a 12 a\u00f1os<\/strong><\/span><\/h1>\n<p style=\"text-align: left\"><span style=\"color: #0000ff\"><strong><a href=\"https:\/\/blogsaverroes.juntadeandalucia.es\/eisantamaria\/files\/2024\/11\/WhatsApp-Image-2024-11-04-at-19.24.53.jpeg\"><img fetchpriority=\"high\" decoding=\"async\" class=\"aligncenter wp-image-3384 size-medium\" src=\"https:\/\/blogsaverroes.juntadeandalucia.es\/eisantamaria\/files\/2024\/11\/WhatsApp-Image-2024-11-04-at-19.24.53-300x300.jpeg\" alt=\"\" width=\"300\" height=\"300\" srcset=\"https:\/\/blogsaverroes.juntadeandalucia.es\/eisantamaria\/files\/2024\/11\/WhatsApp-Image-2024-11-04-at-19.24.53-300x300.jpeg 300w, https:\/\/blogsaverroes.juntadeandalucia.es\/eisantamaria\/files\/2024\/11\/WhatsApp-Image-2024-11-04-at-19.24.53-150x150.jpeg 150w, https:\/\/blogsaverroes.juntadeandalucia.es\/eisantamaria\/files\/2024\/11\/WhatsApp-Image-2024-11-04-at-19.24.53.jpeg 500w\" sizes=\"(max-width: 300px) 100vw, 300px\" \/><\/a><\/strong><\/span>Este es un programa por el que dos centros de Mesas de Asta, barriada rural de Jerez de la Fra., la Escuela Infantil \u00abSanta Mar\u00eda\u00bb y el Colegio de Educaci\u00f3n Infantil y Primaria \u00abMesas de Asta\u00bb, se unen en diferentes actividades comunes que permiten a este entorno local tener un proceso educativo que va desde los cero a\u00f1os hasta los doce.<\/p>\n<p>El alumnado puede empezar su escolarizaci\u00f3n en la Escuela Infantil a partir de las 16 semanas y hasta los tres a\u00f1os y continuar en el CEIP a partir de los tres a\u00f1os y hasta los doce, recorriendo as\u00ed el primer ciclo de educaci\u00f3n infantil, continuando con el segundo ciclo, y el posterior cambio de etapa a primaria.<\/p>\n<p>Esta oferta permite que los primeros a\u00f1os de la vida de un ni\u00f1o o ni\u00f1a, se encuentre escolarizado en un entorno natural y lleno de beneficios que aporta la baja ratio y las metodolog\u00edas educativas que ambos centros ofertan.<\/p>\n<p>En los siguientes enlaces se puede obtener informaci\u00f3n de las diferentes actividades comunes que iremos desarrollando<\/p>\n<h4 class=\"entry-title\" style=\"text-align: left\"><em><a href=\"https:\/\/blogsaverroes.juntadeandalucia.es\/eisantamaria\/files\/2024\/11\/el-bosque-de-las-palabras.jpg\"><img decoding=\"async\" class=\"size-thumbnail wp-image-3358 alignleft\" src=\"https:\/\/blogsaverroes.juntadeandalucia.es\/eisantamaria\/files\/2024\/11\/el-bosque-de-las-palabras-150x150.jpg\" alt=\"\" width=\"150\" height=\"150\" srcset=\"https:\/\/blogsaverroes.juntadeandalucia.es\/eisantamaria\/files\/2024\/11\/el-bosque-de-las-palabras-150x150.jpg 150w, https:\/\/blogsaverroes.juntadeandalucia.es\/eisantamaria\/files\/2024\/11\/el-bosque-de-las-palabras-300x300.jpg 300w, https:\/\/blogsaverroes.juntadeandalucia.es\/eisantamaria\/files\/2024\/11\/el-bosque-de-las-palabras-1024x1024.jpg 1024w, https:\/\/blogsaverroes.juntadeandalucia.es\/eisantamaria\/files\/2024\/11\/el-bosque-de-las-palabras-768x768.jpg 768w, https:\/\/blogsaverroes.juntadeandalucia.es\/eisantamaria\/files\/2024\/11\/el-bosque-de-las-palabras.jpg 1120w\" sizes=\"(max-width: 150px) 100vw, 150px\" \/><\/a><\/em><\/h4>\n<h4>&nbsp;<\/h4>\n<h4>&nbsp;<\/h4>\n<h4 class=\"entry-title\" style=\"text-align: left\"><em><a href=\"https:\/\/blogsaverroes.juntadeandalucia.es\/eisantamaria\/el-bosque-de-las-palabras\/\">EL BOSQUE DE LAS PALABRAS<\/a><\/em><\/h4>\n","protected":false},"excerpt":{"rendered":"<p>APRENDIENDO JUNTOS. Educaci\u00f3n de 0 a 12 a\u00f1os Este es un programa por el que dos centros de Mesas de Asta, barriada rural de Jerez de la Fra., la Escuela Infantil \u00abSanta Mar\u00eda\u00bb y el Colegio de Educaci\u00f3n Infantil y Primaria \u00abMesas de Asta\u00bb, se unen en diferentes actividades comunes que permiten a este entorno [&hellip;]<\/p>\n","protected":false},"author":10660,"featured_media":0,"parent":0,"menu_order":0,"comment_status":"closed","ping_status":"closed","template":"","meta":{"ngg_post_thumbnail":0,"footnotes":"","_mc_calendar":[]},"aioseo_notices":[],"_links":{"self":[{"href":"https:\/\/blogsaverroes.juntadeandalucia.es\/eisantamaria\/wp-json\/wp\/v2\/pages\/3367"}],"collection":[{"href":"https:\/\/blogsaverroes.juntadeandalucia.es\/eisantamaria\/wp-json\/wp\/v2\/pages"}],"about":[{"href":"https:\/\/blogsaverroes.juntadeandalucia.es\/eisantamaria\/wp-json\/wp\/v2\/types\/page"}],"author":[{"embeddable":true,"href":"https:\/\/blogsaverroes.juntadeandalucia.es\/eisantamaria\/wp-json\/wp\/v2\/users\/10660"}],"replies":[{"embeddable":true,"href":"https:\/\/blogsaverroes.juntadeandalucia.es\/eisantamaria\/wp-json\/wp\/v2\/comments?post=3367"}],"version-history":[{"count":7,"href":"https:\/\/blogsaverroes.juntadeandalucia.es\/eisantamaria\/wp-json\/wp\/v2\/pages\/3367\/revisions"}],"predecessor-version":[{"id":3562,"href":"https:\/\/blogsaverroes.juntadeandalucia.es\/eisantamaria\/wp-json\/wp\/v2\/pages\/3367\/revisions\/3562"}],"wp:attachment":[{"href":"https:\/\/blogsaverroes.juntadeandalucia.es\/eisantamaria\/wp-json\/wp\/v2\/media?parent=3367"}],"curies":[{"name":"wp","href":"https:\/\/api.w.org\/{rel}","templated":true}]}}