{"id":35,"date":"2015-03-13T08:21:43","date_gmt":"2015-03-13T08:21:43","guid":{"rendered":"http:\/\/blogsaverroes.juntadeandalucia.es\/pre\/ceip\/?page_id=35"},"modified":"2022-01-19T15:06:50","modified_gmt":"2022-01-19T15:06:50","slug":"el-centro-2","status":"publish","type":"page","link":"https:\/\/blogsaverroes.juntadeandalucia.es\/eisantamaria\/el-centro-2\/","title":{"rendered":"Datos del centro"},"content":{"rendered":"<p><iframe src=\"https:\/\/www.google.com\/maps\/embed?pb=!1m18!1m12!1m3!1d1295.7943958458745!2d-6.17427544762492!3d36.789018316692264!2m3!1f0!2f0!3f0!3m2!1i1024!2i768!4f13.1!3m3!1m2!1s0xd0dc6a59f8d8b43%3A0x99c1b6f07da1c6a8!2sEscuela%20Infantil%20Santa%20Mar%C3%ADa!5e0!3m2!1ses!2ses!4v1601294060661!5m2!1ses!2ses\" width=\"600\" height=\"450\" frameborder=\"0\"><\/iframe><\/p>\n<h4><strong>Datos de contacto<\/strong><\/h4>\n<p style=\"text-align: center\">Escuela Infantil \u00abSanta Mar\u00eda\u00bb<\/p>\n<p style=\"text-align: center\"><strong>Direcci\u00f3n:<\/strong>&nbsp; Avenida de la Fuente n\u00ba 1. 11590. Mesas de Asta-Jerez de la frontera (C\u00e1diz)<\/p>\n<p style=\"text-align: center\"><strong>Tel\u00e9fono \/ FAX:&nbsp; <\/strong>856 811 700&nbsp; \/&nbsp; 856811701<br \/>\n<strong>Email:<\/strong> 11011287.edu@juntadeandalucia.es<\/p>\n<h4><strong>Horarios<\/strong><\/h4>\n<p style=\"text-align: center\">Aula matinal de 7:30 a 9:00<\/p>\n<p style=\"text-align: center\">Jornada habitual de 9:00 a 17:00<\/p>\n<h4><strong>Oferta educativa<\/strong><\/h4>\n<p style=\"text-align: center\">Centro en exclusiva para el primer ciclo de educaci\u00f3n infantil. De 0 a 3 a\u00f1os<\/p>\n<h4><strong>Instalaciones<\/strong><\/h4>\n<p>Nuestro Centro cuenta con cuatro aulas: 1 unidad de cero a\u00f1os, 1 unidad de 1 a\u00f1o y 2 unidades de 2 a\u00f1os.<\/p>\n<p>Disponemos de comedor, cocina propia, sala de usos m\u00faltiples y 2 amplios patios, adem\u00e1s de despachos y sala de reuniones.<\/p>\n","protected":false},"excerpt":{"rendered":"<p>Datos de contacto Escuela Infantil \u00abSanta Mar\u00eda\u00bb Direcci\u00f3n:&nbsp; Avenida de la Fuente n\u00ba 1. 11590. Mesas de Asta-Jerez de la frontera (C\u00e1diz) Tel\u00e9fono \/ FAX:&nbsp; 856 811 700&nbsp; \/&nbsp; 856811701 Email: 11011287.edu@juntadeandalucia.es Horarios Aula matinal de 7:30 a 9:00 Jornada habitual de 9:00 a 17:00 Oferta educativa Centro en exclusiva para el primer ciclo de [&hellip;]<\/p>\n","protected":false},"author":1,"featured_media":0,"parent":0,"menu_order":0,"comment_status":"closed","ping_status":"open","template":"page-c.php","meta":{"ngg_post_thumbnail":0,"footnotes":"","_mc_calendar":[]},"aioseo_notices":[],"_links":{"self":[{"href":"https:\/\/blogsaverroes.juntadeandalucia.es\/eisantamaria\/wp-json\/wp\/v2\/pages\/35"}],"collection":[{"href":"https:\/\/blogsaverroes.juntadeandalucia.es\/eisantamaria\/wp-json\/wp\/v2\/pages"}],"about":[{"href":"https:\/\/blogsaverroes.juntadeandalucia.es\/eisantamaria\/wp-json\/wp\/v2\/types\/page"}],"author":[{"embeddable":true,"href":"https:\/\/blogsaverroes.juntadeandalucia.es\/eisantamaria\/wp-json\/wp\/v2\/users\/1"}],"replies":[{"embeddable":true,"href":"https:\/\/blogsaverroes.juntadeandalucia.es\/eisantamaria\/wp-json\/wp\/v2\/comments?post=35"}],"version-history":[{"count":27,"href":"https:\/\/blogsaverroes.juntadeandalucia.es\/eisantamaria\/wp-json\/wp\/v2\/pages\/35\/revisions"}],"predecessor-version":[{"id":2443,"href":"https:\/\/blogsaverroes.juntadeandalucia.es\/eisantamaria\/wp-json\/wp\/v2\/pages\/35\/revisions\/2443"}],"wp:attachment":[{"href":"https:\/\/blogsaverroes.juntadeandalucia.es\/eisantamaria\/wp-json\/wp\/v2\/media?parent=35"}],"curies":[{"name":"wp","href":"https:\/\/api.w.org\/{rel}","templated":true}]}}